000
CDUS43 KLOT 250640
CLIPWK


CLIMATE REPORT
NATIONAL WEATHER SERVICE CHICAGO IL
140 AM CDT FRI JUL 25 2014


...................................

...THE CHICAGO EXECUTIVE CLIMATE SUMMARY FOR JULY 24 2014...

CLIMATE NORMAL PERIOD 1981 TO 2010
CLIMATE RECORD PERIOD 1996 TO 2014


WEATHER ITEM   OBSERVED TIME   RECORD YEAR NORMAL DEPARTURE LAST
                VALUE   (LST)  VALUE       VALUE  FROM      YEAR
                                                  NORMAL
..................................................................
TEMPERATURE (F)
 YESTERDAY
  MAXIMUM         74    319 PM 102    2005  83     -9       71
  MINIMUM         56    459 AM  50    2000  64     -8       60
  AVERAGE         65                        74     -9       66

PRECIPITATION (IN)
  YESTERDAY        0.00          2.31 2010   0.14  -0.14     0.00
  MONTH TO DATE    1.43                      2.59  -1.16     1.76
  SINCE JUN 1      9.16                      6.30   2.86     8.74
  SINCE JAN 1     18.36                     17.79   0.57    18.70

DEGREE DAYS
 HEATING
  YESTERDAY        0                         0      0        0
  MONTH TO DATE    3                         0      3        1
  SINCE JUN 1     23                        52    -29       58
  SINCE JUL 1      3                         0      3        1

 COOLING
  YESTERDAY        0                         9     -9        1
  MONTH TO DATE  141                       210    -69      257
  SINCE JUN 1    319                       364    -45      408
  SINCE JAN 1    377                       406    -29      489
..................................................................


WIND (MPH)
  RESULTANT WIND SPEED   4   RESULTANT WIND DIRECTION  NE (40)
  HIGHEST WIND SPEED    13   HIGHEST WIND DIRECTION     N (20)
  HIGHEST GUST SPEED    17   HIGHEST GUST DIRECTION    NE (30)
  AVERAGE WIND SPEED     5.8



WEATHER CONDITIONS
 THE FOLLOWING WEATHER WAS RECORDED YESTERDAY.
  NO SIGNIFICANT WEATHER WAS OBSERVED.


..........................................................


THE CHICAGO EXECUTIVE CLIMATE NORMALS FOR TODAY
                         NORMAL    RECORD    YEAR
 MAXIMUM TEMPERATURE (F)   83        98      2012
 MINIMUM TEMPERATURE (F)   64        56      2013
                                             2000


SUNRISE AND SUNSET
JULY 25 2014..........SUNRISE   538 AM CDT   SUNSET   818 PM CDT
JULY 26 2014..........SUNRISE   539 AM CDT   SUNSET   817 PM CDT


-  INDICATES NEGATIVE NUMBERS.
R  INDICATES RECORD WAS SET OR TIED.
MM INDICATES DATA IS MISSING.
T  INDICATES TRACE AMOUNT.




$$
