000
CDUS43 KLOT 020635
CLIPWK


CLIMATE REPORT
NATIONAL WEATHER SERVICE CHICAGO IL
135 AM CDT TUE SEP 2 2014


...................................

...THE CHICAGO EXECUTIVE CLIMATE SUMMARY FOR SEPTEMBER 1 2014...

CLIMATE NORMAL PERIOD 1981 TO 2010
CLIMATE RECORD PERIOD 1996 TO 2014


WEATHER ITEM   OBSERVED TIME   RECORD YEAR NORMAL DEPARTURE LAST
                VALUE   (LST)  VALUE       VALUE  FROM      YEAR
                                                  NORMAL
..................................................................
TEMPERATURE (F)
 YESTERDAY
  MAXIMUM         84    318 PM  94    2011  79      5       86
                                      2000
  MINIMUM         71    801 PM  46    2009  60     11       65
  AVERAGE         78                        70      8       76

PRECIPITATION (IN)
  YESTERDAY        0.10          0.17 2013   0.12  -0.02     0.17
  MONTH TO DATE    0.10                      0.12  -0.02     0.17
  SINCE SEP 1      0.10                      0.12  -0.02     0.17
  SINCE JAN 1     25.62                     22.60   3.02    21.04

DEGREE DAYS
 HEATING
  YESTERDAY        0                         1     -1        0
  MONTH TO DATE    0                         1     -1        0
  SINCE SEP 1      0                         1     -1        0
  SINCE JUL 1      4                        11     -7       10

 COOLING
  YESTERDAY       13                         5      8       11
  MONTH TO DATE   13                         5      8       11
  SINCE SEP 1     13                         5      8       11
  SINCE JAN 1    701                       702     -1      771
..................................................................


WIND (MPH)
  RESULTANT WIND SPEED   9   RESULTANT WIND DIRECTION  SW (210)
  HIGHEST WIND SPEED    20   HIGHEST WIND DIRECTION    SW (240)
  HIGHEST GUST SPEED    26   HIGHEST GUST DIRECTION     W (250)
  AVERAGE WIND SPEED    10.1



WEATHER CONDITIONS
 THE FOLLOWING WEATHER WAS RECORDED YESTERDAY.
  THUNDERSTORM
  LIGHT RAIN
  FOG
  HAZE


..........................................................


THE CHICAGO EXECUTIVE CLIMATE NORMALS FOR TODAY
                         NORMAL    RECORD    YEAR
 MAXIMUM TEMPERATURE (F)   79        95      2008
 MINIMUM TEMPERATURE (F)   60        50      2009
                                             2001


SUNRISE AND SUNSET
SEPTEMBER  2 2014.....SUNRISE   618 AM CDT   SUNSET   724 PM CDT
SEPTEMBER  3 2014.....SUNRISE   619 AM CDT   SUNSET   722 PM CDT


-  INDICATES NEGATIVE NUMBERS.
R  INDICATES RECORD WAS SET OR TIED.
MM INDICATES DATA IS MISSING.
T  INDICATES TRACE AMOUNT.




$$
