000
CDUS41 KGYX 312142
CLIPWM


CLIMATE REPORT
NATIONAL WEATHER SERVICE GRAY ME
442 PM EST SAT JAN 31 2015


...................................

...THE PORTLAND ME CLIMATE SUMMARY FOR JANUARY 31 2015...
VALID TODAY AS OF 0400 PM LOCAL TIME.

CLIMATE NORMAL PERIOD 1981 TO 2010
CLIMATE RECORD PERIOD 1941 TO 2015


WEATHER ITEM   OBSERVED TIME   RECORD YEAR NORMAL DEPARTURE LAST
                VALUE   (LST)  VALUE       VALUE  FROM      YEAR
                                                  NORMAL
..................................................................
TEMPERATURE (F)
 TODAY
  MAXIMUM         22    242 PM  54    2013  32    -10       38
                                      1988
  MINIMUM         13    904 AM -17    1948  14     -1       21
  AVERAGE         18                        23     -5       30

PRECIPITATION (IN)
  TODAY            0.02          0.96 1942   0.10  -0.08     0.00
  MONTH TO DATE    4.67                      3.38   1.29     4.05
  SINCE DEC 1     10.94                      7.40   3.54     8.49
  SINCE JAN 1      4.67                      3.38   1.29     4.05

SNOWFALL (IN)
  TODAY            1.3           6.9  1898   0.6    0.7      0.0
  MONTH TO DATE   40.5                      19.2   21.3     17.6
  SINCE DEC 1     44.1                      32.4   11.7     43.8
  SINCE JUL 1     54.4                      34.3   20.1     44.3
  SNOW DEPTH      18

DEGREE DAYS
 HEATING
  TODAY           47                        42      5       35
  MONTH TO DATE 1352                      1322     30     1342
  SINCE DEC 1   2313                      2445   -132     2593
  SINCE JUL 1   3624                      3936   -312     4044

 COOLING
  TODAY            0                         0      0        0
  MONTH TO DATE    0                         0      0        0
  SINCE DEC 1      0                         0      0        0
  SINCE JAN 1      0                         0      0        0
..................................................................


WIND (MPH)
  HIGHEST WIND SPEED    32   HIGHEST WIND DIRECTION    NW (330)
  HIGHEST GUST SPEED    43   HIGHEST GUST DIRECTION    NW (320)
  AVERAGE WIND SPEED    22.9


SKY COVER
  POSSIBLE SUNSHINE  MM
  AVERAGE SKY COVER 0.8


WEATHER CONDITIONS
 THE FOLLOWING WEATHER WAS RECORDED TODAY.
  LIGHT SNOW
  HAZE
  BLOWING SNOW


RELATIVE HUMIDITY (PERCENT)
 HIGHEST    80           300 AM
 LOWEST     34           400 PM
 AVERAGE    57

..........................................................


THE PORTLAND ME CLIMATE NORMALS FOR TOMORROW
                         NORMAL    RECORD    YEAR
 MAXIMUM TEMPERATURE (F)   32        63      1989
 MINIMUM TEMPERATURE (F)   14       -19      1954


SUNRISE AND SUNSET
JANUARY 31 2015.......SUNRISE   659 AM EST   SUNSET   451 PM EST
FEBRUARY  1 2015......SUNRISE   658 AM EST   SUNSET   452 PM EST


-  INDICATES NEGATIVE NUMBERS.
R  INDICATES RECORD WAS SET OR TIED.
MM INDICATES DATA IS MISSING.
T  INDICATES TRACE AMOUNT.




$$
