000
CDUS41 KGYX 250814
CLIPWM


CLIMATE REPORT
NATIONAL WEATHER SERVICE GRAY ME
414 AM EDT SAT MAR 25 2017


...................................

...THE PORTLAND ME CLIMATE SUMMARY FOR MARCH 24 2017...

CLIMATE NORMAL PERIOD 1981 TO 2010
CLIMATE RECORD PERIOD 1941 TO 2017


WEATHER ITEM   OBSERVED TIME   RECORD YEAR NORMAL DEPARTURE LAST
                VALUE   (LST)  VALUE       VALUE  FROM      YEAR
                                                  NORMAL
..................................................................
TEMPERATURE (F)
 YESTERDAY
  MAXIMUM         36    953 AM  63    1987  45     -9       37
  MINIMUM         22    344 AM  11    2014  28     -6       28
  AVERAGE         29                        36     -7       33

PRECIPITATION (IN)
  YESTERDAY        0.28          1.71 1953   0.15   0.13     0.06
  MONTH TO DATE    2.07                      3.24  -1.17     3.29
  SINCE MAR 1      2.07                      3.24  -1.17     3.29
  SINCE JAN 1     10.27                      9.87   0.40    10.83

SNOWFALL (IN)
  YESTERDAY        0.6           9.9  1897   0.4    0.2      0.3
  MONTH TO DATE   18.2                      10.8    7.4      7.1
  SINCE MAR 1     18.2                      10.8    7.4      7.1
  SINCE JUL 1     84.4                      57.2   27.2     48.1
  SNOW DEPTH       5

DEGREE DAYS
 HEATING
  YESTERDAY       36                        29      7       32
  MONTH TO DATE  909                       783    126      660
  SINCE MAR 1    909                       783    126      660
  SINCE JUL 1   5387                      5825   -438     4951

 COOLING
  YESTERDAY        0                         0      0        0
  MONTH TO DATE    0                         0      0        0
  SINCE MAR 1      0                         0      0        0
  SINCE JAN 1      0                         0      0        0
..................................................................


WIND (MPH)
  RESULTANT WIND SPEED   6   RESULTANT WIND DIRECTION   S (200)
  HIGHEST WIND SPEED    22   HIGHEST WIND DIRECTION    SW (210)
  HIGHEST GUST SPEED    30   HIGHEST GUST DIRECTION    SW (220)
  AVERAGE WIND SPEED     6.2


SKY COVER
  AVERAGE SKY COVER 0.9


WEATHER CONDITIONS
 THE FOLLOWING WEATHER WAS RECORDED YESTERDAY.
  LIGHT RAIN
  LIGHT SNOW
  SLEET
  FOG
  HAZE


RELATIVE HUMIDITY (PERCENT)
 HIGHEST   100           800 PM
 LOWEST     42           500 AM
 AVERAGE    71

..........................................................


THE PORTLAND ME CLIMATE NORMALS FOR TODAY
                         NORMAL    RECORD    YEAR
 MAXIMUM TEMPERATURE (F)   45        64      1987
 MINIMUM TEMPERATURE (F)   28         0      1956


SUNRISE AND SUNSET
MARCH 25 2017.........SUNRISE   635 AM EDT   SUNSET   700 PM EDT
MARCH 26 2017.........SUNRISE   633 AM EDT   SUNSET   701 PM EDT


-  INDICATES NEGATIVE NUMBERS.
R  INDICATES RECORD WAS SET OR TIED.
MM INDICATES DATA IS MISSING.
T  INDICATES TRACE AMOUNT.




$$
