457
CDUS41 KGYX 300811
CLIPWM


CLIMATE REPORT
NATIONAL WEATHER SERVICE GRAY ME
410 AM EDT SAT APR 30 2016


...................................

...THE PORTLAND ME CLIMATE SUMMARY FOR APRIL 29 2016...

CLIMATE NORMAL PERIOD 1981 TO 2010
CLIMATE RECORD PERIOD 1941 TO 2016


WEATHER ITEM   OBSERVED TIME   RECORD YEAR NORMAL DEPARTURE LAST
                VALUE   (LST)  VALUE       VALUE  FROM      YEAR
                                                  NORMAL
..................................................................
TEMPERATURE (F)
 YESTERDAY
  MAXIMUM         49    253 PM  82    1974  58     -9       57
  MINIMUM         33    546 AM  24    1963  39     -6       45
  AVERAGE         41                        49     -8       51

PRECIPITATION (IN)
  YESTERDAY        0.00          2.23 2008   0.15  -0.15      T
  MONTH TO DATE    1.56                      4.17  -2.61     5.03
  SINCE MAR 1      5.93                      8.41  -2.48     6.82
  SINCE JAN 1     13.47                     15.04  -1.57    14.30

SNOWFALL (IN)
  YESTERDAY        0.0           1.1  1987   0.0    0.0      0.0
  MONTH TO DATE    3.7                       2.8    0.9      2.9
  SINCE MAR 1     10.8                      15.5   -4.7      5.3
  SINCE JUL 1     51.8                      61.9  -10.1     94.5
  SNOW DEPTH       0

DEGREE DAYS
 HEATING
  YESTERDAY       24                        16      8       14
  MONTH TO DATE  643                       613     30      588
  SINCE MAR 1   1479                      1589   -110     1658
  SINCE JUL 1   5770                      6631   -861     6712

 COOLING
  YESTERDAY        0                         0      0        0
  MONTH TO DATE    0                         0      0        0
  SINCE MAR 1      0                         0      0        0
  SINCE JAN 1      0                         0      0        0
..................................................................


WIND (MPH)
  RESULTANT WIND SPEED   4   RESULTANT WIND DIRECTION   E (100)
  HIGHEST WIND SPEED    15   HIGHEST WIND DIRECTION     S (160)
  HIGHEST GUST SPEED    20   HIGHEST GUST DIRECTION     S (160)
  AVERAGE WIND SPEED     7.3


SKY COVER
  AVERAGE SKY COVER 0.5


WEATHER CONDITIONS
 THE FOLLOWING WEATHER WAS RECORDED YESTERDAY.
  NO SIGNIFICANT WEATHER WAS OBSERVED.


RELATIVE HUMIDITY (PERCENT)
 HIGHEST    79          1100 PM
 LOWEST     44           200 AM
 AVERAGE    62

..........................................................


THE PORTLAND ME CLIMATE NORMALS FOR TODAY
                         NORMAL    RECORD    YEAR
 MAXIMUM TEMPERATURE (F)   59        82      1985
 MINIMUM TEMPERATURE (F)   39        28      1950


SUNRISE AND SUNSET
APRIL 30 2016.........SUNRISE   534 AM EDT   SUNSET   743 PM EDT
MAY  1 2016...........SUNRISE   533 AM EDT   SUNSET   744 PM EDT


-  INDICATES NEGATIVE NUMBERS.
R  INDICATES RECORD WAS SET OR TIED.
MM INDICATES DATA IS MISSING.
T  INDICATES TRACE AMOUNT.




$$
