000
CDUS41 KGYX 302041
CLIPWM


CLIMATE REPORT
NATIONAL WEATHER SERVICE GRAY ME
441 PM EDT SAT MAY 30 2015


...................................

...THE PORTLAND ME CLIMATE SUMMARY FOR MAY 30 2015...
VALID TODAY AS OF 0400 PM LOCAL TIME.

CLIMATE NORMAL PERIOD 1981 TO 2010
CLIMATE RECORD PERIOD 1941 TO 2015


WEATHER ITEM   OBSERVED TIME   RECORD YEAR NORMAL DEPARTURE LAST
                VALUE   (LST)  VALUE       VALUE  FROM      YEAR
                                                  NORMAL
..................................................................
TEMPERATURE (F)
 TODAY
  MAXIMUM         84    123 PM  86    2011  68     16       64
  MINIMUM         54    518 AM  33    1964  49      5       41
  AVERAGE         69                        58     11       53

PRECIPITATION (IN)
  TODAY            0.00          1.40 1908   0.13  -0.13     0.19
  MONTH TO DATE    1.36                      3.88  -2.52     3.87
  SINCE MAR 1      8.18                     12.44  -4.26    10.90
  SINCE JAN 1     15.66                     19.07  -3.41    19.22

SNOWFALL (IN)
  TODAY            0.0           0.0  2002   0.0    0.0      0.0
                                      2001
                                      2000
  MONTH TO DATE    0.0                       0.1   -0.1       T
  SINCE MAR 1      5.3                      15.6  -10.3      4.9
  SINCE JUL 1     94.5                      62.0   32.5     83.4
  SNOW DEPTH       0

DEGREE DAYS
 HEATING
  TODAY            0                         7     -7       12
  MONTH TO DATE  203                       346   -143      298
  SINCE MAR 1   1875                      1952    -77     2110
  SINCE JUL 1   6929                      6994    -65     7349

 COOLING
  TODAY            4                         1      3        0
  MONTH TO DATE   40                         3     37        0
  SINCE MAR 1     40                         3     37        0
  SINCE JAN 1     40                         3     37        0
..................................................................


WIND (MPH)
  HIGHEST WIND SPEED    20   HIGHEST WIND DIRECTION     S (180)
  HIGHEST GUST SPEED    29   HIGHEST GUST DIRECTION     S (170)
  AVERAGE WIND SPEED     6.8


SKY COVER
  POSSIBLE SUNSHINE  MM
  AVERAGE SKY COVER 0.7


WEATHER CONDITIONS
 THE FOLLOWING WEATHER WAS RECORDED TODAY.
  FOG
  FOG W/VISIBILITY <= 1/4 MILE


RELATIVE HUMIDITY (PERCENT)
 HIGHEST   100           200 AM
 LOWEST     54           100 PM
 AVERAGE    77

..........................................................


THE PORTLAND ME CLIMATE NORMALS FOR TOMORROW
                         NORMAL    RECORD    YEAR
 MAXIMUM TEMPERATURE (F)   68        94      1987
 MINIMUM TEMPERATURE (F)   49        31      1961


SUNRISE AND SUNSET
MAY 30 2015...........SUNRISE   504 AM EDT   SUNSET   814 PM EDT
MAY 31 2015...........SUNRISE   503 AM EDT   SUNSET   815 PM EDT


-  INDICATES NEGATIVE NUMBERS.
R  INDICATES RECORD WAS SET OR TIED.
MM INDICATES DATA IS MISSING.
T  INDICATES TRACE AMOUNT.




$$
