000
CDUS41 KGYX 230803
CLIPWM


CLIMATE REPORT
NATIONAL WEATHER SERVICE GRAY ME
403 AM EDT TUE SEP 23 2014


...................................

...THE PORTLAND ME CLIMATE SUMMARY FOR SEPTEMBER 22 2014...

CLIMATE NORMAL PERIOD 1981 TO 2010
CLIMATE RECORD PERIOD 1941 TO 2014


WEATHER ITEM   OBSERVED TIME   RECORD YEAR NORMAL DEPARTURE LAST
                VALUE   (LST)  VALUE       VALUE  FROM      YEAR
                                                  NORMAL
..................................................................
TEMPERATURE (F)
 YESTERDAY
  MAXIMUM         72   1050 AM  89    1965  68      4       71
  MINIMUM         48   1147 PM  27    1962  48      0       48
  AVERAGE         60                        58      2       60

PRECIPITATION (IN)
  YESTERDAY        0.01          1.21 1983   0.13  -0.12     0.34
  MONTH TO DATE    0.87                      2.56  -1.69     6.72
  SINCE SEP 1      0.87                      2.56  -1.69     6.72
  SINCE JAN 1     39.07                     32.30   6.77    34.94

SNOWFALL (IN)
  YESTERDAY        0.0           0.0  2002   0.0    0.0      0.0
                                      2001
                                      2000
  MONTH TO DATE    0.0                       0.0    0.0      0.0
  SINCE SEP 1      0.0                       0.0    0.0      0.0
  SINCE JUL 1      0.0                       0.0    0.0      0.0
  SNOW DEPTH       0

DEGREE DAYS
 HEATING
  YESTERDAY        5                         8     -3        5
  MONTH TO DATE  132                       100     32      102
  SINCE SEP 1    132                       100     32      102
  SINCE JUL 1    156                       145     11      120

 COOLING
  YESTERDAY        0                         0      0        0
  MONTH TO DATE   42                        27     15       37
  SINCE SEP 1     42                        27     15       37
  SINCE JAN 1    340                       355    -15      454
..................................................................


WIND (MPH)
  RESULTANT WIND SPEED  11   RESULTANT WIND DIRECTION   W (280)
  HIGHEST WIND SPEED    26   HIGHEST WIND DIRECTION     W (290)
  HIGHEST GUST SPEED    33   HIGHEST GUST DIRECTION     W (260)
  AVERAGE WIND SPEED    11.7


SKY COVER
  AVERAGE SKY COVER 0.4


WEATHER CONDITIONS
 THE FOLLOWING WEATHER WAS RECORDED YESTERDAY.
  LIGHT RAIN
  FOG
  FOG W/VISIBILITY <= 1/4 MILE


RELATIVE HUMIDITY (PERCENT)
 HIGHEST   100          1200 AM
 LOWEST     42           200 PM
 AVERAGE    71

..........................................................


THE PORTLAND ME CLIMATE NORMALS FOR TODAY
                         NORMAL    RECORD    YEAR
 MAXIMUM TEMPERATURE (F)   67        86      1941
 MINIMUM TEMPERATURE (F)   47        31      1955


SUNRISE AND SUNSET
SEPTEMBER 23 2014.....SUNRISE   630 AM EDT   SUNSET   637 PM EDT
SEPTEMBER 24 2014.....SUNRISE   631 AM EDT   SUNSET   635 PM EDT


-  INDICATES NEGATIVE NUMBERS.
R  INDICATES RECORD WAS SET OR TIED.
MM INDICATES DATA IS MISSING.
T  INDICATES TRACE AMOUNT.




$$
