000
CDUS41 KGYX 190601
CLIPWM


CLIMATE REPORT
NATIONAL WEATHER SERVICE GRAY ME
100 AM EST FRI JAN 19 2018


...................................

...THE PORTLAND ME CLIMATE SUMMARY FOR JANUARY 17 2018...

CLIMATE NORMAL PERIOD 1981 TO 2010
CLIMATE RECORD PERIOD 1941 TO 2018


WEATHER ITEM   OBSERVED TIME   RECORD YEAR NORMAL DEPARTURE LAST
                VALUE   (LST)  VALUE       VALUE  FROM      YEAR
                                                  NORMAL
..................................................................
TEMPERATURE (F)
 YESTERDAY
  MAXIMUM         29    332 PM  51    1995  31     -2       40
  MINIMUM         25    857 AM -22    1971  13     12       19
  AVERAGE         27                        22      5       30

PRECIPITATION (IN)
  YESTERDAY        0.41          1.81 1920   0.10   0.31     0.02
  MONTH TO DATE    2.42                      1.87   0.55     1.84
  SINCE DEC 1      5.88                      5.89  -0.01     7.15
  SINCE JAN 1      2.42                      1.87   0.55     1.84

SNOWFALL (IN)
  YESTERDAY        6.0          15.9  1979   0.7    5.3      0.2
  MONTH TO DATE   18.9                      10.8    8.1      1.4
  SINCE DEC 1     40.3                      24.0   16.3     20.3
  SINCE JUL 1     40.4                      25.9   14.5     20.8
  SNOW DEPTH       5

DEGREE DAYS
 HEATING
  YESTERDAY       38                        43     -5       35
  MONTH TO DATE  800                       721     79      634
  SINCE DEC 1   2083                      1842    241     1769
  SINCE JUL 1   3248                      3333    -85     3021

 COOLING
  YESTERDAY        0                         0      0        0
  MONTH TO DATE    0                         0      0        0
  SINCE DEC 1      0                         0      0        0
  SINCE JAN 1      0                         0      0        0
..................................................................


WIND (MPH)
  RESULTANT WIND SPEED   5   RESULTANT WIND DIRECTION   E (90)
  HIGHEST WIND SPEED    12   HIGHEST WIND DIRECTION    NE (60)
  HIGHEST GUST SPEED    17   HIGHEST GUST DIRECTION    SE (140)
  AVERAGE WIND SPEED     5.0


SKY COVER
  AVERAGE SKY COVER 1.0


WEATHER CONDITIONS
 THE FOLLOWING WEATHER WAS RECORDED YESTERDAY.
  SNOW
  LIGHT SNOW
  FOG


RELATIVE HUMIDITY (PERCENT)
 HIGHEST   100           100 AM
 LOWEST     92          1200 AM
 AVERAGE    96

..........................................................


THE PORTLAND ME CLIMATE NORMALS FOR TODAY
                         NORMAL    RECORD    YEAR
 MAXIMUM TEMPERATURE (F)   31        58      1990
 MINIMUM TEMPERATURE (F)   13       -22      1971


SUNRISE AND SUNSET
JANUARY 18 2018.......SUNRISE   710 AM EST   SUNSET   434 PM EST
JANUARY 19 2018.......SUNRISE   709 AM EST   SUNSET   435 PM EST


-  INDICATES NEGATIVE NUMBERS.
R  INDICATES RECORD WAS SET OR TIED.
MM INDICATES DATA IS MISSING.
T  INDICATES TRACE AMOUNT.




$$
