000
CDUS41 KGYX 240816
CLIPWM


CLIMATE REPORT
NATIONAL WEATHER SERVICE GRAY ME
415 AM EDT SUN SEP 24 2017


...................................

...THE PORTLAND ME CLIMATE SUMMARY FOR SEPTEMBER 23 2017...

CLIMATE NORMAL PERIOD 1981 TO 2010
CLIMATE RECORD PERIOD 1941 TO 2017


WEATHER ITEM   OBSERVED TIME   RECORD YEAR NORMAL DEPARTURE LAST
                VALUE   (LST)  VALUE       VALUE  FROM      YEAR
                                                  NORMAL
..................................................................
TEMPERATURE (F)
 YESTERDAY
  MAXIMUM         82    133 PM  86    1941  67     15       74
  MINIMUM         56    542 AM  31    1955  47      9       49
  AVERAGE         69                        57     12       62

PRECIPITATION (IN)
  YESTERDAY        0.00          4.04 1994   0.13  -0.13     0.05
  MONTH TO DATE    2.20                      2.69  -0.49     0.62
  SINCE SEP 1      2.20                      2.69  -0.49     0.62
  SINCE JAN 1     32.90                     32.43   0.47    24.15

SNOWFALL (IN)
  YESTERDAY        0.0           0.0  2002   0.0    0.0      0.0
                                      2001
                                      2000
  MONTH TO DATE    0.0                       0.0    0.0      0.0
  SINCE SEP 1      0.0                       0.0    0.0      0.0
  SINCE JUL 1      0.0                       0.0    0.0      0.0
  SNOW DEPTH       0

DEGREE DAYS
 HEATING
  YESTERDAY        0                         8     -8        3
  MONTH TO DATE   40                       108    -68       30
  SINCE SEP 1     40                       108    -68       30
  SINCE JUL 1     73                       153    -80       44

 COOLING
  YESTERDAY        4                         0      4        0
  MONTH TO DATE   35                        27      8       68
  SINCE SEP 1     35                        27      8       68
  SINCE JAN 1    399                       355     44      553
..................................................................


WIND (MPH)
  RESULTANT WIND SPEED   2   RESULTANT WIND DIRECTION   E (110)
  HIGHEST WIND SPEED     9   HIGHEST WIND DIRECTION     S (200)
  HIGHEST GUST SPEED    16   HIGHEST GUST DIRECTION     S (160)
  AVERAGE WIND SPEED     4.3


SKY COVER
  AVERAGE SKY COVER 0.3


WEATHER CONDITIONS
 THE FOLLOWING WEATHER WAS RECORDED YESTERDAY.
  NO SIGNIFICANT WEATHER WAS OBSERVED.


RELATIVE HUMIDITY (PERCENT)
 HIGHEST    84          1100 PM
 LOWEST     39           100 PM
 AVERAGE    62

..........................................................


THE PORTLAND ME CLIMATE NORMALS FOR TODAY
                         NORMAL    RECORD    YEAR
 MAXIMUM TEMPERATURE (F)   67        88      1959
 MINIMUM TEMPERATURE (F)   47        28      1953


SUNRISE AND SUNSET
SEPTEMBER 24 2017.....SUNRISE   631 AM EDT   SUNSET   635 PM EDT
SEPTEMBER 25 2017.....SUNRISE   632 AM EDT   SUNSET   633 PM EDT


-  INDICATES NEGATIVE NUMBERS.
R  INDICATES RECORD WAS SET OR TIED.
MM INDICATES DATA IS MISSING.
T  INDICATES TRACE AMOUNT.




$$
