244
CDUS41 KGYX 220910
CLIPWM


CLIMATE REPORT
NATIONAL WEATHER SERVICE GRAY ME
410 AM EST WED FEB 22 2017


...................................

...THE PORTLAND ME CLIMATE SUMMARY FOR FEBRUARY 21 2017...

CLIMATE NORMAL PERIOD 1981 TO 2010
CLIMATE RECORD PERIOD 1941 TO 2017


WEATHER ITEM   OBSERVED TIME   RECORD YEAR NORMAL DEPARTURE LAST
                VALUE   (LST)  VALUE       VALUE  FROM      YEAR
                                                  NORMAL
..................................................................
TEMPERATURE (F)
 YESTERDAY
  MAXIMUM         37   1159 PM  59    1953  36      1       52
  MINIMUM         15    546 AM  -9    1966  18     -3       29
  AVERAGE         26                        27     -1       41

PRECIPITATION (IN)
  YESTERDAY        0.00          1.06 1898   0.12  -0.12     0.00
  MONTH TO DATE    4.13                      2.37   1.76     2.84
  SINCE DEC 1     13.09                      9.77   3.32    11.55
  SINCE JAN 1      7.78                      5.75   2.03     6.21

SNOWFALL (IN)
  YESTERDAY        0.0          14.5  1929   0.4   -0.4      0.0
  MONTH TO DATE   39.9                       9.1   30.8     19.6
  SINCE DEC 1     65.9                      41.5   24.4     40.1
  SINCE JUL 1     66.4                      43.4   23.0     40.1
  SNOW DEPTH      10

DEGREE DAYS
 HEATING
  YESTERDAY       39                        38      1       24
  MONTH TO DATE  833                       847    -14      792
  SINCE DEC 1   3051                      3292   -241     2793
  SINCE JUL 1   4303                      4783   -480     4039

 COOLING
  YESTERDAY        0                         0      0        0
  MONTH TO DATE    0                         0      0        0
  SINCE DEC 1      0                         0      0        0
  SINCE JAN 1      0                         0      0        0
..................................................................


WIND (MPH)
  RESULTANT WIND SPEED   3   RESULTANT WIND DIRECTION   S (190)
  HIGHEST WIND SPEED    13   HIGHEST WIND DIRECTION     S (160)
  HIGHEST GUST SPEED    15   HIGHEST GUST DIRECTION    SE (140)
  AVERAGE WIND SPEED     5.2


SKY COVER
  AVERAGE SKY COVER 0.2


WEATHER CONDITIONS
 THE FOLLOWING WEATHER WAS RECORDED YESTERDAY.
  NO SIGNIFICANT WEATHER WAS OBSERVED.


RELATIVE HUMIDITY (PERCENT)
 HIGHEST    82          1000 PM
 LOWEST     43          1000 AM
 AVERAGE    63

..........................................................


THE PORTLAND ME CLIMATE NORMALS FOR TODAY
                         NORMAL    RECORD    YEAR
 MAXIMUM TEMPERATURE (F)   36        58      1990
 MINIMUM TEMPERATURE (F)   18        -8      1956


SUNRISE AND SUNSET
FEBRUARY 22 2017......SUNRISE   629 AM EST   SUNSET   521 PM EST
FEBRUARY 23 2017......SUNRISE   627 AM EST   SUNSET   522 PM EST


-  INDICATES NEGATIVE NUMBERS.
R  INDICATES RECORD WAS SET OR TIED.
MM INDICATES DATA IS MISSING.
T  INDICATES TRACE AMOUNT.




$$
