000
CDUS41 KGYX 310803
CLIPWM


CLIMATE REPORT
NATIONAL WEATHER SERVICE GRAY ME
402 AM EDT THU JUL 31 2014


...................................

...THE PORTLAND ME CLIMATE SUMMARY FOR JULY 30 2014...

CLIMATE NORMAL PERIOD 1981 TO 2010
CLIMATE RECORD PERIOD 1941 TO 2014


WEATHER ITEM   OBSERVED TIME   RECORD YEAR NORMAL DEPARTURE LAST
                VALUE   (LST)  VALUE       VALUE  FROM      YEAR
                                                  NORMAL
..................................................................
TEMPERATURE (F)
 YESTERDAY
  MAXIMUM         74    210 PM  98    1949  79     -5       82
  MINIMUM         59   1047 PM  43    1956  60     -1       59
  AVERAGE         67                        70     -3       71

PRECIPITATION (IN)
  YESTERDAY        0.01          1.54 1960   0.12  -0.11     0.00
  MONTH TO DATE    6.12                      3.50   2.62     3.36
  SINCE JUN 1     10.42                      7.29   3.13    10.68
  SINCE JAN 1     29.64                     26.49   3.15    26.48

SNOWFALL (IN)
  YESTERDAY        0.0           0.0  2002   0.0    0.0      0.0
                                      2001
                                      2000
  MONTH TO DATE    0.0                       0.0    0.0      0.0
  SINCE JUN 1      0.0                       0.0    0.0      0.0
  SINCE JUL 1      0.0                       0.0    0.0      0.0
  SNOW DEPTH       0

DEGREE DAYS
 HEATING
  YESTERDAY        0                         0      0        0
  MONTH TO DATE    0                        12    -12        7
  SINCE JUN 1     77                       118    -41       88
  SINCE JUL 1      0                        12    -12        7

 COOLING
  YESTERDAY        2                         5     -3        6
  MONTH TO DATE  158                       140     18      214
  SINCE JUN 1    214                       197     17      297
  SINCE JAN 1    214                       204     10      312
..................................................................


WIND (MPH)
  RESULTANT WIND SPEED   2   RESULTANT WIND DIRECTION   E (70)
  HIGHEST WIND SPEED    10   HIGHEST WIND DIRECTION     S (160)
  HIGHEST GUST SPEED    13   HIGHEST GUST DIRECTION     S (170)
  AVERAGE WIND SPEED     4.8


SKY COVER
  AVERAGE SKY COVER 0.7


WEATHER CONDITIONS
 THE FOLLOWING WEATHER WAS RECORDED YESTERDAY.
  LIGHT RAIN
  FOG
  FOG W/VISIBILITY <= 1/4 MILE


RELATIVE HUMIDITY (PERCENT)
 HIGHEST    97          1100 PM
 LOWEST     61           100 PM
 AVERAGE    79

..........................................................


THE PORTLAND ME CLIMATE NORMALS FOR TODAY
                         NORMAL    RECORD    YEAR
 MAXIMUM TEMPERATURE (F)   79        95      1975
 MINIMUM TEMPERATURE (F)   60        43      1956


SUNRISE AND SUNSET
JULY 31 2014..........SUNRISE   529 AM EDT   SUNSET   805 PM EDT
AUGUST  1 2014........SUNRISE   530 AM EDT   SUNSET   804 PM EDT


-  INDICATES NEGATIVE NUMBERS.
R  INDICATES RECORD WAS SET OR TIED.
MM INDICATES DATA IS MISSING.
T  INDICATES TRACE AMOUNT.




$$
