000
CDUS46 KSGX 291417
CLIRAL


CLIMATE REPORT
NATIONAL WEATHER SERVICE SAN DIEGO, CA
717 AM PDT FRI APR 29 2016


...................................

...THE RIVERSIDE MUNI AIRPORT CA CLIMATE SUMMARY FOR APRIL 28 2016...

CLIMATE NORMAL PERIOD 1981 TO 2010
CLIMATE RECORD PERIOD 1893 TO 2016


WEATHER ITEM   OBSERVED TIME   RECORD YEAR NORMAL DEPARTURE LAST
                VALUE   (LST)  VALUE       VALUE  FROM      YEAR
                                                  NORMAL
..................................................................
TEMPERATURE (F)
 YESTERDAY
  MAXIMUM         69    402 PM 101    1921  78     -9       95
  MINIMUM         55   1159 PM  30    1894  53      2       54
  AVERAGE         62                        65     -3       75

PRECIPITATION (IN)
  YESTERDAY        0.00          0.99 1944   0.03  -0.03     0.00
  MONTH TO DATE    0.44                      0.76  -0.32     0.37
  SINCE OCT 1      5.22                     11.56  -6.34     5.15
  SINCE JAN 1      4.05                      8.75  -4.70     1.92

DEGREE DAYS
 HEATING
  YESTERDAY        3                         2      1        0
  MONTH TO DATE   28                       103    -75       52
  SINCE MAR 1    129                       308   -179      107
  SINCE JUL 1   1006                      1416   -410      714

 COOLING
  YESTERDAY        0                         2     -2       10
  MONTH TO DATE   84                        38     46       52
  SINCE MAR 1    113                        50     63      181
  SINCE JAN 1    189                        59    130      205
..................................................................


WIND (MPH)
  RESULTANT WIND SPEED   2   RESULTANT WIND DIRECTION   W (290)
  HIGHEST WIND SPEED    15   HIGHEST WIND DIRECTION     W (280)
  HIGHEST GUST SPEED    21   HIGHEST GUST DIRECTION     W (290)
  AVERAGE WIND SPEED     3.5


SKY COVER
  POSSIBLE SUNSHINE  MM
  AVERAGE SKY COVER 0.7


WEATHER CONDITIONS
 THE FOLLOWING WEATHER WAS RECORDED YESTERDAY.
  NO SIGNIFICANT WEATHER WAS OBSERVED.


RELATIVE HUMIDITY (PERCENT)
 HIGHEST    66          1100 PM
 LOWEST     39           100 PM
 AVERAGE    53

..........................................................


THE RIVERSIDE MUNI AIRPORT CA CLIMATE NORMALS FOR TODAY
                         NORMAL    RECORD    YEAR
 MAXIMUM TEMPERATURE (F)   78        98      2008
                                             1981
 MINIMUM TEMPERATURE (F)   53        33      1894


SUNRISE AND SUNSET
APRIL 29 2016.........SUNRISE   602 AM PDT   SUNSET   732 PM PDT
APRIL 30 2016.........SUNRISE   601 AM PDT   SUNSET   733 PM PDT


-  INDICATES NEGATIVE NUMBERS.
R  INDICATES RECORD WAS SET OR TIED.
MM INDICATES DATA IS MISSING.
T  INDICATES TRACE AMOUNT.




$$
