000
CDUS46 KSGX 171154
CLIRAL


CLIMATE REPORT
NATIONAL WEATHER SERVICE SAN DIEGO, CA
444 AM PDT TUE OCT 17 2017


...................................

...THE RIVERSIDE MUNI AIRPORT CA CLIMATE SUMMARY FOR OCTOBER 16 2017...

CLIMATE NORMAL PERIOD 1981 TO 2010
CLIMATE RECORD PERIOD 1893 TO 2017


WEATHER ITEM   OBSERVED TIME   RECORD YEAR NORMAL DEPARTURE LAST
                VALUE   (LST)  VALUE       VALUE  FROM      YEAR
                                                  NORMAL
..................................................................
TEMPERATURE (F)
 YESTERDAY
  MAXIMUM         99    146 PM 105    1958  82     17       78
  MINIMUM         59    550 AM  38    1920  55      4       63
  AVERAGE         79                        68     11       71

PRECIPITATION (IN)
  YESTERDAY        0.00          1.15 1936   0.01  -0.01     0.00
  MONTH TO DATE    0.00                      0.09  -0.09     0.00
  SINCE OCT 1      0.00                      0.09  -0.09     0.00
  SINCE JAN 1      8.46                      9.68  -1.22     4.28

DEGREE DAYS
 HEATING
  YESTERDAY        0                         1     -1        0
  MONTH TO DATE    0                         6     -6        0
  SINCE SEP 1      1                         8     -7        0
  SINCE JUL 1      1                         8     -7        0

 COOLING
  YESTERDAY       14                         4     10        6
  MONTH TO DATE  120                        92     28      102
  SINCE SEP 1    467                       426     41      452
  SINCE JAN 1   2115                      1684    431     2121
..................................................................


WIND (MPH)
  RESULTANT WIND SPEED   2   RESULTANT WIND DIRECTION  NE (50)
  HIGHEST WIND SPEED    15   HIGHEST WIND DIRECTION     W (270)
  HIGHEST GUST SPEED    20   HIGHEST GUST DIRECTION     W (260)
  AVERAGE WIND SPEED     4.8


SKY COVER
  POSSIBLE SUNSHINE  MM
  AVERAGE SKY COVER 0.1


WEATHER CONDITIONS
 THE FOLLOWING WEATHER WAS RECORDED YESTERDAY.
  NO SIGNIFICANT WEATHER WAS OBSERVED.


RELATIVE HUMIDITY (PERCENT)
 HIGHEST    31          1100 PM
 LOWEST      6          1100 AM
 AVERAGE    19

..........................................................


THE RIVERSIDE MUNI AIRPORT CA CLIMATE NORMALS FOR TODAY
                         NORMAL    RECORD    YEAR
 MAXIMUM TEMPERATURE (F)   81       103      1958
 MINIMUM TEMPERATURE (F)   55        37      1946


SUNRISE AND SUNSET
OCTOBER 17 2017.......SUNRISE   657 AM PDT   SUNSET   613 PM PDT
OCTOBER 18 2017.......SUNRISE   658 AM PDT   SUNSET   612 PM PDT


-  INDICATES NEGATIVE NUMBERS.
R  INDICATES RECORD WAS SET OR TIED.
MM INDICATES DATA IS MISSING.
T  INDICATES TRACE AMOUNT.




$$
