000
CDUS46 KSGX 141518
CLIRAL


CLIMATE REPORT
NATIONAL WEATHER SERVICE SAN DIEGO, CA
717 AM PST SUN FEB 14 2016


...................................

...THE RIVERSIDE MUNI AIRPORT CA CLIMATE SUMMARY FOR FEBRUARY 13 2016...

CLIMATE NORMAL PERIOD 1981 TO 2010
CLIMATE RECORD PERIOD 1893 TO 2016


WEATHER ITEM   OBSERVED TIME   RECORD YEAR NORMAL DEPARTURE LAST
                VALUE   (LST)  VALUE       VALUE  FROM      YEAR
                                                  NORMAL
..................................................................
TEMPERATURE (F)
 YESTERDAY
  MAXIMUM         83    230 PM  90    1924  67     16       87
  MINIMUM         49    720 AM  25    1948  44      5       50
  AVERAGE         66                        55     11       69

PRECIPITATION (IN)
  YESTERDAY        0.00          0.93 1980   0.13  -0.13     0.00
  MONTH TO DATE    0.00                      1.12  -1.12      T
  SINCE OCT 1      3.76                      6.87  -3.11     3.81
  SINCE JAN 1      2.59                      4.06  -1.47     0.58

DEGREE DAYS
 HEATING
  YESTERDAY        0                        10    -10        0
  MONTH TO DATE   64                       130    -66       18
  SINCE DEC 1    696                       775    -79      471
  SINCE JUL 1    858                       975   -117      535

 COOLING
  YESTERDAY        1                         0      1        4
  MONTH TO DATE   34                         0     34       14
  SINCE DEC 1     36                         8     28       26
  SINCE JAN 1     34                         6     28       21
..................................................................


WIND (MPH)
  RESULTANT WIND SPEED   0   RESULTANT WIND DIRECTION   N (340)
  HIGHEST WIND SPEED    14   HIGHEST WIND DIRECTION     W (270)
  HIGHEST GUST SPEED    19   HIGHEST GUST DIRECTION     W (250)
  AVERAGE WIND SPEED     4.1


SKY COVER
  POSSIBLE SUNSHINE  MM
  AVERAGE SKY COVER 0.1


WEATHER CONDITIONS
 THE FOLLOWING WEATHER WAS RECORDED YESTERDAY.
  HAZE


RELATIVE HUMIDITY (PERCENT)
 HIGHEST    55          1200 AM
 LOWEST     14           200 PM
 AVERAGE    35

..........................................................


THE RIVERSIDE MUNI AIRPORT CA CLIMATE NORMALS FOR TODAY
                         NORMAL    RECORD    YEAR
 MAXIMUM TEMPERATURE (F)   67        91      1991
 MINIMUM TEMPERATURE (F)   44        26      1903
                                             1894


SUNRISE AND SUNSET
FEBRUARY 14 2016......SUNRISE   636 AM PST   SUNSET   533 PM PST
FEBRUARY 15 2016......SUNRISE   635 AM PST   SUNSET   533 PM PST


-  INDICATES NEGATIVE NUMBERS.
R  INDICATES RECORD WAS SET OR TIED.
MM INDICATES DATA IS MISSING.
T  INDICATES TRACE AMOUNT.




$$
