066
CDUS46 KSGX 210129
CLIRAL


CLIMATE REPORT
NATIONAL WEATHER SERVICE SAN DIEGO, CA
529 PM PST MON FEB 20 2017


...................................

...THE RIVERSIDE MUNI AIRPORT CA CLIMATE SUMMARY FOR FEBRUARY 20 2017...
VALID TODAY AS OF 0500 PM LOCAL TIME.

CLIMATE NORMAL PERIOD 1981 TO 2010
CLIMATE RECORD PERIOD 1893 TO 2017


WEATHER ITEM   OBSERVED TIME   RECORD YEAR NORMAL DEPARTURE LAST
                VALUE   (LST)  VALUE       VALUE  FROM      YEAR
                                                  NORMAL
..................................................................
TEMPERATURE (F)
 TODAY
  MAXIMUM         66    111 PM  88    1995  68     -2       73
  MINIMUM         50    621 AM  25    1951  44      6       46
  AVERAGE         58                        56      2       60

PRECIPITATION (IN)
  TODAY            T             1.15 1996   0.13  -0.13     0.00
  MONTH TO DATE    1.75                      2.04  -0.29     0.24
  SINCE OCT 1     12.49                      7.79   4.70     4.00
  SINCE JAN 1      7.23                      4.98   2.25     2.83

DEGREE DAYS
 HEATING
  TODAY            7                         9     -2        5
  MONTH TO DATE  142                       195    -53       80
  SINCE DEC 1    755                       840    -85      712
  SINCE JUL 1    859                      1040   -181      874

 COOLING
  TODAY            0                         0      0        0
  MONTH TO DATE    0                         0      0       61
  SINCE DEC 1      0                         8     -8       63
  SINCE JAN 1      0                         6     -6       61
..................................................................


WIND (MPH)
  RESULTANT WIND SPEED   1   RESULTANT WIND DIRECTION   N (20)
  HIGHEST WIND SPEED     9   HIGHEST WIND DIRECTION     W (270)
  HIGHEST GUST SPEED    15   HIGHEST GUST DIRECTION     W (280)
  AVERAGE WIND SPEED     2.4


SKY COVER
  POSSIBLE SUNSHINE  MM
  AVERAGE SKY COVER 1.0


WEATHER CONDITIONS
 THE FOLLOWING WEATHER WAS RECORDED TODAY.
  LIGHT RAIN
  FOG


RELATIVE HUMIDITY (PERCENT)
 HIGHEST   100           600 AM
 LOWEST     67           100 PM
 AVERAGE    84

..........................................................


THE RIVERSIDE MUNI AIRPORT CA CLIMATE NORMALS FOR TOMORROW
                         NORMAL    RECORD    YEAR
 MAXIMUM TEMPERATURE (F)   68        88      2002
 MINIMUM TEMPERATURE (F)   45        25      1953


SUNRISE AND SUNSET
FEBRUARY 20 2017......SUNRISE   629 AM PST   SUNSET   539 PM PST
FEBRUARY 21 2017......SUNRISE   627 AM PST   SUNSET   540 PM PST


-  INDICATES NEGATIVE NUMBERS.
R  INDICATES RECORD WAS SET OR TIED.
MM INDICATES DATA IS MISSING.
T  INDICATES TRACE AMOUNT.




$$
