000
CDUS46 KSGX 251136
CLIRAL


CLIMATE REPORT
NATIONAL WEATHER SERVICE SAN DIEGO, CA
436 AM PDT SUN JUN 25 2017


...................................

...THE RIVERSIDE MUNI AIRPORT CA CLIMATE SUMMARY FOR JUNE 24 2017...

CLIMATE NORMAL PERIOD 1981 TO 2010
CLIMATE RECORD PERIOD 1893 TO 2017


WEATHER ITEM   OBSERVED TIME   RECORD YEAR NORMAL DEPARTURE LAST
                VALUE   (LST)  VALUE       VALUE  FROM      YEAR
                                                  NORMAL
..................................................................
TEMPERATURE (F)
 YESTERDAY
  MAXIMUM         92    249 PM 109    1993  87      5       89
  MINIMUM         64    452 AM  42    1912  61      3       63
  AVERAGE         78                        74      4       76

PRECIPITATION (IN)
  YESTERDAY        0.00          T    1969   0.00   0.00     0.00
                                      1931
  MONTH TO DATE    0.00                      0.08  -0.08      T
  SINCE OCT 1     13.21                     11.98   1.23     5.45
  SINCE JAN 1      7.95                      9.17  -1.22     4.28

DEGREE DAYS
 HEATING
  YESTERDAY        0                         0      0        0
  MONTH TO DATE    0                         0      0        0
  SINCE JUN 1      0                         0      0        0
  SINCE JUL 1   1134                      1444   -310     1032

 COOLING
  YESTERDAY       13                         9      4       11
  MONTH TO DATE  248                       161     87      276
  SINCE JUN 1    248                       161     87      276
  SINCE JAN 1    526                       338    188      557
..................................................................


WIND (MPH)
  RESULTANT WIND SPEED   5   RESULTANT WIND DIRECTION   W (280)
  HIGHEST WIND SPEED    MM   HIGHEST WIND DIRECTION     N (360)
  HIGHEST GUST SPEED    MM   HIGHEST GUST DIRECTION     N (360)
  AVERAGE WIND SPEED     6.2


SKY COVER
  POSSIBLE SUNSHINE  MM
  AVERAGE SKY COVER 0.0


WEATHER CONDITIONS
 THE FOLLOWING WEATHER WAS RECORDED YESTERDAY.
  NO SIGNIFICANT WEATHER WAS OBSERVED.


RELATIVE HUMIDITY (PERCENT)
 HIGHEST    87           400 AM
 LOWEST     36           200 PM
 AVERAGE    62

..........................................................


THE RIVERSIDE MUNI AIRPORT CA CLIMATE NORMALS FOR TODAY
                         NORMAL    RECORD    YEAR
 MAXIMUM TEMPERATURE (F)   88       106      1990
 MINIMUM TEMPERATURE (F)   61        44      1950


SUNRISE AND SUNSET
JUNE 25 2017..........SUNRISE   540 AM PDT   SUNSET   805 PM PDT
JUNE 26 2017..........SUNRISE   541 AM PDT   SUNSET   805 PM PDT


-  INDICATES NEGATIVE NUMBERS.
R  INDICATES RECORD WAS SET OR TIED.
MM INDICATES DATA IS MISSING.
T  INDICATES TRACE AMOUNT.




$$
