000
CDUS46 KSGX 240016
CLIRAL


CLIMATE REPORT
NATIONAL WEATHER SERVICE SAN DIEGO, CA
516 PM PDT SUN APR 23 2017


...................................

...THE RIVERSIDE MUNI AIRPORT CA CLIMATE SUMMARY FOR APRIL 23 2017...
VALID TODAY AS OF 0500 PM LOCAL TIME.

CLIMATE NORMAL PERIOD 1981 TO 2010
CLIMATE RECORD PERIOD 1893 TO 2017


WEATHER ITEM   OBSERVED TIME   RECORD YEAR NORMAL DEPARTURE LAST
                VALUE   (LST)  VALUE       VALUE  FROM      YEAR
                                                  NORMAL
..................................................................
TEMPERATURE (F)
 TODAY
  MAXIMUM         84    206 PM 103    1910  77      7       79
  MINIMUM         58    458 AM  35    1932  52      6       56
  AVERAGE         71                        64      7       68

PRECIPITATION (IN)
  TODAY            0.00          0.21 1924   0.03  -0.03     0.00
  MONTH TO DATE    0.10                      0.60  -0.50     0.36
  SINCE OCT 1     13.19                     11.40   1.79     5.14
  SINCE JAN 1      7.93                      8.59  -0.66     3.97

DEGREE DAYS
 HEATING
  TODAY            0                         3     -3        0
  MONTH TO DATE   30                        91    -61       13
  SINCE MAR 1    128                       296   -168      114
  SINCE JUL 1   1092                      1404   -312      991

 COOLING
  TODAY            6                         2      4        3
  MONTH TO DATE   57                        28     29       84
  SINCE MAR 1    116                        40     76      113
  SINCE JAN 1    116                        49     67      189
..................................................................


WIND (MPH)
  RESULTANT WIND SPEED   4   RESULTANT WIND DIRECTION   W (270)
  HIGHEST WIND SPEED    21   HIGHEST WIND DIRECTION     W (280)
  HIGHEST GUST SPEED    26   HIGHEST GUST DIRECTION     W (270)
  AVERAGE WIND SPEED     6.0


SKY COVER
  POSSIBLE SUNSHINE  MM
  AVERAGE SKY COVER 0.0


WEATHER CONDITIONS
 THE FOLLOWING WEATHER WAS RECORDED TODAY.
  NO SIGNIFICANT WEATHER WAS OBSERVED.


RELATIVE HUMIDITY (PERCENT)
 HIGHEST    80           500 AM
 LOWEST     30          1100 AM
 AVERAGE    55

..........................................................


THE RIVERSIDE MUNI AIRPORT CA CLIMATE NORMALS FOR TOMORROW
                         NORMAL    RECORD    YEAR
 MAXIMUM TEMPERATURE (F)   77       102      1910
 MINIMUM TEMPERATURE (F)   52        38      1963
                                             1961
                                             1937


SUNRISE AND SUNSET
APRIL 23 2017.........SUNRISE   609 AM PDT   SUNSET   728 PM PDT
APRIL 24 2017.........SUNRISE   608 AM PDT   SUNSET   728 PM PDT


-  INDICATES NEGATIVE NUMBERS.
R  INDICATES RECORD WAS SET OR TIED.
MM INDICATES DATA IS MISSING.
T  INDICATES TRACE AMOUNT.




$$
