000
CDUS46 KSGX 270017
CLIRAL


CLIMATE REPORT
NATIONAL WEATHER SERVICE SAN DIEGO, CA
517 PM PDT FRI AUG 26 2016


...................................

...THE RIVERSIDE MUNI AIRPORT CA CLIMATE SUMMARY FOR AUGUST 26 2016...
VALID TODAY AS OF 0500 PM LOCAL TIME.

CLIMATE NORMAL PERIOD 1981 TO 2010
CLIMATE RECORD PERIOD 1893 TO 2016


WEATHER ITEM   OBSERVED TIME   RECORD YEAR NORMAL DEPARTURE LAST
                VALUE   (LST)  VALUE       VALUE  FROM      YEAR
                                                  NORMAL
..................................................................
TEMPERATURE (F)
 TODAY
  MAXIMUM         85    249 PM 112    1944  94     -9      101
  MINIMUM         63    652 AM  49    1946  64     -1       73
  AVERAGE         74                        79     -5       87

PRECIPITATION (IN)
  TODAY            0.00          1.01 1915   0.00   0.00     0.00
  MONTH TO DATE    0.00                      0.08  -0.08     0.01
  SINCE OCT 1      5.45                     12.15  -6.70     7.70
  SINCE JAN 1      4.28                      9.34  -5.06     4.47

DEGREE DAYS
 HEATING
  TODAY            0                         0      0        0
  MONTH TO DATE    0                         0      0        0
  SINCE JUN 1      0                         2     -2        0
  SINCE JUL 1      0                         0      0        0

 COOLING
  TODAY            9                        14     -5       22
  MONTH TO DATE  407                       379     28      418
  SINCE JUN 1   1307                      1014    293     1194
  SINCE JAN 1   1588                      1191    397     1503
..................................................................


WIND (MPH)
  RESULTANT WIND SPEED   4   RESULTANT WIND DIRECTION   W (260)
  HIGHEST WIND SPEED    15   HIGHEST WIND DIRECTION     W (260)
  HIGHEST GUST SPEED    20   HIGHEST GUST DIRECTION     W (280)
  AVERAGE WIND SPEED     4.2


SKY COVER
  POSSIBLE SUNSHINE  MM
  AVERAGE SKY COVER 0.6


WEATHER CONDITIONS
 THE FOLLOWING WEATHER WAS RECORDED TODAY.
  HAZE


RELATIVE HUMIDITY (PERCENT)
 HIGHEST    84           100 AM
 LOWEST     32           300 PM
 AVERAGE    58

..........................................................


THE RIVERSIDE MUNI AIRPORT CA CLIMATE NORMALS FOR TOMORROW
                         NORMAL    RECORD    YEAR
 MAXIMUM TEMPERATURE (F)   94       110      1981
 MINIMUM TEMPERATURE (F)   64        40      1902


SUNRISE AND SUNSET
AUGUST 26 2016........SUNRISE   620 AM PDT   SUNSET   723 PM PDT
AUGUST 27 2016........SUNRISE   620 AM PDT   SUNSET   721 PM PDT


-  INDICATES NEGATIVE NUMBERS.
R  INDICATES RECORD WAS SET OR TIED.
MM INDICATES DATA IS MISSING.
T  INDICATES TRACE AMOUNT.




$$
