000
CDUS43 KUNR 250831
CLIRAP


CLIMATE REPORT
NATIONAL WEATHER SERVICE RAPID CITY SD
230 AM MDT SAT OCT 25 2014


...................................

...THE RAPID CITY AIRPORT SD CLIMATE SUMMARY FOR OCTOBER 24 2014...

CLIMATE NORMAL PERIOD 1981 TO 2010
CLIMATE RECORD PERIOD 1942 TO 2014


WEATHER ITEM   OBSERVED TIME   RECORD YEAR NORMAL DEPARTURE LAST
                VALUE   (LST)  VALUE       VALUE  FROM      YEAR
                                                  NORMAL
..................................................................
TEMPERATURE (F)
 YESTERDAY
  MAXIMUM         71    217 PM  84    1978  58     13       49
  MINIMUM         42   1152 PM  15    1942  31     11       32
  AVERAGE         57                        45     12       41

PRECIPITATION (IN)
  YESTERDAY        0.00          0.31 2012   0.04  -0.04     0.00
  MONTH TO DATE    0.54                      1.18  -0.64     5.38
  SINCE SEP 1      3.71                      2.47   1.24     6.56
  SINCE JAN 1     20.31                     15.10   5.21    20.62

SNOWFALL (IN)
  YESTERDAY        0.0                       0.0    0.0      0.0
  MONTH TO DATE    0.0                       0.8   -0.8     19.6
  SINCE SEP 1      T                         1.0   -1.0     19.6
  SINCE JUL 1      T                         1.0   -1.0     19.6
  SNOW DEPTH       0

DEGREE DAYS
 HEATING
  YESTERDAY        8                        20    -12       24
  MONTH TO DATE  297                       384    -87      509
  SINCE SEP 1    502                       571    -69      611
  SINCE JUL 1    538                       608    -70      616

 COOLING
  YESTERDAY        0                         0      0        0
  MONTH TO DATE    0                         0      0        0
  SINCE SEP 1     61                        61      0      133
  SINCE JAN 1    424                       633   -209      724
..................................................................


WIND (MPH)
  HIGHEST WIND SPEED    22   HIGHEST WIND DIRECTION     N (360)
  HIGHEST GUST SPEED    27   HIGHEST GUST DIRECTION     N (340)
  AVERAGE WIND SPEED    10.4


SKY COVER
  AVERAGE SKY COVER 0.0


WEATHER CONDITIONS
 THE FOLLOWING WEATHER WAS RECORDED YESTERDAY.
  NO SIGNIFICANT WEATHER WAS OBSERVED.


RELATIVE HUMIDITY (PERCENT)
 HIGHEST    67           300 AM
 LOWEST     25          1100 AM
 AVERAGE    46

..........................................................


THE RAPID CITY AIRPORT SD CLIMATE NORMALS FOR TODAY
                         NORMAL    RECORD    YEAR
 MAXIMUM TEMPERATURE (F)   58        82      2007
 MINIMUM TEMPERATURE (F)   31         9      1997


SUNRISE AND SUNSET
OCTOBER 25 2014.......SUNRISE   720 AM MDT   SUNSET   552 PM MDT
OCTOBER 26 2014.......SUNRISE   721 AM MDT   SUNSET   551 PM MDT


-  INDICATES NEGATIVE NUMBERS.
R  INDICATES RECORD WAS SET OR TIED.
MM INDICATES DATA IS MISSING.
T  INDICATES TRACE AMOUNT.




$$
