000
CDUS43 KUNR 060904
CLIRAP


CLIMATE REPORT
NATIONAL WEATHER SERVICE RAPID CITY SD
203 AM MST SAT FEB 6 2016


...................................

...THE RAPID CITY AIRPORT SD CLIMATE SUMMARY FOR FEBRUARY 5 2016...

CLIMATE NORMAL PERIOD 1981 TO 2010
CLIMATE RECORD PERIOD 1942 TO 2016


WEATHER ITEM   OBSERVED TIME   RECORD YEAR NORMAL DEPARTURE LAST
                VALUE   (LST)  VALUE       VALUE  FROM      YEAR
                                                  NORMAL
..................................................................
TEMPERATURE (F)
 YESTERDAY
  MAXIMUM         42    227 PM  63    1963  38      4       52
  MINIMUM         20   1100 PM -21    1982  14      6       12
  AVERAGE         31                        26      5       32

PRECIPITATION (IN)
  YESTERDAY        0.00          0.13 1974   0.01  -0.01     0.00
  MONTH TO DATE    0.22                      0.05   0.17      T
  SINCE DEC 1      1.06                      0.77   0.29     0.60
  SINCE JAN 1      0.43                      0.35   0.08     0.18

SNOWFALL (IN)
  YESTERDAY        0.0           1.9  1974   0.2   -0.2      0.0
  MONTH TO DATE    3.4                       0.8    2.6      0.3
  SINCE DEC 1     18.2                      10.6    7.6     13.3
  SINCE JUL 1     24.8                      18.4    6.4     28.8
  SNOW DEPTH       1

DEGREE DAYS
 HEATING
  YESTERDAY       34                        39     -5       33
  MONTH TO DATE  198                       196      2      219
  SINCE DEC 1   2621                      2677    -56     2490
  SINCE JUL 1   4066                      4352   -286     4298

 COOLING
  YESTERDAY        0                         0      0        0
  MONTH TO DATE    0                         0      0        0
  SINCE DEC 1      0                         0      0        0
  SINCE JAN 1      0                         0      0        0
..................................................................


WIND (MPH)
  HIGHEST WIND SPEED    28   HIGHEST WIND DIRECTION    NW (330)
  HIGHEST GUST SPEED    34   HIGHEST GUST DIRECTION    NW (330)
  AVERAGE WIND SPEED    11.6


SKY COVER
  AVERAGE SKY COVER 0.1


WEATHER CONDITIONS
 THE FOLLOWING WEATHER WAS RECORDED YESTERDAY.
  NO SIGNIFICANT WEATHER WAS OBSERVED.


RELATIVE HUMIDITY (PERCENT)
 HIGHEST    85           600 AM
 LOWEST     45           300 PM
 AVERAGE    65

..........................................................


THE RAPID CITY AIRPORT SD CLIMATE NORMALS FOR TODAY
                         NORMAL    RECORD    YEAR
 MAXIMUM TEMPERATURE (F)   38        72      2015
 MINIMUM TEMPERATURE (F)   14       -19      2014


SUNRISE AND SUNSET
FEBRUARY  6 2016......SUNRISE   704 AM MST   SUNSET   509 PM MST
FEBRUARY  7 2016......SUNRISE   703 AM MST   SUNSET   510 PM MST


-  INDICATES NEGATIVE NUMBERS.
R  INDICATES RECORD WAS SET OR TIED.
MM INDICATES DATA IS MISSING.
T  INDICATES TRACE AMOUNT.




$$
