000
CDUS43 KUNR 160831
CLIRAP


CLIMATE REPORT
NATIONAL WEATHER SERVICE RAPID CITY SD
230 AM MDT WED AUG 16 2017


...................................

...THE RAPID CITY AIRPORT SD CLIMATE SUMMARY FOR AUGUST 15 2017...

CLIMATE NORMAL PERIOD 1981 TO 2010
CLIMATE RECORD PERIOD 1942 TO 2017


WEATHER ITEM   OBSERVED TIME   RECORD YEAR NORMAL DEPARTURE LAST
                VALUE   (LST)  VALUE       VALUE  FROM      YEAR
                                                  NORMAL
..................................................................
TEMPERATURE (F)
 YESTERDAY
  MAXIMUM         75    112 PM 106    1988  87    -12       85
  MINIMUM         60   1159 PM  48    1974  57      3       54
                                      1968
  AVERAGE         68                        72     -4       70

PRECIPITATION (IN)
  YESTERDAY        0.02          0.69 1978   0.05  -0.03      T
  MONTH TO DATE    2.00                      0.87   1.13     1.08
  SINCE JUN 1      4.82                      5.25  -0.43     5.13
  SINCE JAN 1      9.09                     11.94  -2.85     9.77

SNOWFALL (IN)
  YESTERDAY        0.0           0.0    MM   0.0    0.0      0.0
  MONTH TO DATE    0.0                       0.0    0.0      0.0
  SINCE JUN 1      0.0                       0.0    0.0      0.0
  SINCE JUL 1      0.0                       0.0    0.0      0.0
  SNOW DEPTH       0

DEGREE DAYS
 HEATING
  YESTERDAY        0                         0      0        0
  MONTH TO DATE    7                         0      7        0
  SINCE JUN 1     40                       114    -74       13
  SINCE JUL 1      7                        15     -8        3

 COOLING
  YESTERDAY        3                         8     -5        5
  MONTH TO DATE   33                       128    -95      112
  SINCE JUN 1    518                       462     56      553
  SINCE JAN 1    530                       477     53      553
..................................................................


WIND (MPH)
  HIGHEST WIND SPEED    21   HIGHEST WIND DIRECTION     N (350)
  HIGHEST GUST SPEED    25   HIGHEST GUST DIRECTION     N (350)
  AVERAGE WIND SPEED    10.1


SKY COVER
  AVERAGE SKY COVER 0.7


WEATHER CONDITIONS
 THE FOLLOWING WEATHER WAS RECORDED YESTERDAY.
  LIGHT RAIN


RELATIVE HUMIDITY (PERCENT)
 HIGHEST   100           800 AM
 LOWEST     61           600 PM
 AVERAGE    81

..........................................................


THE RAPID CITY AIRPORT SD CLIMATE NORMALS FOR TODAY
                         NORMAL    RECORD    YEAR
 MAXIMUM TEMPERATURE (F)   87       101      2002
                                             1995
                                             1973
 MINIMUM TEMPERATURE (F)   57        45      1968


SUNRISE AND SUNSET
AUGUST 16 2017........SUNRISE   557 AM MDT   SUNSET   755 PM MDT
AUGUST 17 2017........SUNRISE   559 AM MDT   SUNSET   753 PM MDT


-  INDICATES NEGATIVE NUMBERS.
R  INDICATES RECORD WAS SET OR TIED.
MM INDICATES DATA IS MISSING.
T  INDICATES TRACE AMOUNT.




$$
