000
CDUS43 KUNR 101835
CLIRAP


CLIMATE REPORT
NATIONAL WEATHER SERVICE RAPID CITY SD
1234 PM MDT THU JUL 10 2014


...................................

...THE RAPID CITY AIRPORT SD CLIMATE SUMMARY FOR JULY 10 2014...
VALID AS OF 1100 AM LOCAL TIME.

CLIMATE NORMAL PERIOD 1981 TO 2010
CLIMATE RECORD PERIOD 1942 TO 2014


WEATHER ITEM   OBSERVED TIME   RECORD YEAR NORMAL DEPARTURE LAST
                VALUE   (LST)  VALUE       VALUE  FROM      YEAR
                                                  NORMAL
..................................................................
TEMPERATURE (F)
 TODAY
  MAXIMUM         81   1051 AM 103    1966  87     -6       88
  MINIMUM         56    151 AM  46    1999  58     -2       55
  AVERAGE         69                        72     -3       72

PRECIPITATION (IN)
  TODAY            0.02          0.81 1991   0.05  -0.03     0.04
  MONTH TO DATE    0.16                      0.53  -0.37     0.91
  SINCE JUN 1      5.41                      3.06   2.35     3.07
  SINCE JAN 1     10.80                      9.75   1.05    10.69

SNOWFALL (IN)
  TODAY            0.0                       0.0    0.0      0.0
  MONTH TO DATE    0.0                       0.0    0.0      0.0
  SINCE JUN 1      0.0                       0.0    0.0      0.0
  SINCE JUL 1      0.0                       0.0    0.0      0.0
  SNOW DEPTH       0

DEGREE DAYS
 HEATING
  TODAY            0                         1     -1        0
  MONTH TO DATE    7                        10     -3        0
  SINCE JUN 1    135                       109     26       80
  SINCE JUL 1      7                        10     -3        0

 COOLING
  TODAY            4                         8     -4        7
  MONTH TO DATE   43                        67    -24       80
  SINCE JUN 1     65                       151    -86      150
  SINCE JAN 1     85                       166    -81      158
..................................................................


WIND (MPH)
  HIGHEST WIND SPEED    15   HIGHEST WIND DIRECTION     S (160)
  HIGHEST GUST SPEED    17   HIGHEST GUST DIRECTION     S (160)
  AVERAGE WIND SPEED     6.4


SKY COVER
  AVERAGE SKY COVER 0.0


WEATHER CONDITIONS
 THE FOLLOWING WEATHER WAS RECORDED TODAY.
  LIGHT RAIN
  FOG


RELATIVE HUMIDITY (PERCENT)
 HIGHEST    97           600 AM
 LOWEST     49          1100 AM
 AVERAGE    73

..........................................................


THE RAPID CITY AIRPORT SD CLIMATE NORMALS FOR TOMORROW
                         NORMAL    RECORD    YEAR
 MAXIMUM TEMPERATURE (F)   87       104      1973
 MINIMUM TEMPERATURE (F)   58        46      2007


SUNRISE AND SUNSET
JULY 10 2014..........SUNRISE   519 AM MDT   SUNSET   836 PM MDT
JULY 11 2014..........SUNRISE   520 AM MDT   SUNSET   835 PM MDT


-  INDICATES NEGATIVE NUMBERS.
R  INDICATES RECORD WAS SET OR TIED.
MM INDICATES DATA IS MISSING.
T  INDICATES TRACE AMOUNT.




$$
