000
CDUS43 KUNR 270831
CLIRAP


CLIMATE REPORT
NATIONAL WEATHER SERVICE RAPID CITY SD
231 AM MDT THU APR 27 2017


...................................

...THE RAPID CITY AIRPORT SD CLIMATE SUMMARY FOR APRIL 26 2017...

CLIMATE NORMAL PERIOD 1981 TO 2010
CLIMATE RECORD PERIOD 1942 TO 2017


WEATHER ITEM   OBSERVED TIME   RECORD YEAR NORMAL DEPARTURE LAST
                VALUE   (LST)  VALUE       VALUE  FROM      YEAR
                                                  NORMAL
..................................................................
TEMPERATURE (F)
 YESTERDAY
  MAXIMUM         41    520 PM  89    1952  62    -21       39
  MINIMUM         26   1157 PM  20    1988  35     -9       32
                                      1950
  AVERAGE         34                        49    -15       36

PRECIPITATION (IN)
  YESTERDAY        0.00          1.28 1986   0.08  -0.08     0.65
  MONTH TO DATE    1.77                      1.45   0.32     1.42
  SINCE MAR 1      2.30                      2.38  -0.08     2.51
  SINCE JAN 1      3.11                      3.12  -0.01     3.37

SNOWFALL (IN)
  YESTERDAY        0.0           6.8  1994   0.2   -0.2      1.2
  MONTH TO DATE    4.7                       7.2   -2.5      3.2
  SINCE MAR 1      5.2                      15.9  -10.7      9.2
  SINCE JUL 1     35.7                      39.3   -3.6     35.3
  SNOW DEPTH       2

DEGREE DAYS
 HEATING
  YESTERDAY       31                        17     14       29
  MONTH TO DATE  476                       539    -63      427
  SINCE MAR 1   1265                      1457   -192     1179
  SINCE JUL 1   6321                      6667   -346     5874

 COOLING
  YESTERDAY        0                         0      0        0
  MONTH TO DATE    0                         0      0        0
  SINCE MAR 1      0                         0      0        0
  SINCE JAN 1      0                         0      0        0
..................................................................


WIND (MPH)
  HIGHEST WIND SPEED    21   HIGHEST WIND DIRECTION    NW (320)
  HIGHEST GUST SPEED    24   HIGHEST GUST DIRECTION    NW (320)
  AVERAGE WIND SPEED    11.0


SKY COVER
  AVERAGE SKY COVER 0.7


WEATHER CONDITIONS
 THE FOLLOWING WEATHER WAS RECORDED YESTERDAY.
  NO SIGNIFICANT WEATHER WAS OBSERVED.


RELATIVE HUMIDITY (PERCENT)
 HIGHEST    92          1200 AM
 LOWEST     64           200 PM
 AVERAGE    78

..........................................................


THE RAPID CITY AIRPORT SD CLIMATE NORMALS FOR TODAY
                         NORMAL    RECORD    YEAR
 MAXIMUM TEMPERATURE (F)   62        87      1952
 MINIMUM TEMPERATURE (F)   36        17      1994


SUNRISE AND SUNSET
APRIL 27 2017.........SUNRISE   549 AM MDT   SUNSET   751 PM MDT
APRIL 28 2017.........SUNRISE   548 AM MDT   SUNSET   752 PM MDT


-  INDICATES NEGATIVE NUMBERS.
R  INDICATES RECORD WAS SET OR TIED.
MM INDICATES DATA IS MISSING.
T  INDICATES TRACE AMOUNT.




$$
