000
CDUS46 KMFR 280836
CLIRBG


CLIMATE REPORT
NATIONAL WEATHER SERVICE MEDFORD, OR
135 AM PDT FRI JUL 28 2017


...................................

...THE ROSEBURG OR CLIMATE SUMMARY FOR JULY 27 2017...

CLIMATE NORMAL PERIOD 1981 TO 2010
CLIMATE RECORD PERIOD 1931 TO 2017


WEATHER ITEM   OBSERVED TIME   RECORD YEAR NORMAL DEPARTURE LAST
                VALUE   (LST)  VALUE       VALUE  FROM      YEAR
                                                  NORMAL
..................................................................
TEMPERATURE (F)
 YESTERDAY
  MAXIMUM         87    347 PM 107    1998  86      1       94
  MINIMUM         58    552 AM  44    1957  57      1       60
  AVERAGE         73                        72      1       77

PRECIPITATION (IN)
  YESTERDAY        0.00          1.01 1947   0.01  -0.01     0.00
  MONTH TO DATE    0.00                      0.38  -0.38     0.77
  SINCE OCT 1     42.38                     34.79   7.59    38.45
  SINCE JAN 1     23.46                     19.14   4.32    19.26

SNOWFALL (IN)
  YESTERDAY       MM                        MM     MM       MM
  MONTH TO DATE   MM                        MM     MM       MM
  SINCE JUL 1     MM                        MM     MM       MM
  SNOW DEPTH      MM

DEGREE DAYS
 HEATING
  YESTERDAY        0                         0      0        0
  MONTH TO DATE    0                         8     -8        3
  SINCE JUN 1     64                        91    -27       67
  SINCE JUL 1      0                         8     -8        3

 COOLING
  YESTERDAY        8                         7      1       12
  MONTH TO DATE  196                       148     48      142
  SINCE JUN 1    301                       198    103      278
  SINCE JAN 1    350                       218    132      321
..................................................................


WIND (MPH)
  RESULTANT WIND SPEED   4   RESULTANT WIND DIRECTION   N (350)
  HIGHEST WIND SPEED    15   HIGHEST WIND DIRECTION     N (10)
  HIGHEST GUST SPEED    20   HIGHEST GUST DIRECTION    NW (330)
  AVERAGE WIND SPEED     5.5


SKY COVER
  POSSIBLE SUNSHINE  MM
  AVERAGE SKY COVER 0.0


WEATHER CONDITIONS
 THE FOLLOWING WEATHER WAS RECORDED YESTERDAY.
  NO SIGNIFICANT WEATHER WAS OBSERVED.


RELATIVE HUMIDITY (PERCENT)
 HIGHEST    75           500 AM
 LOWEST     35           300 PM
 AVERAGE    55

..........................................................


THE ROSEBURG OR CLIMATE NORMALS FOR TODAY
                         NORMAL    RECORD    YEAR
 MAXIMUM TEMPERATURE (F)   86       108      2009
 MINIMUM TEMPERATURE (F)   57        45      1955


SUNRISE AND SUNSET
JULY 28 2017..........SUNRISE   600 AM PDT   SUNSET   839 PM PDT
JULY 29 2017..........SUNRISE   601 AM PDT   SUNSET   838 PM PDT


-  INDICATES NEGATIVE NUMBERS.
R  INDICATES RECORD WAS SET OR TIED.
MM INDICATES DATA IS MISSING.
T  INDICATES TRACE AMOUNT.




$$
