000
CDUS46 KMFR 080838
CLIRBG


CLIMATE REPORT
NATIONAL WEATHER SERVICE MEDFORD, OR
1238 AM PST MON FEB 8 2016


...................................

...THE ROSEBURG OR CLIMATE SUMMARY FOR FEBRUARY 7 2016...

CLIMATE NORMAL PERIOD 1981 TO 2010
CLIMATE RECORD PERIOD 1931 TO 2016


WEATHER ITEM   OBSERVED TIME   RECORD YEAR NORMAL DEPARTURE LAST
                VALUE   (LST)  VALUE       VALUE  FROM      YEAR
                                                  NORMAL
..................................................................
TEMPERATURE (F)
 YESTERDAY
  MAXIMUM         59    454 PM  65    1958  52      7       61
                                      1945
  MINIMUM         48   1159 PM  24    1933  37     11       51
  AVERAGE         54                        45      9       56

PRECIPITATION (IN)
  YESTERDAY        0.00          1.12 2002   0.16  -0.16     0.60
  MONTH TO DATE    0.39                      1.19  -0.80     3.91
  SINCE OCT 1     26.19                     21.93   4.26    19.57
  SINCE JAN 1      7.00                      6.28   0.72     5.29

SNOWFALL (IN)
  YESTERDAY       MM                        MM     MM       MM
  MONTH TO DATE   MM                        MM     MM       MM
  SINCE JUL 1      0.0                      MM     MM       MM
  SNOW DEPTH      MM

DEGREE DAYS
 HEATING
  YESTERDAY       11                        20     -9        9
  MONTH TO DATE  122                       146    -24       78
  SINCE DEC 1   1325                      1536   -211     1134
  SINCE JUL 1   2053                      2465   -412     1724

 COOLING
  YESTERDAY        0                         0      0        0
  MONTH TO DATE    0                         0      0        0
  SINCE DEC 1      0                         0      0        0
  SINCE JAN 1      0                         0      0        0
..................................................................


WIND (MPH)
  RESULTANT WIND SPEED   0   RESULTANT WIND DIRECTION   N (360)
  HIGHEST WIND SPEED     5   HIGHEST WIND DIRECTION     W (250)
  HIGHEST GUST SPEED     7   HIGHEST GUST DIRECTION    SW (220)
  AVERAGE WIND SPEED     0.6


SKY COVER
  POSSIBLE SUNSHINE  MM
  AVERAGE SKY COVER 0.7


WEATHER CONDITIONS
 THE FOLLOWING WEATHER WAS RECORDED YESTERDAY.
  NO SIGNIFICANT WEATHER WAS OBSERVED.


RELATIVE HUMIDITY (PERCENT)
 HIGHEST   100           200 AM
 LOWEST     72           400 PM
 AVERAGE    86

..........................................................


THE ROSEBURG OR CLIMATE NORMALS FOR TODAY
                         NORMAL    RECORD    YEAR
 MAXIMUM TEMPERATURE (F)   52        72      1963
 MINIMUM TEMPERATURE (F)   37        24      1933


SUNRISE AND SUNSET
FEBRUARY  8 2016......SUNRISE   721 AM PST   SUNSET   535 PM PST
FEBRUARY  9 2016......SUNRISE   720 AM PST   SUNSET   536 PM PST


-  INDICATES NEGATIVE NUMBERS.
R  INDICATES RECORD WAS SET OR TIED.
MM INDICATES DATA IS MISSING.
T  INDICATES TRACE AMOUNT.




$$
