000
CDUS46 KMFR 190836
CLIRBG


CLIMATE REPORT
NATIONAL WEATHER SERVICE MEDFORD, OR
136 AM PDT FRI SEP 19 2014


...................................

...THE ROSEBURG OR CLIMATE SUMMARY FOR SEPTEMBER 18 2014...

CLIMATE NORMAL PERIOD 1981 TO 2010
CLIMATE RECORD PERIOD 1931 TO 2014


WEATHER ITEM   OBSERVED TIME   RECORD YEAR NORMAL DEPARTURE LAST
                VALUE   (LST)  VALUE       VALUE  FROM      YEAR
                                                  NORMAL
..................................................................
TEMPERATURE (F)
 YESTERDAY
  MAXIMUM         79    320 PM  98    1991  78      1       75
  MINIMUM         57    247 AM  34    1965  51      6       50
  AVERAGE         68                        64      4       63

PRECIPITATION (IN)
  YESTERDAY        0.09          1.05 1966   0.03   0.06     0.00
  MONTH TO DATE    0.09                      0.47  -0.38     0.38
  SINCE SEP 1      0.09                      0.47  -0.38     0.38
  SINCE JAN 1     16.74                     20.12  -3.38     8.92

SNOWFALL (IN)
  YESTERDAY       MM                        MM     MM       MM
  MONTH TO DATE   MM                        MM     MM       MM
  SINCE JUL 1     MM                        MM     MM       MM
  SNOW DEPTH      MM

DEGREE DAYS
 HEATING
  YESTERDAY        0                         2     -2        2
  MONTH TO DATE    0                        24    -24        6
  SINCE SEP 1      0                        24    -24        6
  SINCE JUL 1      7                        45    -38        7

 COOLING
  YESTERDAY        3                         2      1        0
  MONTH TO DATE  111                        52     59      120
  SINCE SEP 1    111                        52     59      120
  SINCE JAN 1    844                       463    381      822
..................................................................


WIND (MPH)
  RESULTANT WIND SPEED   1   RESULTANT WIND DIRECTION   E (100)
  HIGHEST WIND SPEED     8   HIGHEST WIND DIRECTION    NE (60)
  HIGHEST GUST SPEED    10   HIGHEST GUST DIRECTION    NW (330)
  AVERAGE WIND SPEED     1.7


SKY COVER
  POSSIBLE SUNSHINE  MM
  AVERAGE SKY COVER 0.7


WEATHER CONDITIONS
 THE FOLLOWING WEATHER WAS RECORDED YESTERDAY.
  LIGHT RAIN
  FOG
  HAZE


RELATIVE HUMIDITY (PERCENT)
 HIGHEST    87           600 AM
 LOWEST     52           200 PM
 AVERAGE    70

..........................................................


THE ROSEBURG OR CLIMATE NORMALS FOR TODAY
                         NORMAL    RECORD    YEAR
 MAXIMUM TEMPERATURE (F)   78        98      1974
 MINIMUM TEMPERATURE (F)   51        34      1965


SUNRISE AND SUNSET
SEPTEMBER 19 2014.....SUNRISE   657 AM PDT   SUNSET   716 PM PDT
SEPTEMBER 20 2014.....SUNRISE   659 AM PDT   SUNSET   714 PM PDT


-  INDICATES NEGATIVE NUMBERS.
R  INDICATES RECORD WAS SET OR TIED.
MM INDICATES DATA IS MISSING.
T  INDICATES TRACE AMOUNT.




$$
