000
CDUS46 KMFR 220836
CLIRBG


CLIMATE REPORT
NATIONAL WEATHER SERVICE MEDFORD, OR
1236 AM PST MON JAN 22 2018


...................................

...THE ROSEBURG OR CLIMATE SUMMARY FOR JANUARY 21 2018...

CLIMATE NORMAL PERIOD 1981 TO 2010
CLIMATE RECORD PERIOD 1931 TO 2018


WEATHER ITEM   OBSERVED TIME   RECORD YEAR NORMAL DEPARTURE LAST
                VALUE   (LST)  VALUE       VALUE  FROM      YEAR
                                                  NORMAL
..................................................................
TEMPERATURE (F)
 YESTERDAY
  MAXIMUM         52   1228 PM  62    2016  50      2       50
                                      2003
                                      1960
  MINIMUM         41   1241 AM   1    1962  37      4       39
  AVERAGE         47                        44      3       45

PRECIPITATION (IN)
  YESTERDAY        0.27          1.77 1943   0.13   0.14     0.29
  MONTH TO DATE    2.02                      3.91  -1.89     5.11
  SINCE OCT 1     10.39                     19.56  -9.17    24.03
  SINCE JAN 1      2.02                      3.91  -1.89     5.11

SNOWFALL (IN)
  YESTERDAY       MM                        MM     MM       MM
  MONTH TO DATE   MM                        MM     MM       MM
  SINCE JUL 1     MM                        MM     MM       MM
  SNOW DEPTH      MM

DEGREE DAYS
 HEATING
  YESTERDAY       18                        22     -4       20
  MONTH TO DATE  381                       469    -88      551
  SINCE DEC 1   1143                      1180    -37     1319
  SINCE JUL 1   2002                      2109   -107     1958

 COOLING
  YESTERDAY        0                         0      0        0
  MONTH TO DATE    0                         0      0        0
  SINCE DEC 1      0                         0      0        0
  SINCE JAN 1      0                         0      0        0
..................................................................


WIND (MPH)
  RESULTANT WIND SPEED   4   RESULTANT WIND DIRECTION   S (170)
  HIGHEST WIND SPEED    23   HIGHEST WIND DIRECTION     S (160)
  HIGHEST GUST SPEED    30   HIGHEST GUST DIRECTION     S (160)
  AVERAGE WIND SPEED     5.6


SKY COVER
  POSSIBLE SUNSHINE  MM
  AVERAGE SKY COVER 0.9


WEATHER CONDITIONS
 THE FOLLOWING WEATHER WAS RECORDED YESTERDAY.
  RAIN
  LIGHT RAIN
  FOG


RELATIVE HUMIDITY (PERCENT)
 HIGHEST   100           800 PM
 LOWEST     50           700 AM
 AVERAGE    75

..........................................................


THE ROSEBURG OR CLIMATE NORMALS FOR TODAY
                         NORMAL    RECORD    YEAR
 MAXIMUM TEMPERATURE (F)   50        65      1931
 MINIMUM TEMPERATURE (F)   37        -1      1962


SUNRISE AND SUNSET
JANUARY 22 2018.......SUNRISE   738 AM PST   SUNSET   513 PM PST
JANUARY 23 2018.......SUNRISE   737 AM PST   SUNSET   514 PM PST


-  INDICATES NEGATIVE NUMBERS.
R  INDICATES RECORD WAS SET OR TIED.
MM INDICATES DATA IS MISSING.
T  INDICATES TRACE AMOUNT.




$$
