000
CDUS46 KMFR 110852
CLIRBG


CLIMATE REPORT
NATIONAL WEATHER SERVICE MEDFORD, OR
152 AM PDT FRI JUL 11 2014


...................................

...THE ROSEBURG OR CLIMATE SUMMARY FOR JULY 10 2014...

CLIMATE NORMAL PERIOD 1981 TO 2010
CLIMATE RECORD PERIOD 1931 TO 2014


WEATHER ITEM   OBSERVED TIME   RECORD YEAR NORMAL DEPARTURE LAST
                VALUE   (LST)  VALUE       VALUE  FROM      YEAR
                                                  NORMAL
..................................................................
TEMPERATURE (F)
 YESTERDAY
  MAXIMUM         94    542 PM 101    2007  83     11       92
  MINIMUM         60    528 AM  45    1960  56      4       61
  AVERAGE         77                        70      7       77

PRECIPITATION (IN)
  YESTERDAY        0.00          0.12 1966   0.02  -0.02     0.00
  MONTH TO DATE    0.00                      0.20  -0.20     0.00
  SINCE SEP 1     23.96                     35.57 -11.61    26.55
  SINCE JAN 1     16.42                     18.96  -2.54     7.88

SNOWFALL (IN)
  YESTERDAY       MM                        MM     MM       MM
  MONTH TO DATE   MM                        MM     MM       MM
  SINCE JUL 1     MM                        MM     MM       MM
  SNOW DEPTH      MM

DEGREE DAYS
 HEATING
  YESTERDAY        0                         0      0        0
  MONTH TO DATE    0                         8     -8        0
  SINCE JUN 1     35                        91    -56       35
  SINCE JUL 1      0                         8     -8        0

 COOLING
  YESTERDAY       12                         5      7       12
  MONTH TO DATE  102                        44     58      107
  SINCE JUN 1    173                        94     79      218
  SINCE JAN 1    218                       114    104      252
..................................................................


WIND (MPH)
  RESULTANT WIND SPEED   4   RESULTANT WIND DIRECTION   N (360)
  HIGHEST WIND SPEED    15   HIGHEST WIND DIRECTION     N (10)
  HIGHEST GUST SPEED    20   HIGHEST GUST DIRECTION     N (10)
  AVERAGE WIND SPEED     4.1


SKY COVER
  POSSIBLE SUNSHINE  MM
  AVERAGE SKY COVER 0.0


WEATHER CONDITIONS
 THE FOLLOWING WEATHER WAS RECORDED YESTERDAY.
  NO SIGNIFICANT WEATHER WAS OBSERVED.


RELATIVE HUMIDITY (PERCENT)
 HIGHEST    72           300 AM
 LOWEST     15           500 PM
 AVERAGE    44

..........................................................


THE ROSEBURG OR CLIMATE NORMALS FOR TODAY
                         NORMAL    RECORD    YEAR
 MAXIMUM TEMPERATURE (F)   84       106      1961
 MINIMUM TEMPERATURE (F)   56        45      1981


SUNRISE AND SUNSET
JULY 11 2014..........SUNRISE   544 AM PDT   SUNSET   854 PM PDT
JULY 12 2014..........SUNRISE   545 AM PDT   SUNSET   853 PM PDT


-  INDICATES NEGATIVE NUMBERS.
R  INDICATES RECORD WAS SET OR TIED.
MM INDICATES DATA IS MISSING.
T  INDICATES TRACE AMOUNT.




$$
