000
CDUS46 KMFR 290846
CLIRBG


CLIMATE REPORT
NATIONAL WEATHER SERVICE MEDFORD, OR
1246 AM PST MON DEC 29 2014


...................................

...THE ROSEBURG OR CLIMATE SUMMARY FOR DECEMBER 28 2014...

CLIMATE NORMAL PERIOD 1981 TO 2010
CLIMATE RECORD PERIOD 1931 TO 2014


WEATHER ITEM   OBSERVED TIME   RECORD YEAR NORMAL DEPARTURE LAST
                VALUE   (LST)  VALUE       VALUE  FROM      YEAR
                                                  NORMAL
..................................................................
TEMPERATURE (F)
 YESTERDAY
  MAXIMUM         50   1259 PM  64    1937  48      2       39
  MINIMUM         38   1032 PM  23    1971  36      2       35
  AVERAGE         44                        42      2       37

PRECIPITATION (IN)
  YESTERDAY        0.15          3.28 1965   0.21  -0.06     0.00
  MONTH TO DATE    5.35                      5.92  -0.57     0.69
  SINCE SEP 1     15.62                     16.01  -0.39     7.54
  SINCE JAN 1     32.27                     35.66  -3.39    16.08

SNOWFALL (IN)
  YESTERDAY       MM                        MM     MM       MM
  MONTH TO DATE   MM                        MM     MM       MM
  SINCE JUL 1     MM                        MM     MM        0.0
  SNOW DEPTH      MM

DEGREE DAYS
 HEATING
  YESTERDAY       21                        23     -2       28
  MONTH TO DATE  400                       638   -238      751
  SINCE DEC 1    400                       638   -238      751
  SINCE JUL 1    990                      1567   -577     1710

 COOLING
  YESTERDAY        0                         0      0        0
  MONTH TO DATE    0                         0      0        0
  SINCE DEC 1      0                         0      0        0
  SINCE JAN 1    914                       480    434      823
..................................................................


WIND (MPH)
  RESULTANT WIND SPEED   1   RESULTANT WIND DIRECTION  NW (330)
  HIGHEST WIND SPEED    13   HIGHEST WIND DIRECTION     N (340)
  HIGHEST GUST SPEED    16   HIGHEST GUST DIRECTION     N (340)
  AVERAGE WIND SPEED     1.9


SKY COVER
  POSSIBLE SUNSHINE  MM
  AVERAGE SKY COVER 0.8


WEATHER CONDITIONS
 THE FOLLOWING WEATHER WAS RECORDED YESTERDAY.
  HEAVY RAIN
  LIGHT RAIN
  FOG


RELATIVE HUMIDITY (PERCENT)
 HIGHEST    93           300 AM
 LOWEST     71           200 PM
 AVERAGE    82

..........................................................


THE ROSEBURG OR CLIMATE NORMALS FOR TODAY
                         NORMAL    RECORD    YEAR
 MAXIMUM TEMPERATURE (F)   48        63      1937
 MINIMUM TEMPERATURE (F)   36        17      1978


SUNRISE AND SUNSET
DECEMBER 29 2014......SUNRISE   745 AM PST   SUNSET   446 PM PST
DECEMBER 30 2014......SUNRISE   745 AM PST   SUNSET   447 PM PST


-  INDICATES NEGATIVE NUMBERS.
R  INDICATES RECORD WAS SET OR TIED.
MM INDICATES DATA IS MISSING.
T  INDICATES TRACE AMOUNT.




$$
