000
CDUS46 KSTO 050838
CLIRDD

CLIMATE REPORT
NATIONAL WEATHER SERVICE SACRAMENTO, CA
135 AM PDT THU MAY 5 2016


...................................

...THE REDDING AIRPORT CA CLIMATE SUMMARY FOR MAY 4 2016...

CLIMATE NORMAL PERIOD 1981 TO 2010
CLIMATE RECORD PERIOD 1986 TO 2016


WEATHER ITEM   OBSERVED RECORD YEAR NORMAL DEPARTURE LAST
                VALUE   VALUE       VALUE  FROM      YEAR
                                           NORMAL
...........................................................
TEMPERATURE (F)
 YESTERDAY
  MAXIMUM         80    100    1992  77      3       86
  MINIMUM         59     36    1999  50      9       54
  AVERAGE         70

PRECIPITATION (IN)
  YESTERDAY        0.11   0.74 2005   0.07   0.04     0.00
  MONTH TO DATE    0.11               0.26  -0.15     0.00
  SINCE OCT 1     37.17              31.43   5.74    22.13
  SINCE JAN 1     27.31              18.58   8.73     5.88

SNOWFALL (IN)
  YESTERDAY        0.0   MM      MM  MM               0.0
  MONTH TO DATE    0.0               MM               0.0
  SINCE MAR 1      0.0               MM               0.0
  SINCE JUL 1      0.0               MM               0.0

DEGREE DAYS
 HEATING
  YESTERDAY        0

 COOLING
  YESTERDAY        5
...........................................................


WIND (MPH)
  RESULTANT WIND SPEED   2   RESULTANT WIND DIRECTION  NW (320)
  HIGHEST WIND SPEED    22   HIGHEST WIND DIRECTION     N (10)
  HIGHEST GUST SPEED    29   HIGHEST GUST DIRECTION     N (360)


SKY COVER
  POSSIBLE SUNSHINE  MM
  AVERAGE SKY COVER 0.4


WEATHER CONDITIONS
 THE FOLLOWING WEATHER WAS RECORDED YESTERDAY.
  RAIN
  LIGHT RAIN
  FOG


RELATIVE HUMIDITY (PERCENT)
 HIGHEST    78
 LOWEST     35
 AVERAGE    57

..........................................................


THE REDDING AIRPORT CA CLIMATE NORMALS FOR TODAY
                         NORMAL    RECORD    YEAR
 MAXIMUM TEMPERATURE (F)   77       103      1992
 MINIMUM TEMPERATURE (F)   51        41      2003


SUNRISE AND SUNSET
MAY  5 2016...........SUNRISE   603 AM PDT   SUNSET   810 PM PDT
MAY  6 2016...........SUNRISE   601 AM PDT   SUNSET   811 PM PDT


-  INDICATES NEGATIVE NUMBERS.
R  INDICATES RECORD WAS SET OR TIED.
MM INDICATES DATA IS MISSING.
T  INDICATES TRACE AMOUNT.

&&
....................................................................

REDDING CITY CLIMATE DATA FOR MAY 04

CLIMATE RECORD PERIOD 1897-1986

RECORD HIGH..............     94 IN 1966
RECORD LOW...............     32 IN 1950

RECORD RAINFALL..........   0.91 IN 1951

$$
