000
CDUS46 KSTO 240843
CLIRDD

SFOCLIRDD 000
TTAA00 KSTO 240841


CLIMATE REPORT
NATIONAL WEATHER SERVICE SACRAMENTO, CA
137 AM PDT FRI OCT 24 2014


...................................

...THE REDDING AIRPORT CA CLIMATE SUMMARY FOR OCTOBER 23 2014...

CLIMATE NORMAL PERIOD 1981 TO 2010
CLIMATE RECORD PERIOD 1986 TO 2014


WEATHER ITEM   OBSERVED RECORD YEAR NORMAL DEPARTURE LAST
                VALUE   VALUE       VALUE  FROM      YEAR
                                           NORMAL
...........................................................
TEMPERATURE (F)
 YESTERDAY
  MAXIMUM         59     88    1988  74    -15       87
  MINIMUM         56     37    1991  47      9       42
  AVERAGE         58

PRECIPITATION (IN)
  YESTERDAY        0.43   1.44 1989   0.08   0.35     0.00
  MONTH TO DATE    0.77               1.29  -0.52     0.01
  SINCE JUL 1      4.21               2.20   2.01     1.40
  SINCE JAN 1     18.48              23.06  -4.58    10.70

SNOWFALL (IN)
  YESTERDAY        0.0    0.0  2002  MM               0.0
                               2001
  MONTH TO DATE    0.0               MM               0.0
  SINCE SEP 1      0.0               MM               0.0
  SINCE JUL 1      0.0               MM               0.0

DEGREE DAYS
 HEATING
  YESTERDAY        7

 COOLING
  YESTERDAY        0
...........................................................


WIND (MPH)
  RESULTANT WIND SPEED   2   RESULTANT WIND DIRECTION   N (0)
  HIGHEST WIND SPEED    12   HIGHEST WIND DIRECTION     E (100)
  HIGHEST GUST SPEED    14   HIGHEST GUST DIRECTION     E (100)


SKY COVER
  POSSIBLE SUNSHINE  MM
  AVERAGE SKY COVER 1.0


WEATHER CONDITIONS
 THE FOLLOWING WEATHER WAS RECORDED YESTERDAY.
  RAIN
  LIGHT RAIN
  FOG


RELATIVE HUMIDITY (PERCENT)
 HIGHEST   100
 LOWEST     86
 AVERAGE    93

..........................................................


THE REDDING AIRPORT CA CLIMATE NORMALS FOR TODAY
                         NORMAL    RECORD    YEAR
 MAXIMUM TEMPERATURE (F)   73        96      1988
 MINIMUM TEMPERATURE (F)   47        36      1995


SUNRISE AND SUNSET
OCTOBER 24 2014.......SUNRISE   730 AM PDT   SUNSET   616 PM PDT
OCTOBER 25 2014.......SUNRISE   731 AM PDT   SUNSET   615 PM PDT


-  INDICATES NEGATIVE NUMBERS.
R  INDICATES RECORD WAS SET OR TIED.
MM INDICATES DATA IS MISSING.
T  INDICATES TRACE AMOUNT.

&&
....................................................................

REDDING CITY CLIMATE DATA FOR OCTOBER 23

CLIMATE RECORD PERIOD 1897-1986

RECORD HIGH..............     93 IN 1913
RECORD LOW...............     37 IN 1912

RECORD RAINFALL..........   1.07 IN 1957


$$
