000
CDUS46 KSTO 280846
CLIRDD

CLIMATE REPORT
NATIONAL WEATHER SERVICE SACRAMENTO, CA
130 AM PDT SUN AUG 28 2016

.........................................................

...THE REDDING AIRPORT CA CLIMATE SUMMARY FOR AUGUST 27 2016...

CLIMATE NORMAL PERIOD 1981 TO 2010
CLIMATE RECORD PERIOD 1986 TO 2016


WEATHER ITEM   OBSERVED RECORD YEAR NORMAL DEPARTURE LAST
                VALUE   VALUE       VALUE  FROM      YEAR
                                           NORMAL
...........................................................
TEMPERATURE (F)
 YESTERDAY
  MAXIMUM         94    110    1988  95     -1      101
  MINIMUM         60     53    1994  61     -1       64
  AVERAGE         77

PRECIPITATION (IN)
  YESTERDAY        0.00   T    1999   0.01  -0.01     0.00
  MONTH TO DATE    0.00               0.15  -0.15      T
  SINCE OCT 1     40.49              33.95   6.54    23.08
  SINCE JAN 1     30.63              21.10   9.53     6.83

SNOWFALL (IN)
  YESTERDAY        0.0   MM      MM  MM               0.0
  MONTH TO DATE    0.0               MM               0.0
  SINCE JUN 1      0.0               MM               0.0
  SINCE JUL 1      0.0               MM               0.0

DEGREE DAYS
 HEATING
  YESTERDAY        0

 COOLING
  YESTERDAY       12
...........................................................


WIND (MPH)
  RESULTANT WIND SPEED   3   RESULTANT WIND DIRECTION   S (170)
  HIGHEST WIND SPEED    16   HIGHEST WIND DIRECTION     S (160)
  HIGHEST GUST SPEED    20   HIGHEST GUST DIRECTION     S (180)


SKY COVER
  POSSIBLE SUNSHINE  MM
  AVERAGE SKY COVER 0.0


WEATHER CONDITIONS
 THE FOLLOWING WEATHER WAS RECORDED YESTERDAY.
  NO SIGNIFICANT WEATHER WAS OBSERVED.


RELATIVE HUMIDITY (PERCENT)
 HIGHEST    64
 LOWEST     19
 AVERAGE    42

..........................................................


THE REDDING AIRPORT CA CLIMATE NORMALS FOR TODAY
                         NORMAL    RECORD    YEAR
 MAXIMUM TEMPERATURE (F)   94       109      2008
 MINIMUM TEMPERATURE (F)   61        51      1995


SUNRISE AND SUNSET
AUGUST 28 2016........SUNRISE   633 AM PDT   SUNSET   747 PM PDT
AUGUST 29 2016........SUNRISE   634 AM PDT   SUNSET   745 PM PDT


-  INDICATES NEGATIVE NUMBERS.
R  INDICATES RECORD WAS SET OR TIED.
MM INDICATES DATA IS MISSING.
T  INDICATES TRACE AMOUNT.

&&
....................................................................

REDDING CITY CLIMATE DATA FOR AUGUST 27

CLIMATE RECORD PERIOD 1897-1986

RECORD HIGH..............    112 IN 1972
RECORD LOW...............     51 IN 1918

RECORD RAINFALL..........   0.32 IN 1954

$$
POWELL
