000
CDUS46 KSTO 010902
CLIRDD

CLIMATE REPORT
NATIONAL WEATHER SERVICE SACRAMENTO, CA
1259 AM PST SUN FEB 1 2015


...................................

...THE REDDING AIRPORT CA CLIMATE SUMMARY FOR JANUARY 31 2015...

CLIMATE NORMAL PERIOD 1981 TO 2010
CLIMATE RECORD PERIOD 1986 TO 2015


WEATHER ITEM   OBSERVED RECORD YEAR NORMAL DEPARTURE LAST
                VALUE   VALUE       VALUE  FROM      YEAR
                                           NORMAL
...........................................................
TEMPERATURE (F)
 YESTERDAY
  MAXIMUM         76R    75    2009  57     19       60
  MINIMUM         41     26    2002  37      4       35
                               1990
  AVERAGE         59

PRECIPITATION (IN)
  YESTERDAY        0.00   0.97 1995   0.18  -0.18     0.00
  MONTH TO DATE    0.26               5.96  -5.70     0.42
  SINCE OCT 1     16.51              18.81  -2.30     2.53
  SINCE JAN 1      0.26               5.96  -5.70     0.42

SNOWFALL (IN)
  YESTERDAY        0.0    0.0  2002  MM               0.0
  MONTH TO DATE    0.0               MM               0.0
  SINCE DEC 1      0.0               MM               5.0
  SINCE JUL 1      0.0               MM               5.0

DEGREE DAYS
 HEATING
  YESTERDAY        6

 COOLING
  YESTERDAY        0
...........................................................


WIND (MPH)
  RESULTANT WIND SPEED  10   RESULTANT WIND DIRECTION   N (360)
  HIGHEST WIND SPEED    22   HIGHEST WIND DIRECTION    NE (30)
  HIGHEST GUST SPEED    29   HIGHEST GUST DIRECTION     N (10)


SKY COVER
  POSSIBLE SUNSHINE  MM
  AVERAGE SKY COVER 0.0


WEATHER CONDITIONS
 THE FOLLOWING WEATHER WAS RECORDED YESTERDAY.
  NO SIGNIFICANT WEATHER WAS OBSERVED.


RELATIVE HUMIDITY (PERCENT)
 HIGHEST    61
 LOWEST     17
 AVERAGE    39

..........................................................


THE REDDING AIRPORT CA CLIMATE NORMALS FOR TODAY
                         NORMAL    RECORD    YEAR
 MAXIMUM TEMPERATURE (F)   57        72      2009
 MINIMUM TEMPERATURE (F)   38        26      1994


SUNRISE AND SUNSET
FEBRUARY  1 2015......SUNRISE   719 AM PST   SUNSET   527 PM PST
FEBRUARY  2 2015......SUNRISE   718 AM PST   SUNSET   528 PM PST


-  INDICATES NEGATIVE NUMBERS.
R  INDICATES RECORD WAS SET OR TIED.
MM INDICATES DATA IS MISSING.
T  INDICATES TRACE AMOUNT.






&&
....................................................................

REDDING CITY CLIMATE DATA FOR JANUARY 31

CLIMATE RECORD PERIOD 1897-1986

RECORD HIGH..............     78 IN 1962
RECORD LOW...............     21 IN 1893

RECORD RAINFALL..........   3.60 IN 1963

$$

JCLAPP
