000
CDUS46 KSTO 231016
CLIRDD

CLIMATE REPORT
NATIONAL WEATHER SERVICE SACRAMENTO, CA
1243 AM PST THU FEB 23 2017


...................................

...THE REDDING AIRPORT CA CLIMATE SUMMARY FOR FEBRUARY 22 2017...

CLIMATE NORMAL PERIOD 1981 TO 2010
CLIMATE RECORD PERIOD 1986 TO 2017


WEATHER ITEM   OBSERVED RECORD YEAR NORMAL DEPARTURE LAST
                VALUE   VALUE       VALUE  FROM      YEAR
                                           NORMAL
...........................................................
TEMPERATURE (F)
 YESTERDAY
  MAXIMUM         54     80    1995  61     -7       71
                               1988
  MINIMUM         36     29    2011  40     -4       44
                               1994
  AVERAGE         45

PRECIPITATION (IN)
  YESTERDAY        0.01   3.17 2001   0.20  -0.19     0.00
  MONTH TO DATE    7.32               4.37   2.95     0.84
  SINCE OCT 1     37.50              23.18  14.32    23.38
  SINCE JAN 1     18.77              10.33   8.44    13.52

SNOWFALL (IN)
  YESTERDAY        0.0   MM      MM  MM               0.0
  MONTH TO DATE    0.0               MM               0.0
  SINCE DEC 1      3.0               MM               0.0
  SINCE JUL 1      3.0               MM               0.0

DEGREE DAYS
 HEATING
  YESTERDAY       20

 COOLING
  YESTERDAY        0
...........................................................


WIND (MPH)
  RESULTANT WIND SPEED   2   RESULTANT WIND DIRECTION  SE (150)
  HIGHEST WIND SPEED    21   HIGHEST WIND DIRECTION     W (270)
  HIGHEST GUST SPEED    29   HIGHEST GUST DIRECTION     W (260)


SKY COVER
  POSSIBLE SUNSHINE  MM
  AVERAGE SKY COVER 0.3


WEATHER CONDITIONS
 THE FOLLOWING WEATHER WAS RECORDED YESTERDAY.
  THUNDERSTORM
  LIGHT RAIN


RELATIVE HUMIDITY (PERCENT)
 HIGHEST    92
 LOWEST     50
 AVERAGE    71

..........................................................


THE REDDING AIRPORT CA CLIMATE NORMALS FOR TODAY
                         NORMAL    RECORD    YEAR
 MAXIMUM TEMPERATURE (F)   61        75      1991
 MINIMUM TEMPERATURE (F)   41        29      2001


SUNRISE AND SUNSET
FEBRUARY 23 2017......SUNRISE   651 AM PST   SUNSET   554 PM PST
FEBRUARY 24 2017......SUNRISE   650 AM PST   SUNSET   555 PM PST


-  INDICATES NEGATIVE NUMBERS.
R  INDICATES RECORD WAS SET OR TIED.
MM INDICATES DATA IS MISSING.
T  INDICATES TRACE AMOUNT.




&&
....................................................................

REDDING CITY CLIMATE DATA FOR FEBRUARY 22

CLIMATE RECORD PERIOD 1897-1986

RECORD HIGH..............     79 IN 1954
RECORD LOW...............     29 IN 1952

RECORD RAINFALL..........   1.91 IN 1943

$$

NNNN
