000
CDUS46 KSTO 180841 RRA
CLIRDD

CLIMATE REPORT
NATIONAL WEATHER SERVICE SACRAMENTO, CA
1240 AM PST MON DEC 18 2017


...................................

...THE REDDING AIRPORT CA CLIMATE SUMMARY FOR DECEMBER 17 2017...

CLIMATE NORMAL PERIOD 1981 TO 2010
CLIMATE RECORD PERIOD 1986 TO 2017


WEATHER ITEM   OBSERVED RECORD YEAR NORMAL DEPARTURE LAST
                VALUE   VALUE       VALUE  FROM      YEAR
                                           NORMAL
...........................................................
TEMPERATURE (F)
 YESTERDAY
  MAXIMUM         68     71    2011  54     14       52
  MINIMUM         45     26    1993  36      9       35
  AVERAGE         57

PRECIPITATION (IN)
  YESTERDAY        0.00   0.67 2014   0.21  -0.21     0.00
  MONTH TO DATE    0.08               3.24  -3.16     5.09
  SINCE OCT 1      5.64               9.82  -4.18    17.79
  SINCE JAN 1     34.65              31.59   3.06    48.42

SNOWFALL (IN)
  YESTERDAY        0.0   MM      MM  MM               0.0
  MONTH TO DATE    0.0               MM               0.0
  SINCE DEC 1      0.0               MM               0.0
  SINCE JUL 1      0.0               MM               0.0

DEGREE DAYS
 HEATING
  YESTERDAY        8

 COOLING
  YESTERDAY        0
...........................................................


WIND (MPH)
  RESULTANT WIND SPEED  11   RESULTANT WIND DIRECTION   N (350)
  HIGHEST WIND SPEED    28   HIGHEST WIND DIRECTION     N (360)
  HIGHEST GUST SPEED    35   HIGHEST GUST DIRECTION     N (360)


SKY COVER
  POSSIBLE SUNSHINE  MM
  AVERAGE SKY COVER 0.0


WEATHER CONDITIONS
 THE FOLLOWING WEATHER WAS RECORDED YESTERDAY.
  HAZE


RELATIVE HUMIDITY (PERCENT)
 HIGHEST    60
 LOWEST     20
 AVERAGE    40

..........................................................


THE REDDING AIRPORT CA CLIMATE NORMALS FOR TODAY
                         NORMAL    RECORD    YEAR
 MAXIMUM TEMPERATURE (F)   54        67      2009
                                             2000
 MINIMUM TEMPERATURE (F)   36        23      2008


SUNRISE AND SUNSET
DECEMBER 18 2017......SUNRISE   728 AM PST   SUNSET   444 PM PST
DECEMBER 19 2017......SUNRISE   728 AM PST   SUNSET   445 PM PST


-  INDICATES NEGATIVE NUMBERS.
R  INDICATES RECORD WAS SET OR TIED.
MM INDICATES DATA IS MISSING.
T  INDICATES TRACE AMOUNT.

&&
....................................................................

REDDING CITY CLIMATE DATA FOR DECEMBER 17

CLIMATE RECORD PERIOD 1897-1986

RECORD HIGH..............     73 IN 1985
RECORD LOW...............     24 IN 1979
RECORD RAINFALL..........   3.00 IN 1940

$$
