000
CDUS46 KSTO 260841
CLIRDD

CLIMATE REPORT
NATIONAL WEATHER SERVICE SACRAMENTO, CA
141 AM PDT WED APR 26 2017


...................................

...THE REDDING AIRPORT CA CLIMATE SUMMARY FOR APRIL 25 2017...

CLIMATE NORMAL PERIOD 1981 TO 2010
CLIMATE RECORD PERIOD 1986 TO 2017


WEATHER ITEM   OBSERVED RECORD YEAR NORMAL DEPARTURE LAST
                VALUE   VALUE       VALUE  FROM      YEAR
                                           NORMAL
...........................................................
TEMPERATURE (F)
 YESTERDAY
  MAXIMUM         67     90    2004  73     -6       71
                               1987
  MINIMUM         47     40    2009  48     -1       45
                               1994
                               1991
  AVERAGE         57

PRECIPITATION (IN)
  YESTERDAY        0.02   0.82 1994   0.08  -0.06     0.00
  MONTH TO DATE    3.84               2.11   1.73     3.23
  SINCE OCT 1     46.14              30.80  15.34    37.04
  SINCE JAN 1     27.41              17.95   9.46    27.18

SNOWFALL (IN)
  YESTERDAY        0.0   MM      MM  MM               0.0
  MONTH TO DATE    0.0               MM               0.0
  SINCE MAR 1      0.0               MM               0.0
  SINCE JUL 1      3.0               MM               0.0

DEGREE DAYS
 HEATING
  YESTERDAY        8

 COOLING
  YESTERDAY        0
...........................................................


WIND (MPH)
  RESULTANT WIND SPEED   1   RESULTANT WIND DIRECTION   E (100)
  HIGHEST WIND SPEED    12   HIGHEST WIND DIRECTION    SE (130)
  HIGHEST GUST SPEED    17   HIGHEST GUST DIRECTION    NE (30)


SKY COVER
  POSSIBLE SUNSHINE  MM
  AVERAGE SKY COVER 0.6


WEATHER CONDITIONS
 THE FOLLOWING WEATHER WAS RECORDED YESTERDAY.
  LIGHT RAIN


RELATIVE HUMIDITY (PERCENT)
 HIGHEST    93
 LOWEST     42
 AVERAGE    68

..........................................................


THE REDDING AIRPORT CA CLIMATE NORMALS FOR TODAY
                         NORMAL    RECORD    YEAR
 MAXIMUM TEMPERATURE (F)   74        95      2004
 MINIMUM TEMPERATURE (F)   48        34      1994


SUNRISE AND SUNSET
APRIL 26 2017.........SUNRISE   614 AM PDT   SUNSET   800 PM PDT
APRIL 27 2017.........SUNRISE   613 AM PDT   SUNSET   801 PM PDT


-  INDICATES NEGATIVE NUMBERS.
R  INDICATES RECORD WAS SET OR TIED.
MM INDICATES DATA IS MISSING.
T  INDICATES TRACE AMOUNT.




&&
....................................................................

REDDING CITY CLIMATE DATA FOR APRIL 25

CLIMATE RECORD PERIOD 1897-1986

RECORD HIGH..............     98 IN 1926
RECORD LOW...............     32 IN 1984

RECORD RAINFALL..........   1.15 IN 1978

$$

NNNN
