000
CDUS41 KPHI 030626
CLIRDG


CLIMATE REPORT
NATIONAL WEATHER SERVICE MOUNT HOLLY NJ
226 AM EDT THU SEP 3 2015


...................................

...THE READING PA CLIMATE SUMMARY FOR SEPTEMBER 2 2015...

CLIMATE NORMAL PERIOD 1981 TO 2010
CLIMATE RECORD PERIOD 1869 TO 2015


WEATHER ITEM   OBSERVED TIME   RECORD YEAR NORMAL DEPARTURE LAST
                VALUE   (LST)  VALUE       VALUE  FROM      YEAR
                                                  NORMAL
..................................................................
TEMPERATURE (F)
 YESTERDAY
  MAXIMUM         90    324 PM 102    1953  81      9       91
  MINIMUM         66    605 AM  45    1970  60      6       70
  AVERAGE         78                        70      8       81

PRECIPITATION (IN)
  YESTERDAY        0.00          2.17 1931   0.10  -0.10     0.03
  MONTH TO DATE    0.00                      0.20  -0.20     0.11
  SINCE SEP 1      0.00                      0.20  -0.20     0.11
  SINCE JAN 1     25.38                     29.16  -3.78    30.54

SNOWFALL (IN)
  YESTERDAY       MM            MM      MM  MM     MM       MM
  MONTH TO DATE   MM                        MM     MM       MM
  SINCE SEP 1     MM                        MM     MM       MM
  SINCE JUL 1     MM                        MM     MM       MM
  SNOW DEPTH      MM

DEGREE DAYS
 HEATING
  YESTERDAY        0                         0      0        0
  MONTH TO DATE    0                         0      0        0
  SINCE SEP 1      0                         0      0        0
  SINCE JUL 1      0                         5     -5        1

 COOLING
  YESTERDAY       13                         6      7       16
  MONTH TO DATE   27                        12     15       31
  SINCE SEP 1     27                        12     15       31
  SINCE JAN 1   1022                       815    207      852
..................................................................


WIND (MPH)
  HIGHEST WIND SPEED    13   HIGHEST WIND DIRECTION     W (290)
  HIGHEST GUST SPEED    16   HIGHEST GUST DIRECTION     W (260)
  AVERAGE WIND SPEED     2.5


SKY COVER
  POSSIBLE SUNSHINE  MM
  AVERAGE SKY COVER 0.0


WEATHER CONDITIONS
 THE FOLLOWING WEATHER WAS RECORDED YESTERDAY.
  FOG
  HAZE


RELATIVE HUMIDITY (PERCENT)
 HIGHEST    93           400 AM
 LOWEST     38           200 PM
 AVERAGE    66

..........................................................


THE READING PA CLIMATE NORMALS FOR TODAY
                         NORMAL    RECORD    YEAR
 MAXIMUM TEMPERATURE (F)   80        97      1980
 MINIMUM TEMPERATURE (F)   60        45      1976


SUNRISE AND SUNSET
SEPTEMBER  3 2015.....SUNRISE   633 AM EDT   SUNSET   733 PM EDT
SEPTEMBER  4 2015.....SUNRISE   634 AM EDT   SUNSET   731 PM EDT


-  INDICATES NEGATIVE NUMBERS.
R  INDICATES RECORD WAS SET OR TIED.
MM INDICATES DATA IS MISSING.
T  INDICATES TRACE AMOUNT.




$$
