000
CDUS41 KPHI 190547
CLIRDG


CLIMATE REPORT
NATIONAL WEATHER SERVICE MOUNT HOLLY NJ
1247 AM EST SUN NOV 19 2017


...................................

...THE READING PA CLIMATE SUMMARY FOR NOVEMBER 18 2017...

CLIMATE NORMAL PERIOD 1981 TO 2010
CLIMATE RECORD PERIOD 1869 TO 2017


WEATHER ITEM   OBSERVED TIME   RECORD YEAR NORMAL DEPARTURE LAST
                VALUE   (LST)  VALUE       VALUE  FROM      YEAR
                                                  NORMAL
..................................................................
TEMPERATURE (F)
 YESTERDAY
  MAXIMUM         55   1159 PM  78    1921  53      2       67
  MINIMUM         28    442 AM  19    1959  34     -6       33
                                      1936
                                      1924
  AVERAGE         42                        43     -1       50

PRECIPITATION (IN)
  YESTERDAY        0.60          1.45 1873   0.12   0.48     0.00
  MONTH TO DATE    1.60                      1.94  -0.34     0.39
  SINCE SEP 1      8.14                      9.50  -1.36     5.92
  SINCE JAN 1     41.58                     38.46   3.12    30.43

DEGREE DAYS
 HEATING
  YESTERDAY       23                        22      1       15
  MONTH TO DATE  376                       339     37      298
  SINCE SEP 1    624                       772   -148      599
  SINCE JUL 1    628                       777   -149      599

 COOLING
  YESTERDAY        0                         0      0        0
  MONTH TO DATE    0                         0      0        0
  SINCE SEP 1    197                        93    104      214
  SINCE JAN 1   1086                       896    190     1356
..................................................................


WIND (MPH)
  HIGHEST WIND SPEED    12   HIGHEST WIND DIRECTION    SE (150)
  HIGHEST GUST SPEED    16   HIGHEST GUST DIRECTION     S (190)
  AVERAGE WIND SPEED     2.4


SKY COVER
  POSSIBLE SUNSHINE  MM
  AVERAGE SKY COVER 0.5


WEATHER CONDITIONS
 THE FOLLOWING WEATHER WAS RECORDED YESTERDAY.
  HEAVY RAIN
  RAIN
  LIGHT RAIN
  FOG


RELATIVE HUMIDITY (PERCENT)
 HIGHEST   100           500 AM
 LOWEST     79          1000 AM
 AVERAGE    90

..........................................................


THE READING PA CLIMATE NORMALS FOR TODAY
                         NORMAL    RECORD    YEAR
 MAXIMUM TEMPERATURE (F)   52        73      1921
 MINIMUM TEMPERATURE (F)   34        17      2014


SUNRISE AND SUNSET
NOVEMBER 19 2017......SUNRISE   655 AM EST   SUNSET   444 PM EST
NOVEMBER 20 2017......SUNRISE   656 AM EST   SUNSET   443 PM EST


-  INDICATES NEGATIVE NUMBERS.
R  INDICATES RECORD WAS SET OR TIED.
MM INDICATES DATA IS MISSING.
T  INDICATES TRACE AMOUNT.




$$
