000
CDUS41 KPHI 250642
CLIRDG


CLIMATE REPORT
NATIONAL WEATHER SERVICE MOUNT HOLLY NJ
237 AM EDT SAT OCT 25 2014


...................................

...THE READING PA CLIMATE SUMMARY FOR OCTOBER 24 2014...

CLIMATE NORMAL PERIOD 1981 TO 2010
CLIMATE RECORD PERIOD 1869 TO 2014


WEATHER ITEM   OBSERVED TIME   RECORD YEAR NORMAL DEPARTURE LAST
                VALUE   (LST)  VALUE       VALUE  FROM      YEAR
                                                  NORMAL
..................................................................
TEMPERATURE (F)
 YESTERDAY
  MAXIMUM         70    228 PM  81    2001  62      8       52
  MINIMUM         51   1159 PM  20    1969  41     10       37
  AVERAGE         61                        51     10       45

PRECIPITATION (IN)
  YESTERDAY        0.00          2.69 1983   0.08  -0.08      T
  MONTH TO DATE    4.40                      2.69   1.71     4.73
  SINCE SEP 1      6.20                      7.03  -0.83     6.04
  SINCE JAN 1     36.63                     35.99   0.64    35.18

SNOWFALL (IN)
  YESTERDAY       MM            MM      MM  MM     MM       MM
  MONTH TO DATE   MM                        MM     MM       MM
  SINCE SEP 1     MM                        MM     MM       MM
  SINCE JUL 1     MM                        MM     MM       MM
  SNOW DEPTH      MM

DEGREE DAYS
 HEATING
  YESTERDAY        4                        14    -10       20
  MONTH TO DATE  170                       255    -85      159
  SINCE SEP 1    224                       329   -105      249
  SINCE JUL 1    225                       334   -109      249

 COOLING
  YESTERDAY        0                         0      0        0
  MONTH TO DATE   16                         5     11       42
  SINCE SEP 1    141                        89     52      140
  SINCE JAN 1    962                       892     70     1124
..................................................................


WIND (MPH)
  HIGHEST WIND SPEED    25   HIGHEST WIND DIRECTION    NW (320)
  HIGHEST GUST SPEED    31   HIGHEST GUST DIRECTION    NW (320)
  AVERAGE WIND SPEED    12.5


SKY COVER
  POSSIBLE SUNSHINE  MM
  AVERAGE SKY COVER 0.4


WEATHER CONDITIONS
 THE FOLLOWING WEATHER WAS RECORDED YESTERDAY.
  NO SIGNIFICANT WEATHER WAS OBSERVED.


RELATIVE HUMIDITY (PERCENT)
 HIGHEST    66          1200 AM
 LOWEST     34           500 PM
 AVERAGE    50

..........................................................


THE READING PA CLIMATE NORMALS FOR TODAY
                         NORMAL    RECORD    YEAR
 MAXIMUM TEMPERATURE (F)   61        79      1963
 MINIMUM TEMPERATURE (F)   40        28      1981
                                             1969


SUNRISE AND SUNSET
OCTOBER 25 2014.......SUNRISE   726 AM EDT   SUNSET   610 PM EDT
OCTOBER 26 2014.......SUNRISE   727 AM EDT   SUNSET   608 PM EDT


-  INDICATES NEGATIVE NUMBERS.
R  INDICATES RECORD WAS SET OR TIED.
MM INDICATES DATA IS MISSING.
T  INDICATES TRACE AMOUNT.




$$
