000
CDUS41 KPHI 220627
CLIRDG


CLIMATE REPORT
NATIONAL WEATHER SERVICE MOUNT HOLLY NJ
127 AM EST SAT NOV 22 2014


...................................

...THE READING PA CLIMATE SUMMARY FOR NOVEMBER 21 2014...

CLIMATE NORMAL PERIOD 1981 TO 2010
CLIMATE RECORD PERIOD 1869 TO 2014


WEATHER ITEM   OBSERVED TIME   RECORD YEAR NORMAL DEPARTURE LAST
                VALUE   (LST)  VALUE       VALUE  FROM      YEAR
                                                  NORMAL
..................................................................
TEMPERATURE (F)
 YESTERDAY
  MAXIMUM         36    303 PM  75    1900  51    -15       49
  MINIMUM         22   1149 PM  18    1903  33    -11       24
  AVERAGE         29                        42    -13       37

PRECIPITATION (IN)
  YESTERDAY        0.00          2.40 1952   0.11  -0.11     0.00
  MONTH TO DATE    1.23                      2.28  -1.05     0.65
  SINCE SEP 1      7.47                      9.84  -2.37     6.73
  SINCE JAN 1     37.90                     38.80  -0.90    35.87

SNOWFALL (IN)
  YESTERDAY       MM            MM      MM  MM     MM       MM
  MONTH TO DATE   MM                        MM     MM       MM
  SINCE SEP 1     MM                        MM     MM       MM
  SINCE JUL 1     MM                        MM     MM       MM
  SNOW DEPTH      MM

DEGREE DAYS
 HEATING
  YESTERDAY       36                        23     13       28
  MONTH TO DATE  486                       406     80      406
  SINCE SEP 1    788                       839    -51      771
  SINCE JUL 1    789                       844    -55      771

 COOLING
  YESTERDAY        0                         0      0        0
  MONTH TO DATE    0                         0      0        0
  SINCE SEP 1    141                        93     48      140
  SINCE JAN 1    962                       896     66     1124
..................................................................


WIND (MPH)
  HIGHEST WIND SPEED    24   HIGHEST WIND DIRECTION    NW (310)
  HIGHEST GUST SPEED    32   HIGHEST GUST DIRECTION     W (290)
  AVERAGE WIND SPEED    10.9


SKY COVER
  POSSIBLE SUNSHINE  MM
  AVERAGE SKY COVER 0.0


WEATHER CONDITIONS
 THE FOLLOWING WEATHER WAS RECORDED YESTERDAY.
  NO SIGNIFICANT WEATHER WAS OBSERVED.


RELATIVE HUMIDITY (PERCENT)
 HIGHEST    55          1100 PM
 LOWEST     29           300 PM
 AVERAGE    42

..........................................................


THE READING PA CLIMATE NORMALS FOR TODAY
                         NORMAL    RECORD    YEAR
 MAXIMUM TEMPERATURE (F)   51        73      1931
 MINIMUM TEMPERATURE (F)   33        16      1969


SUNRISE AND SUNSET
NOVEMBER 22 2014......SUNRISE   658 AM EST   SUNSET   442 PM EST
NOVEMBER 23 2014......SUNRISE   659 AM EST   SUNSET   441 PM EST


-  INDICATES NEGATIVE NUMBERS.
R  INDICATES RECORD WAS SET OR TIED.
MM INDICATES DATA IS MISSING.
T  INDICATES TRACE AMOUNT.




$$
