000
CDUS41 KPHI 272132
CLIRDG


CLIMATE REPORT
NATIONAL WEATHER SERVICE MOUNT HOLLY NJ
530 PM EDT THU JUL 27 2017


...................................

...THE READING PA CLIMATE SUMMARY FOR JULY 27 2017...
VALID TODAY AS OF 0500 PM LOCAL TIME.

CLIMATE NORMAL PERIOD 1981 TO 2010
CLIMATE RECORD PERIOD 1869 TO 2017


WEATHER ITEM   OBSERVED TIME   RECORD YEAR NORMAL DEPARTURE LAST
                VALUE   (LST)  VALUE       VALUE  FROM      YEAR
                                                  NORMAL
..................................................................
TEMPERATURE (F)
 TODAY
  MAXIMUM         79    352 PM  98    1955  85     -6       94
  MINIMUM         67    547 AM  46    1977  64      3       72
  AVERAGE         73                        75     -2       83

PRECIPITATION (IN)
  TODAY            0.00          2.51 1897   0.14  -0.14     0.00
  MONTH TO DATE    8.02                      3.98   4.04     2.05
  SINCE JUN 1     13.29                      7.76   5.53     3.87
  SINCE JAN 1     26.71                     24.78   1.93    17.87

DEGREE DAYS
 HEATING
  TODAY            0                         0      0        0
  MONTH TO DATE    0                         0      0        0
  SINCE JUN 1     16                        24     -8        9
  SINCE JUL 1      0                         0      0        0

 COOLING
  TODAY            8                        10     -2       18
  MONTH TO DATE  331                       267     64      370
  SINCE JUN 1    565                       456    109      596
  SINCE JAN 1    640                       516    124      690
..................................................................


WIND (MPH)
  HIGHEST WIND SPEED    10   HIGHEST WIND DIRECTION    SE (150)
  HIGHEST GUST SPEED    12   HIGHEST GUST DIRECTION    SE (150)
  AVERAGE WIND SPEED     2.7


SKY COVER
  POSSIBLE SUNSHINE  MM
  AVERAGE SKY COVER 0.9


WEATHER CONDITIONS
 THE FOLLOWING WEATHER WAS RECORDED TODAY.
  NO SIGNIFICANT WEATHER WAS OBSERVED.


RELATIVE HUMIDITY (PERCENT)
 HIGHEST    93           400 AM
 LOWEST     79           400 PM
 AVERAGE    86

..........................................................


THE READING PA CLIMATE NORMALS FOR TOMORROW
                         NORMAL    RECORD    YEAR
 MAXIMUM TEMPERATURE (F)   85        99      1941
 MINIMUM TEMPERATURE (F)   64        46      1977


SUNRISE AND SUNSET
JULY 27 2017..........SUNRISE   557 AM EDT   SUNSET   823 PM EDT
JULY 28 2017..........SUNRISE   558 AM EDT   SUNSET   822 PM EDT


-  INDICATES NEGATIVE NUMBERS.
R  INDICATES RECORD WAS SET OR TIED.
MM INDICATES DATA IS MISSING.
T  INDICATES TRACE AMOUNT.




$$
