000
CDUS41 KPHI 220630
CLIRDG


CLIMATE REPORT
NATIONAL WEATHER SERVICE MOUNT HOLLY NJ
130 AM EST SUN JAN 22 2017


...................................

...THE READING PA CLIMATE SUMMARY FOR JANUARY 21 2017...

CLIMATE NORMAL PERIOD 1981 TO 2010
CLIMATE RECORD PERIOD 1869 TO 2017


WEATHER ITEM   OBSERVED TIME   RECORD YEAR NORMAL DEPARTURE LAST
                VALUE   (LST)  VALUE       VALUE  FROM      YEAR
                                                  NORMAL
..................................................................
TEMPERATURE (F)
 YESTERDAY
  MAXIMUM         47    135 PM  67    1959  38      9       35
  MINIMUM         39    754 AM -20    1994  21     18       22
  AVERAGE         43                        29     14       29

PRECIPITATION (IN)
  YESTERDAY        0.00          2.10 1979   0.09  -0.09     0.00
  MONTH TO DATE    1.81                      2.19  -0.38     1.38
  SINCE DEC 1      3.94                      5.48  -1.54     4.94
  SINCE JAN 1      1.81                      2.19  -0.38     1.38

DEGREE DAYS
 HEATING
  YESTERDAY       22                        36    -14       36
  MONTH TO DATE  654                       741    -87      716
  SINCE DEC 1   1570                      1705   -135     1281
  SINCE JUL 1   2424                      2772   -348     2100

 COOLING
  YESTERDAY        0                         0      0        0
  MONTH TO DATE    0                         0      0        0
  SINCE DEC 1      0                         0      0        0
  SINCE JAN 1      0                         0      0        0
..................................................................


WIND (MPH)
  HIGHEST WIND SPEED     8   HIGHEST WIND DIRECTION    SW (240)
  HIGHEST GUST SPEED     9   HIGHEST GUST DIRECTION    SW (240)
  AVERAGE WIND SPEED     1.3


SKY COVER
  POSSIBLE SUNSHINE  MM
  AVERAGE SKY COVER 1.0


WEATHER CONDITIONS
 THE FOLLOWING WEATHER WAS RECORDED YESTERDAY.
  FOG
  FOG W/VISIBILITY <= 1/4 MILE


RELATIVE HUMIDITY (PERCENT)
 HIGHEST   100          1200 AM
 LOWEST    100          1200 AM
 AVERAGE   100

..........................................................


THE READING PA CLIMATE NORMALS FOR TODAY
                         NORMAL    RECORD    YEAR
 MAXIMUM TEMPERATURE (F)   38        67      1959
                                             1906
 MINIMUM TEMPERATURE (F)   21       -12      1984


SUNRISE AND SUNSET
JANUARY 22 2017.......SUNRISE   721 AM EST   SUNSET   510 PM EST
JANUARY 23 2017.......SUNRISE   720 AM EST   SUNSET   512 PM EST


-  INDICATES NEGATIVE NUMBERS.
R  INDICATES RECORD WAS SET OR TIED.
MM INDICATES DATA IS MISSING.
T  INDICATES TRACE AMOUNT.




$$
