000
CDUS41 KPHI 030636
CLIRDG


CLIMATE REPORT
NATIONAL WEATHER SERVICE MOUNT HOLLY NJ
132 AM EST TUE MAR 3 2015


...................................

...THE READING PA CLIMATE SUMMARY FOR MARCH 2 2015...

CLIMATE NORMAL PERIOD 1981 TO 2010
CLIMATE RECORD PERIOD 1869 TO 2015


WEATHER ITEM   OBSERVED TIME   RECORD YEAR NORMAL DEPARTURE LAST
                VALUE   (LST)  VALUE       VALUE  FROM      YEAR
                                                  NORMAL
..................................................................
TEMPERATURE (F)
 YESTERDAY
  MAXIMUM         36    453 PM  72    1972  46    -10       40
  MINIMUM         22   1115 PM   9    1980  27     -5       26
  AVERAGE         29                        36     -7       33

PRECIPITATION (IN)
  YESTERDAY        T             1.37 2007   0.08  -0.08     0.03
  MONTH TO DATE    0.35                      0.16   0.19     0.03
  SINCE MAR 1      0.35                      0.16   0.19     0.03
  SINCE JAN 1      4.09                      5.69  -1.60     6.71

SNOWFALL (IN)
  YESTERDAY       MM            MM      MM  MM     MM       MM
  MONTH TO DATE   MM                        MM     MM       MM
  SINCE MAR 1     MM                        MM     MM       MM
  SINCE JUL 1     MM                        MM     MM       MM
  SNOW DEPTH      MM

DEGREE DAYS
 HEATING
  YESTERDAY       36                        29      7       32
  MONTH TO DATE   83                        58     25       76
  SINCE MAR 1     83                        58     25       76
  SINCE JUL 1   4388                      4100    288     4386

 COOLING
  YESTERDAY        0                         0      0        0
  MONTH TO DATE    0                         0      0        0
  SINCE MAR 1      0                         0      0        0
  SINCE JAN 1      0                         0      0        0
..................................................................


WIND (MPH)
  HIGHEST WIND SPEED    35   HIGHEST WIND DIRECTION    NW (310)
  HIGHEST GUST SPEED    45   HIGHEST GUST DIRECTION    NW (330)
  AVERAGE WIND SPEED    10.3


SKY COVER
  POSSIBLE SUNSHINE  MM
  AVERAGE SKY COVER 0.5


WEATHER CONDITIONS
 THE FOLLOWING WEATHER WAS RECORDED YESTERDAY.
  LIGHT SNOW
  FOG
  HAZE


RELATIVE HUMIDITY (PERCENT)
 HIGHEST    92          1200 AM
 LOWEST     38           300 PM
 AVERAGE    65

..........................................................


THE READING PA CLIMATE NORMALS FOR TODAY
                         NORMAL    RECORD    YEAR
 MAXIMUM TEMPERATURE (F)   46        70      1991
 MINIMUM TEMPERATURE (F)   27         9      2009
                                             1980
                                             1925


SUNRISE AND SUNSET
MARCH  3 2015.........SUNRISE   635 AM EST   SUNSET   557 PM EST
MARCH  4 2015.........SUNRISE   633 AM EST   SUNSET   558 PM EST


-  INDICATES NEGATIVE NUMBERS.
R  INDICATES RECORD WAS SET OR TIED.
MM INDICATES DATA IS MISSING.
T  INDICATES TRACE AMOUNT.




$$
