000
CDUS41 KPHI 252127
CLIRDG


CLIMATE REPORT
NATIONAL WEATHER SERVICE MOUNT HOLLY NJ
527 PM EDT FRI JUL 25 2014


...................................

...THE READING PA CLIMATE SUMMARY FOR JULY 25 2014...
VALID TODAY AS OF 0500 PM LOCAL TIME.

CLIMATE NORMAL PERIOD 1981 TO 2010
CLIMATE RECORD PERIOD 1869 TO 2014


WEATHER ITEM   OBSERVED TIME   RECORD YEAR NORMAL DEPARTURE LAST
                VALUE   (LST)  VALUE       VALUE  FROM      YEAR
                                                  NORMAL
..................................................................
TEMPERATURE (F)
 TODAY
  MAXIMUM         81    359 PM  96    1999  85     -4       74
  MINIMUM         55    518 AM  52    1903  64     -9       56
  AVERAGE         68                        75     -7       65

PRECIPITATION (IN)
  TODAY            0.00          2.63 1925   0.15  -0.15     0.00
  MONTH TO DATE    4.52                      3.68   0.84     5.12
  SINCE JUN 1      8.31                      7.46   0.85    11.33
  SINCE JAN 1     27.13                     24.48   2.65    24.37

SNOWFALL (IN)
  TODAY           MM            MM      MM  MM     MM       MM
  MONTH TO DATE   MM                        MM     MM       MM
  SINCE JUN 1     MM                        MM     MM       MM
  SINCE JUL 1     MM                        MM     MM       MM
  SNOW DEPTH      MM

DEGREE DAYS
 HEATING
  TODAY            0                         0      0        0
  MONTH TO DATE    0                         0      0        0
  SINCE JUN 1      1                        24    -23        2
  SINCE JUL 1      0                         0      0        0

 COOLING
  TODAY            3                        10     -7        0
  MONTH TO DATE  269                       247     22      364
  SINCE JUN 1    497                       436     61      605
  SINCE JAN 1    559                       496     63      704
..................................................................


WIND (MPH)
  HIGHEST WIND SPEED    10   HIGHEST WIND DIRECTION    SW (230)
  HIGHEST GUST SPEED    15   HIGHEST GUST DIRECTION     W (270)
  AVERAGE WIND SPEED     3.7


SKY COVER
  POSSIBLE SUNSHINE  MM
  AVERAGE SKY COVER 0.0


WEATHER CONDITIONS
 THE FOLLOWING WEATHER WAS RECORDED TODAY.
  NO SIGNIFICANT WEATHER WAS OBSERVED.


RELATIVE HUMIDITY (PERCENT)
 HIGHEST    80           600 AM
 LOWEST     39           300 PM
 AVERAGE    60

..........................................................


THE READING PA CLIMATE NORMALS FOR TOMORROW
                         NORMAL    RECORD    YEAR
 MAXIMUM TEMPERATURE (F)   85        99      1940
 MINIMUM TEMPERATURE (F)   64        52      1976
                                             1977


SUNRISE AND SUNSET
JULY 25 2014..........SUNRISE   555 AM EDT   SUNSET   825 PM EDT
JULY 26 2014..........SUNRISE   556 AM EDT   SUNSET   824 PM EDT


-  INDICATES NEGATIVE NUMBERS.
R  INDICATES RECORD WAS SET OR TIED.
MM INDICATES DATA IS MISSING.
T  INDICATES TRACE AMOUNT.




$$
