000
CDUS46 KPDT 170834
CLIRDM

CLIMATE REPORT
NATIONAL WEATHER SERVICE PENDLETON OR
133 AM PDT TUE OCT 17 2017


...................................

...THE REDMOND OR CLIMATE SUMMARY FOR OCTOBER 16 2017...

CLIMATE NORMAL PERIOD 1981 TO 2010
CLIMATE RECORD PERIOD 1949 TO 2017


WEATHER ITEM   OBSERVED TIME   RECORD YEAR NORMAL DEPARTURE LAST
                VALUE   (LST)  VALUE       VALUE  FROM      YEAR
                                                  NORMAL
..................................................................
TEMPERATURE (F)
 YESTERDAY
  MAXIMUM         74    335 PM  85    1997  64     10       54
  MINIMUM         27    440 AM  18    1999  31     -4       43
  AVERAGE         51                        47      4       49

PRECIPITATION (IN)
  YESTERDAY        0.00          0.16 2006   0.02  -0.02      T
  MONTH TO DATE    0.41                      0.28   0.13     0.31
  SINCE OCT 1      0.41                      0.28   0.13     0.31
  SINCE JAN 1      5.88                      6.42  -0.54     5.85

DEGREE DAYS
 HEATING
  YESTERDAY       14                        18     -4       16
  MONTH TO DATE  336                       243     93      241
  SINCE SEP 1    558                       493     65      510
  SINCE JUL 1    581                       642    -61      599

 COOLING
  YESTERDAY        0                         0      0        0
  MONTH TO DATE    0                         0      0        0
  SINCE SEP 1     56                        16     40        1
  SINCE JAN 1    434                       222    212      240
..................................................................


WIND (MPH)
  RESULTANT WIND SPEED   2   RESULTANT WIND DIRECTION   E (90)
  HIGHEST WIND SPEED     9   HIGHEST WIND DIRECTION     S (170)
  HIGHEST GUST SPEED    11   HIGHEST GUST DIRECTION    SE (140)
  AVERAGE WIND SPEED     3.5


SKY COVER
  POSSIBLE SUNSHINE  MM
  AVERAGE SKY COVER 0.0


WEATHER CONDITIONS
 THE FOLLOWING WEATHER WAS RECORDED YESTERDAY.
  NO SIGNIFICANT WEATHER WAS OBSERVED.


RELATIVE HUMIDITY (PERCENT)
 HIGHEST    78           400 AM
 LOWEST     14           400 PM
 AVERAGE    46

..........................................................


THE REDMOND OR CLIMATE NORMALS FOR TODAY
                         NORMAL    RECORD    YEAR
 MAXIMUM TEMPERATURE (F)   63        85      1997
 MINIMUM TEMPERATURE (F)   31        15      1971


SUNRISE AND SUNSET
OCTOBER 17 2017.......SUNRISE   722 AM PDT   SUNSET   617 PM PDT
OCTOBER 18 2017.......SUNRISE   724 AM PDT   SUNSET   615 PM PDT


-  INDICATES NEGATIVE NUMBERS.
R  INDICATES RECORD WAS SET OR TIED.
MM INDICATES DATA IS MISSING.
T  INDICATES TRACE AMOUNT.




$$
