000
CDUS46 KPDT 250045 RRA
CLIRDM

CLIMATE REPORT
NATIONAL WEATHER SERVICE PENDLETON OR
533 PM PDT SUN MAY 24 2015


...................................

...THE REDMOND OR CLIMATE SUMMARY FOR MAY 24 2015...
VALID TODAY AS OF 0500 PM LOCAL TIME.

CLIMATE NORMAL PERIOD 1981 TO 2010
CLIMATE RECORD PERIOD 1949 TO 2015


WEATHER ITEM   OBSERVED TIME   RECORD YEAR NORMAL DEPARTURE LAST
                VALUE   (LST)  VALUE       VALUE  FROM      YEAR
                                                  NORMAL
..................................................................
TEMPERATURE (F)
 TODAY
  MAXIMUM         75    332 PM  93    1999  70      5       76
  MINIMUM         39    441 AM  25    1978  37      2       37
  AVERAGE         57                        54      3       57

PRECIPITATION (IN)
  TODAY            0.00          0.71 1987   0.03  -0.03     0.00
  MONTH TO DATE    2.39                      0.76   1.63     0.36
  SINCE OCT 1      8.20                      6.53   1.67     4.16
  SINCE JAN 1      3.92                      3.77   0.15     3.45

DEGREE DAYS
 HEATING
  TODAY            8                        12     -4        8
  MONTH TO DATE  333                       350    -17      289
  SINCE MAR 1   1611                      1748   -137     1591
  SINCE JUL 1   5644                      6421   -777     6384

 COOLING
  TODAY            0                         0      0        0
  MONTH TO DATE    0                         0      0        0
  SINCE MAR 1      0                         0      0        0
  SINCE JAN 1      0                         0      0        0
..................................................................


WIND (MPH)
  RESULTANT WIND SPEED   2   RESULTANT WIND DIRECTION   N (340)
  HIGHEST WIND SPEED    17   HIGHEST WIND DIRECTION     N (350)
  HIGHEST GUST SPEED    23   HIGHEST GUST DIRECTION     N (340)
  AVERAGE WIND SPEED     4.4


SKY COVER
  POSSIBLE SUNSHINE  MM
  AVERAGE SKY COVER 0.0


WEATHER CONDITIONS
THE FOLLOWING WEATHER WAS RECORDED TODAY.
  NO SIGNIFICANT WEATHER WAS OBSERVED.


RELATIVE HUMIDITY (PERCENT)
 HIGHEST   100           500 AM
 LOWEST     41           100 PM
 AVERAGE    71

..........................................................


THE REDMOND OR CLIMATE NORMALS FOR TOMORROW
                         NORMAL    RECORD    YEAR
 MAXIMUM TEMPERATURE (F)   70        92      1986
 MINIMUM TEMPERATURE (F)   38        20      1975


SUNRISE AND SUNSET
MAY 24 2015...........SUNRISE   529 AM PDT   SUNSET   834 PM PDT
MAY 25 2015...........SUNRISE   528 AM PDT   SUNSET   835 PM PDT


-  INDICATES NEGATIVE NUMBERS.
R  INDICATES RECORD WAS SET OR TIED.
MM INDICATES DATA IS MISSING.
T  INDICATES TRACE AMOUNT.




$$
