000
CDUS46 KPDT 280837 RRA
CLIRDM

CLIMATE REPORT
NATIONAL WEATHER SERVICE PENDLETON OR
131 AM PDT FRI APR 28 2017


...................................

...THE REDMOND OR CLIMATE SUMMARY FOR APRIL 27 2017...

CLIMATE NORMAL PERIOD 1981 TO 2010
CLIMATE RECORD PERIOD 1949 TO 2017


WEATHER ITEM   OBSERVED TIME   RECORD YEAR NORMAL DEPARTURE LAST
                VALUE   (LST)  VALUE       VALUE  FROM      YEAR
                                                  NORMAL
..................................................................
TEMPERATURE (F)
 YESTERDAY
  MAXIMUM         53    330 PM  88    1987  62     -9       60
  MINIMUM         36    924 PM  13    1970  31      5       37
  AVERAGE         45                        46     -1       49

PRECIPITATION (IN)
  YESTERDAY        T             0.25 1990   0.03  -0.03     0.01
  MONTH TO DATE    0.89                      0.65   0.24     0.27
  SINCE OCT 1      7.97                      5.69   2.28     5.75
  SINCE JAN 1      4.22                      2.93   1.29     2.18

DEGREE DAYS
 HEATING
  YESTERDAY       20                        19      1       16
  MONTH TO DATE  583                       566     17      381
  SINCE MAR 1   1260                      1344    -84     1111
  SINCE JUL 1   6137                      6017    120     5242

 COOLING
  YESTERDAY        0                         0      0        0
  MONTH TO DATE    0                         0      0        0
  SINCE MAR 1      0                         0      0        0
  SINCE JAN 1      0                         0      0        0
..................................................................


WIND (MPH)
  RESULTANT WIND SPEED  13   RESULTANT WIND DIRECTION  NW (300)
  HIGHEST WIND SPEED    28   HIGHEST WIND DIRECTION     W (290)
  HIGHEST GUST SPEED    35   HIGHEST GUST DIRECTION     W (290)
  AVERAGE WIND SPEED    13.3


SKY COVER
  POSSIBLE SUNSHINE  MM
  AVERAGE SKY COVER 0.5


WEATHER CONDITIONS
 THE FOLLOWING WEATHER WAS RECORDED YESTERDAY.
  LIGHT RAIN


RELATIVE HUMIDITY (PERCENT)
 HIGHEST    59           300 AM
 LOWEST     35           200 PM
 AVERAGE    47

..........................................................


THE REDMOND OR CLIMATE NORMALS FOR TODAY
                         NORMAL    RECORD    YEAR
 MAXIMUM TEMPERATURE (F)   62        88      1968
 MINIMUM TEMPERATURE (F)   31        16      1999


SUNRISE AND SUNSET
APRIL 28 2017.........SUNRISE   559 AM PDT   SUNSET   805 PM PDT
APRIL 29 2017.........SUNRISE   558 AM PDT   SUNSET   807 PM PDT


-  INDICATES NEGATIVE NUMBERS.
R  INDICATES RECORD WAS SET OR TIED.
MM INDICATES DATA IS MISSING.
T  INDICATES TRACE AMOUNT.

$$
