000
CDUS46 KPDT 260849 RRA
CLIRDM

CLIMATE REPORT
NATIONAL WEATHER SERVICE PENDLETON OR
128 AM PDT MON SEP 26 2016


...................................

...THE REDMOND OR CLIMATE SUMMARY FOR SEPTEMBER 25 2016...

CLIMATE NORMAL PERIOD 1981 TO 2010
CLIMATE RECORD PERIOD 1949 TO 2016


WEATHER ITEM   OBSERVED TIME   RECORD YEAR NORMAL DEPARTURE LAST
                VALUE   (LST)  VALUE       VALUE  FROM      YEAR
                                                  NORMAL
..................................................................
TEMPERATURE (F)
 YESTERDAY
  MAXIMUM         87    320 PM  95    1952  73     14       82
  MINIMUM         38    559 AM  21    2005  36      2       36
                                      1970
  AVERAGE         63                        54      9       59

PRECIPITATION (IN)
  YESTERDAY        0.00          0.42 2001   0.02  -0.02     0.00
  MONTH TO DATE    0.04                      0.34  -0.30     0.07
  SINCE OCT 1      9.10                      8.83   0.27     8.84
  SINCE JAN 1      5.53                      6.07  -0.54     4.56

DEGREE DAYS
 HEATING
  YESTERDAY        2                        11     -9        6
  MONTH TO DATE  247                       192     55      219
  SINCE SEP 1    247                       192     55      219
  SINCE JUL 1    336                       341     -5      310

 COOLING
  YESTERDAY        0                         0      0        0
  MONTH TO DATE    0                        14    -14        8
  SINCE SEP 1      0                        14    -14        8
  SINCE JAN 1    239                       220     19      363
..................................................................


WIND (MPH)
  RESULTANT WIND SPEED   2   RESULTANT WIND DIRECTION  SE (130)
  HIGHEST WIND SPEED    12   HIGHEST WIND DIRECTION     N (340)
  HIGHEST GUST SPEED    16   HIGHEST GUST DIRECTION     E (110)
  AVERAGE WIND SPEED     4.6


SKY COVER
  POSSIBLE SUNSHINE  MM
  AVERAGE SKY COVER 0.0


WEATHER CONDITIONS
 THE FOLLOWING WEATHER WAS RECORDED YESTERDAY.
  NO SIGNIFICANT WEATHER WAS OBSERVED.


RELATIVE HUMIDITY (PERCENT)
 HIGHEST    47          1100 PM
 LOWEST     14          1100 AM
 AVERAGE    31

..........................................................


THE REDMOND OR CLIMATE NORMALS FOR TODAY
                         NORMAL    RECORD    YEAR
 MAXIMUM TEMPERATURE (F)   73        95      1963
 MINIMUM TEMPERATURE (F)   35        24      1970


SUNRISE AND SUNSET
SEPTEMBER 26 2016.....SUNRISE   657 AM PDT   SUNSET   653 PM PDT
SEPTEMBER 27 2016.....SUNRISE   658 AM PDT   SUNSET   652 PM PDT


-  INDICATES NEGATIVE NUMBERS.
R  INDICATES RECORD WAS SET OR TIED.
MM INDICATES DATA IS MISSING.
T  INDICATES TRACE AMOUNT.




$$
