000
CDUS46 KPDT 180027
CLIRDM

CLIMATE REPORT
NATIONAL WEATHER SERVICE PENDLETON OR
427 PM PST WED DEC 17 2014


...................................

...THE REDMOND OR CLIMATE SUMMARY FOR DECEMBER 17 2014...
VALID TODAY AS OF 0400 PM LOCAL TIME.

CLIMATE NORMAL PERIOD 1981 TO 2010
CLIMATE RECORD PERIOD 1949 TO 2014


WEATHER ITEM   OBSERVED TIME   RECORD YEAR NORMAL DEPARTURE LAST
                VALUE   (LST)  VALUE       VALUE  FROM      YEAR
                                                  NORMAL
..................................................................
TEMPERATURE (F)
 TODAY
  MAXIMUM         37    112 PM  60    1998  40     -3       57
  MINIMUM         29    850 AM -12    1964  20      9       27
  AVERAGE         33                        30      3       42

PRECIPITATION (IN)
  TODAY            T             0.16 1961   0.04  -0.04     0.00
  MONTH TO DATE    0.61                      0.66  -0.05     0.30
  SINCE OCT 1      3.31                      2.26   1.05     0.64
  SINCE JAN 1      8.73                      8.40   0.33     4.73

DEGREE DAYS
 HEATING
  TODAY           32                        35     -3       23
  MONTH TO DATE  463                       581   -118      708
  SINCE DEC 1    463                       581   -118      708
  SINCE JUL 1   2050                      2355   -305     2494

 COOLING
  TODAY            0                         0      0        0
  MONTH TO DATE    0                         0      0        0
  SINCE DEC 1      0                         0      0        0
  SINCE JAN 1    311                       222     89      350
..................................................................


WIND (MPH)
  RESULTANT WIND SPEED   1   RESULTANT WIND DIRECTION  NW (320)
  HIGHEST WIND SPEED     8   HIGHEST WIND DIRECTION     W (290)
  HIGHEST GUST SPEED    10   HIGHEST GUST DIRECTION    NW (300)
  AVERAGE WIND SPEED     1.2


SKY COVER
  POSSIBLE SUNSHINE  MM
  AVERAGE SKY COVER 1.0


WEATHER CONDITIONS
 THE FOLLOWING WEATHER WAS RECORDED TODAY.
  LIGHT RAIN
  FOG
  FOG W/VISIBILITY <= 1/4 MILE


RELATIVE HUMIDITY (PERCENT)
 HIGHEST   100          1200 AM
 LOWEST     92           500 AM
 AVERAGE    96

..........................................................


THE REDMOND OR CLIMATE NORMALS FOR TOMORROW
                         NORMAL    RECORD    YEAR
 MAXIMUM TEMPERATURE (F)   40        59      2004
 MINIMUM TEMPERATURE (F)   20        -6      1984


SUNRISE AND SUNSET
DECEMBER 17 2014......SUNRISE   735 AM PST   SUNSET   427 PM PST
DECEMBER 18 2014......SUNRISE   735 AM PST   SUNSET   427 PM PST


-  INDICATES NEGATIVE NUMBERS.
R  INDICATES RECORD WAS SET OR TIED.
MM INDICATES DATA IS MISSING.
T  INDICATES TRACE AMOUNT.




$$
