000
CDUS46 KPDT 280846 RRA
CLIRDM

CLIMATE REPORT
NATIONAL WEATHER SERVICE PENDLETON OR
145 AM PDT SUN AUG 28 2016


...................................

...THE REDMOND OR CLIMATE SUMMARY FOR AUGUST 27 2016...

CLIMATE NORMAL PERIOD 1981 TO 2010
CLIMATE RECORD PERIOD 1949 TO 2016


WEATHER ITEM   OBSERVED TIME   RECORD YEAR NORMAL DEPARTURE LAST
                VALUE   (LST)  VALUE       VALUE  FROM      YEAR
                                                  NORMAL
..................................................................
TEMPERATURE (F)
 YESTERDAY
  MAXIMUM         89    301 PM  98    1972  82      7       90
  MINIMUM         46    522 AM  33    1964  43      3       51
  AVERAGE         68                        63      5       71

PRECIPITATION (IN)
  YESTERDAY        0.00          0.46 1975   0.02  -0.02     0.00
  MONTH TO DATE    0.02                      0.43  -0.41     0.01
  SINCE OCT 1      9.06                      8.42   0.64     8.76
  SINCE JAN 1      5.49                      5.66  -0.17     4.48

DEGREE DAYS
 HEATING
  YESTERDAY        0                         4     -4        0
  MONTH TO DATE   37                        64    -27       27
  SINCE JUN 1    263                       350    -87      152
  SINCE JUL 1     86                       133    -47       75

 COOLING
  YESTERDAY        3                         1      2        6
  MONTH TO DATE   80                        76      4      100
  SINCE JUN 1    220                       197     23      341
  SINCE JAN 1    223                       202     21      350
..................................................................


WIND (MPH)
  RESULTANT WIND SPEED   5   RESULTANT WIND DIRECTION  NW (310)
  HIGHEST WIND SPEED    23   HIGHEST WIND DIRECTION     W (290)
  HIGHEST GUST SPEED    28   HIGHEST GUST DIRECTION     W (280)
  AVERAGE WIND SPEED     9.3


SKY COVER
  POSSIBLE SUNSHINE  MM
  AVERAGE SKY COVER 0.0


WEATHER CONDITIONS
 THE FOLLOWING WEATHER WAS RECORDED YESTERDAY.
  NO SIGNIFICANT WEATHER WAS OBSERVED.


RELATIVE HUMIDITY (PERCENT)
 HIGHEST    50           600 AM
 LOWEST     13          1100 AM
 AVERAGE    32

..........................................................


THE REDMOND OR CLIMATE NORMALS FOR TODAY
                         NORMAL    RECORD    YEAR
 MAXIMUM TEMPERATURE (F)   82       101      1998
 MINIMUM TEMPERATURE (F)   43        25      1960


SUNRISE AND SUNSET
AUGUST 28 2016........SUNRISE   624 AM PDT   SUNSET   747 PM PDT
AUGUST 29 2016........SUNRISE   625 AM PDT   SUNSET   745 PM PDT


-  INDICATES NEGATIVE NUMBERS.
R  INDICATES RECORD WAS SET OR TIED.
MM INDICATES DATA IS MISSING.
T  INDICATES TRACE AMOUNT.




$$
