000
CDUS46 KPDT 050848
CLIRDM

CLIMATE REPORT
NATIONAL WEATHER SERVICE PENDLETON OR
1246 AM PST FRI FEB 5 2016


...................................

...THE REDMOND OR CLIMATE SUMMARY FOR FEBRUARY 4 2016...

CLIMATE NORMAL PERIOD 1981 TO 2010
CLIMATE RECORD PERIOD 1949 TO 2016


WEATHER ITEM   OBSERVED TIME   RECORD YEAR NORMAL DEPARTURE LAST
                VALUE   (LST)  VALUE       VALUE  FROM      YEAR
                                                  NORMAL
..................................................................
TEMPERATURE (F)
 YESTERDAY
  MAXIMUM         51    201 PM  67    2007  45      6       51
  MINIMUM         30    803 AM -13    1989  24      6       35
  AVERAGE         41                        34      7       43

PRECIPITATION (IN)
  YESTERDAY        0.00          0.16 1951   0.03  -0.03     0.00
  MONTH TO DATE    T                         0.10  -0.10     0.41
  SINCE OCT 1      4.79                      3.83   0.96     4.97
  SINCE JAN 1      1.22                      1.07   0.15     0.69

DEGREE DAYS
 HEATING
  YESTERDAY       24                        31     -7       22
  MONTH TO DATE  124                       124      0       98
  SINCE DEC 1   1851                      2190   -339     1867
  SINCE JUL 1   3569                      3964   -395     3454

 COOLING
  YESTERDAY        0                         0      0        0
  MONTH TO DATE    0                         0      0        0
  SINCE DEC 1      0                         0      0        0
  SINCE JAN 1      0                         0      0        0
..................................................................


WIND (MPH)
  RESULTANT WIND SPEED   4   RESULTANT WIND DIRECTION   S (170)
  HIGHEST WIND SPEED    17   HIGHEST WIND DIRECTION     S (190)
  HIGHEST GUST SPEED    24   HIGHEST GUST DIRECTION     S (190)
  AVERAGE WIND SPEED     5.9


SKY COVER
  POSSIBLE SUNSHINE  MM
  AVERAGE SKY COVER 0.2


WEATHER CONDITIONS
 THE FOLLOWING WEATHER WAS RECORDED YESTERDAY.
  NO SIGNIFICANT WEATHER WAS OBSERVED.


RELATIVE HUMIDITY (PERCENT)
 HIGHEST    82           100 AM
 LOWEST     46           200 PM
 AVERAGE    64

..........................................................


THE REDMOND OR CLIMATE NORMALS FOR TODAY
                         NORMAL    RECORD    YEAR
 MAXIMUM TEMPERATURE (F)   45        64      2007
 MINIMUM TEMPERATURE (F)   24       -19      1989


SUNRISE AND SUNSET
FEBRUARY  5 2016......SUNRISE   718 AM PST   SUNSET   519 PM PST
FEBRUARY  6 2016......SUNRISE   717 AM PST   SUNSET   521 PM PST


-  INDICATES NEGATIVE NUMBERS.
R  INDICATES RECORD WAS SET OR TIED.
MM INDICATES DATA IS MISSING.
T  INDICATES TRACE AMOUNT.




$$
