000
CDUS46 KPDT 050840
CLIRDM

CLIMATE REPORT
NATIONAL WEATHER SERVICE PENDLETON OR
1240 AM PST THU MAR 5 2015


...................................

...THE REDMOND OR CLIMATE SUMMARY FOR MARCH 4 2015...

CLIMATE NORMAL PERIOD 1981 TO 2010
CLIMATE RECORD PERIOD 1949 TO 2015


WEATHER ITEM   OBSERVED TIME   RECORD YEAR NORMAL DEPARTURE LAST
                VALUE   (LST)  VALUE       VALUE  FROM      YEAR
                                                  NORMAL
..................................................................
TEMPERATURE (F)
 YESTERDAY
  MAXIMUM         55    422 PM  74    1968  51      4       58
  MINIMUM         11    659 AM  10    2013  25    -14       28
                                      1963
  AVERAGE         33                        38     -5       43

PRECIPITATION (IN)
  YESTERDAY        0.00          0.26 1991   0.02  -0.02      T
  MONTH TO DATE    0.00                      0.08  -0.08     0.14
  SINCE OCT 1      5.26                      4.46   0.80     2.76
  SINCE JAN 1      0.98                      1.70  -0.72     2.05

DEGREE DAYS
 HEATING
  YESTERDAY       32                        27      5       22
  MONTH TO DATE  129                       110     19      101
  SINCE MAR 1    129                       110     19      101
  SINCE JUL 1   4162                      4783   -621     4894

 COOLING
  YESTERDAY        0                         0      0        0
  MONTH TO DATE    0                         0      0        0
  SINCE MAR 1      0                         0      0        0
  SINCE JAN 1      0                         0      0        0
..................................................................


WIND (MPH)
  RESULTANT WIND SPEED   1   RESULTANT WIND DIRECTION   E (100)
  HIGHEST WIND SPEED     8   HIGHEST WIND DIRECTION     E (110)
  HIGHEST GUST SPEED    11   HIGHEST GUST DIRECTION     E (90)
  AVERAGE WIND SPEED     2.1


SKY COVER
  POSSIBLE SUNSHINE  MM
  AVERAGE SKY COVER 0.0


WEATHER CONDITIONS
THE FOLLOWING WEATHER WAS RECORDED YESTERDAY.
  NO SIGNIFICANT WEATHER WAS OBSERVED.


RELATIVE HUMIDITY (PERCENT)
 HIGHEST    92           700 AM
 LOWEST     18           300 PM
 AVERAGE    55

..........................................................


THE REDMOND OR CLIMATE NORMALS FOR TODAY
                         NORMAL    RECORD    YEAR
 MAXIMUM TEMPERATURE (F)   51        70      1986
 MINIMUM TEMPERATURE (F)   25        -1      1955


SUNRISE AND SUNSET
MARCH  5 2015.........SUNRISE   635 AM PST   SUNSET   558 PM PST
MARCH  6 2015.........SUNRISE   633 AM PST   SUNSET   559 PM PST


-  INDICATES NEGATIVE NUMBERS.
R  INDICATES RECORD WAS SET OR TIED.
MM INDICATES DATA IS MISSING.
T  INDICATES TRACE AMOUNT.

$$
