000
CDUS46 KPDT 300852
CLIRDM

CLIMATE REPORT
NATIONAL WEATHER SERVICE PENDLETON OR
141 AM PDT SAT AUG 30 2014


...................................

...THE REDMOND OR CLIMATE SUMMARY FOR AUGUST 29 2014...

CLIMATE NORMAL PERIOD 1981 TO 2010
CLIMATE RECORD PERIOD 1949 TO 2014


WEATHER ITEM   OBSERVED TIME   RECORD YEAR NORMAL DEPARTURE LAST
                VALUE   (LST)  VALUE       VALUE  FROM      YEAR
                                                  NORMAL
..................................................................
TEMPERATURE (F)
 YESTERDAY
  MAXIMUM         86    140 PM 100    1998  82      4       84
  MINIMUM         43    515 AM  31    1969  43      0       56
  AVERAGE         65                        62      3       70

PRECIPITATION (IN)
  YESTERDAY        0.00          0.45 1982   0.02  -0.02     0.00
  MONTH TO DATE    0.94                      0.47   0.47     1.16
  SINCE OCT 1      5.69                      8.46  -2.77     6.99
  SINCE JAN 1      4.98                      5.70  -0.72     3.08

DEGREE DAYS
 HEATING
  YESTERDAY        0                         4     -4        0
  MONTH TO DATE   30                        72    -42       16
  SINCE JUN 1    284                       358    -74      221
  SINCE JUL 1     61                       141    -80       36

 COOLING
  YESTERDAY        0                         1     -1        5
  MONTH TO DATE  103                        78     25       94
  SINCE JUN 1    297                       199     98      300
  SINCE JAN 1    297                       204     93      309
..................................................................


WIND (MPH)
  RESULTANT WIND SPEED   6   RESULTANT WIND DIRECTION  NW (320)
  HIGHEST WIND SPEED    21   HIGHEST WIND DIRECTION    NW (300)
  HIGHEST GUST SPEED    29   HIGHEST GUST DIRECTION    NW (320)
  AVERAGE WIND SPEED     8.1


SKY COVER
  POSSIBLE SUNSHINE  MM
  AVERAGE SKY COVER 0.0


WEATHER CONDITIONS
 THE FOLLOWING WEATHER WAS RECORDED YESTERDAY.
  NO SIGNIFICANT WEATHER WAS OBSERVED.


RELATIVE HUMIDITY (PERCENT)
 HIGHEST    83           500 AM
 LOWEST     17           400 PM
 AVERAGE    50

..........................................................


THE REDMOND OR CLIMATE NORMALS FOR TODAY
                         NORMAL    RECORD    YEAR
 MAXIMUM TEMPERATURE (F)   81       101      1967
 MINIMUM TEMPERATURE (F)   42        31      1965


SUNRISE AND SUNSET
AUGUST 30 2014........SUNRISE   625 AM PDT   SUNSET   744 PM PDT
AUGUST 31 2014........SUNRISE   626 AM PDT   SUNSET   742 PM PDT


-  INDICATES NEGATIVE NUMBERS.
R  INDICATES RECORD WAS SET OR TIED.
MM INDICATES DATA IS MISSING.
T  INDICATES TRACE AMOUNT.




$$
