000
CDUS42 KRAH 300741
CLIRDU

CLIMATE REPORT
NATIONAL WEATHER SERVICE RALEIGH NC
341 AM EDT TUE SEP 30 2014

...................................

...THE RALEIGH-DURHAM INTL AIRPORT NC CLIMATE SUMMARY FOR SEPTEMBER 29 2014...

CLIMATE NORMAL PERIOD 1981 TO 2010
CLIMATE RECORD PERIOD 1887 TO 2014


WEATHER ITEM   OBSERVED TIME   RECORD YEAR NORMAL DEPARTURE LAST
                VALUE   (LST)  VALUE       VALUE  FROM      YEAR
                                                  NORMAL
..................................................................
TEMPERATURE (F)
 YESTERDAY
  MAXIMUM         73    124 PM  92    1941  78     -5       75
  MINIMUM         64   1159 PM  39    1970  56      8       52
                                      1942
  AVERAGE         69                        67      2       64

PRECIPITATION (IN)
  YESTERDAY        0.01          2.70 1972   0.13  -0.12     0.00
  MONTH TO DATE    5.91                      4.23   1.68     2.91
  SINCE SEP 1      5.91                      4.23   1.68     2.91
  SINCE JAN 1     44.32                     33.77  10.55    40.38

DEGREE DAYS
 HEATING
  YESTERDAY        0                         2     -2        1
  MONTH TO DATE   10                        16     -6       10
  SINCE SEP 1     10                        16     -6       10
  SINCE JUL 1     10                        17     -7       10

 COOLING
  YESTERDAY        4                         4      0        0
  MONTH TO DATE  232                       222     10      189
  SINCE SEP 1    232                       222     10      189
  SINCE JAN 1   1590                      1663    -73     1495
..................................................................


WIND (MPH)
  HIGHEST WIND SPEED     7   HIGHEST WIND DIRECTION     W (280)
  HIGHEST GUST SPEED     9   HIGHEST GUST DIRECTION     W (280)
  AVERAGE WIND SPEED     1.0


SKY COVER
  POSSIBLE SUNSHINE  MM
  AVERAGE SKY COVER 0.9


WEATHER CONDITIONS
 THE FOLLOWING WEATHER WAS RECORDED YESTERDAY.
  LIGHT RAIN
  FOG


RELATIVE HUMIDITY (PERCENT)
 HIGHEST    93          1000 PM
 LOWEST     66           100 PM
 AVERAGE    80

..........................................................


THE RALEIGH-DURHAM INTL AIRPORT NC CLIMATE NORMALS FOR TODAY
                         NORMAL    RECORD    YEAR
 MAXIMUM TEMPERATURE (F)   77        89      1954
 MINIMUM TEMPERATURE (F)   56        39      1951
                                             1888


SUNRISE AND SUNSET
SEPTEMBER 30 2014.....SUNRISE   709 AM EDT   SUNSET   700 PM EDT
OCTOBER  1 2014.......SUNRISE   710 AM EDT   SUNSET   659 PM EDT


-  INDICATES NEGATIVE NUMBERS.
R  INDICATES RECORD WAS SET OR TIED.
MM INDICATES DATA IS MISSING.
T  INDICATES TRACE AMOUNT.

&&

CLIMATE REPORT
NWS FORECAST OFFICE
NCSU CENTENNIAL CAMPUS
RALEIGH, NC

MAXIMUM TEMPERATURE... 73

MINIMUM TEMPERATURE... 63

PRECIPITATION... 0.02

$$

DJF
