000
CDUS42 KRAH 302049
CLIRDU


CLIMATE REPORT
NATIONAL WEATHER SERVICE RALEIGH NC
447 PM EDT SUN APR 30 2017


...................................

...THE RALEIGH-DURHAM INTL AIRPORT NC CLIMATE SUMMARY FOR APRIL 30 2017...
VALID TODAY AS OF 0445 PM LOCAL TIME.

CLIMATE NORMAL PERIOD 1981 TO 2010
CLIMATE RECORD PERIOD 1887 TO 2017


WEATHER ITEM   OBSERVED TIME   RECORD YEAR NORMAL DEPARTURE LAST
                VALUE   (LST)  VALUE       VALUE  FROM      YEAR
                                                  NORMAL
..................................................................
TEMPERATURE (F)
 TODAY
  MAXIMUM         86    345 PM  90    1906  76     10       65
                                      1893
  MINIMUM         70    559 AM  33    1961  52     18       58
  AVERAGE         78                        64     14       62

PRECIPITATION (IN)
  TODAY            0.00          2.45 1909   0.08  -0.08     0.00
  MONTH TO DATE    8.64                      2.92   5.72     2.98
  SINCE MAR 1     11.77                      7.03   4.74     7.02
  SINCE JAN 1     16.20                     13.76   2.44    13.43

SNOWFALL (IN)
  TODAY            0.0           0.0  2002   0.0    0.0      0.0
                                      2001
  MONTH TO DATE    0.0                       0.1   -0.1      0.0
  SINCE MAR 1      0.3                       0.6   -0.3       T
  SINCE JUL 1      0.8                       6.1   -5.3      1.4
  SNOW DEPTH       0

DEGREE DAYS
 HEATING
  TODAY            0                         4     -4        3
  MONTH TO DATE   74                       192   -118      180
  SINCE MAR 1    488                       617   -129      414
  SINCE JUL 1   2461                      3189   -728     2557

 COOLING
  TODAY           13                         3     10        0
  MONTH TO DATE  126                        49     77       57
  SINCE MAR 1    144                        60     84       95
  SINCE JAN 1    152                        61     91       95
..................................................................


WIND (MPH)
  HIGHEST WIND SPEED    20   HIGHEST WIND DIRECTION    SW (220)
  HIGHEST GUST SPEED    24   HIGHEST GUST DIRECTION    SW (220)
  AVERAGE WIND SPEED    11.1


SKY COVER
  POSSIBLE SUNSHINE  MM
  AVERAGE SKY COVER 0.8


WEATHER CONDITIONS
 THE FOLLOWING WEATHER WAS RECORDED TODAY.
  NO SIGNIFICANT WEATHER WAS OBSERVED.


RELATIVE HUMIDITY (PERCENT)
 HIGHEST    93           300 AM
 LOWEST     55           200 PM
 AVERAGE    74

..........................................................


THE RALEIGH-DURHAM INTL AIRPORT NC CLIMATE NORMALS FOR TOMORROW
                         NORMAL    RECORD    YEAR
 MAXIMUM TEMPERATURE (F)   76        92      2007
 MINIMUM TEMPERATURE (F)   52        36      1963


SUNRISE AND SUNSET
APRIL 30 2017.........SUNRISE   624 AM EDT   SUNSET   801 PM EDT
MAY  1 2017...........SUNRISE   623 AM EDT   SUNSET   802 PM EDT


-  INDICATES NEGATIVE NUMBERS.
R  INDICATES RECORD WAS SET OR TIED.
MM INDICATES DATA IS MISSING.
T  INDICATES TRACE AMOUNT.

&&

CLIMATE REPORT
NWS FORECAST OFFICE
NCSU CENTENNIAL CAMPUS
RALEIGH NC

MAXIMUM TEMPERATURE... 85

MINIMUM TEMPERATURE... 70

PRECIPITATION... 0.00

$$
