000
CDUS42 KRAH 210807
CLIRDU


CLIMATE REPORT
NATIONAL WEATHER SERVICE RALEIGH NC
406 AM EDT MON AUG 21 2017


...................................

...THE RALEIGH-DURHAM INTL AIRPORT NC CLIMATE SUMMARY FOR AUGUST 20 2017...

CLIMATE NORMAL PERIOD 1981 TO 2010
CLIMATE RECORD PERIOD 1887 TO 2017


WEATHER ITEM   OBSERVED TIME   RECORD YEAR NORMAL DEPARTURE LAST
                VALUE   (LST)  VALUE       VALUE  FROM      YEAR
                                                  NORMAL
..................................................................
TEMPERATURE (F)
 YESTERDAY
  MAXIMUM         95    202 PM 103    2007  88      7       91
  MINIMUM         71    609 AM  54    1998  68      3       74
  AVERAGE         83                        78      5       83

PRECIPITATION (IN)
  YESTERDAY        0.00          4.18 1986   0.12  -0.12      T
  MONTH TO DATE    4.53                      2.63   1.90     2.83
  SINCE JUN 1     13.07                     10.88   2.19    16.96
  SINCE JAN 1     34.93                     27.91   7.02    36.57

DEGREE DAYS
 HEATING
  YESTERDAY        0                         0      0        0
  MONTH TO DATE    0                         0      0        0
  SINCE JUN 1      1                         4     -3        0
  SINCE JUL 1      0                         0      0        0

 COOLING
  YESTERDAY       18                        13      5       18
  MONTH TO DATE  306                       283     23      363
  SINCE JUN 1   1165                      1096     69     1257
  SINCE JAN 1   1504                      1305    199     1493
..................................................................


WIND (MPH)
  HIGHEST WIND SPEED    13   HIGHEST WIND DIRECTION     E (70)
  HIGHEST GUST SPEED    22   HIGHEST GUST DIRECTION     E (100)
  AVERAGE WIND SPEED     3.6


SKY COVER
  POSSIBLE SUNSHINE  MM
  AVERAGE SKY COVER 0.4


WEATHER CONDITIONS
 THE FOLLOWING WEATHER WAS RECORDED YESTERDAY.
  FOG


RELATIVE HUMIDITY (PERCENT)
 HIGHEST   100           500 AM
 LOWEST     38          1200 PM
 AVERAGE    69

..........................................................


THE RALEIGH-DURHAM INTL AIRPORT NC CLIMATE NORMALS FOR TODAY
                         NORMAL    RECORD    YEAR
 MAXIMUM TEMPERATURE (F)   88       105      2007
 MINIMUM TEMPERATURE (F)   68        54      1981


SUNRISE AND SUNSET
AUGUST 21 2017........SUNRISE   639 AM EDT   SUNSET   757 PM EDT
AUGUST 22 2017........SUNRISE   639 AM EDT   SUNSET   756 PM EDT


-  INDICATES NEGATIVE NUMBERS.
R  INDICATES RECORD WAS SET OR TIED.
MM INDICATES DATA IS MISSING.
T  INDICATES TRACE AMOUNT.

&&

CLIMATE REPORT NWS FORECAST OFFICE
NCSU CENTENNIAL CAMPUS
RALEIGH, NC

MAX TEMPERATURE.....94
MIN TEMPERATURE.....71
PRECIPITATION.......0


$$
