000
CDUS42 KRAH 290735
CLIRDU


CLIMATE REPORT
NATIONAL WEATHER SERVICE RALEIGH NC
334 AM EDT SUN MAY 29 2016


...................................

...THE RALEIGH-DURHAM INTL AIRPORT NC CLIMATE SUMMARY FOR MAY 28 2016...

CLIMATE NORMAL PERIOD 1981 TO 2010
CLIMATE RECORD PERIOD 1887 TO 2016


WEATHER ITEM   OBSERVED TIME   RECORD YEAR NORMAL DEPARTURE LAST
                VALUE   (LST)  VALUE       VALUE  FROM      YEAR
                                                  NORMAL
..................................................................
TEMPERATURE (F)
 YESTERDAY
  MAXIMUM         87    353 PM  99    1941  83      4       87
  MINIMUM         59    504 AM  37    1961  60     -1       68
  AVERAGE         73                        71      2       78

PRECIPITATION (IN)
  YESTERDAY        0.00          1.37 1971   0.12  -0.12     0.15
  MONTH TO DATE    3.73                      2.90   0.83     3.04
  SINCE MAR 1     10.75                      9.93   0.82    11.58
  SINCE JAN 1     17.16                     16.66   0.50    17.84

DEGREE DAYS
 HEATING
  YESTERDAY        0                         1     -1        0
  MONTH TO DATE   52                        52      0       20
  SINCE MAR 1    466                       669   -203      587
  SINCE JUL 1   2609                      3241   -632     3484

 COOLING
  YESTERDAY        8                         7      1       13
  MONTH TO DATE  112                       126    -14      176
  SINCE MAR 1    207                       186     21      232
  SINCE JAN 1    207                       187     20      232
..................................................................


WIND (MPH)
  HIGHEST WIND SPEED    12   HIGHEST WIND DIRECTION     E (90)
  HIGHEST GUST SPEED    16   HIGHEST GUST DIRECTION     E (90)
  AVERAGE WIND SPEED     2.8


SKY COVER
  POSSIBLE SUNSHINE  MM
  AVERAGE SKY COVER 0.5


WEATHER CONDITIONS
 THE FOLLOWING WEATHER WAS RECORDED YESTERDAY.
  NO SIGNIFICANT WEATHER WAS OBSERVED.


RELATIVE HUMIDITY (PERCENT)
 HIGHEST    97           600 AM
 LOWEST     33           100 PM
 AVERAGE    65

..........................................................


THE RALEIGH-DURHAM INTL AIRPORT NC CLIMATE NORMALS FOR TODAY
                         NORMAL    RECORD    YEAR
 MAXIMUM TEMPERATURE (F)   83        98      1941
 MINIMUM TEMPERATURE (F)   61        47      1968
                                             1926
                                             1922


SUNRISE AND SUNSET
MAY 29 2016...........SUNRISE   601 AM EDT   SUNSET   825 PM EDT
MAY 30 2016...........SUNRISE   601 AM EDT   SUNSET   825 PM EDT


-  INDICATES NEGATIVE NUMBERS.
R  INDICATES RECORD WAS SET OR TIED.
MM INDICATES DATA IS MISSING.
T  INDICATES TRACE AMOUNT.

&&

CLIMATE REPORT
NWS FORECAST OFFICE
NCSU CENTENNIAL CAMPUS
RALEIGH NC

MAXIMUM TEMPERATURE...86

MINIMUM TEMPERATURE...60

PRECIPITATION...0.00


$$
