000
CDUS42 KRAH 032127
CLIRDU


CLIMATE REPORT
NATIONAL WEATHER SERVICE RALEIGH NC
526 PM EDT MON AUG 3 2015


...................................

...THE RALEIGH-DURHAM INTL AIRPORT NC CLIMATE SUMMARY FOR AUGUST 3 2015...
VALID TODAY AS OF 0500 PM LOCAL TIME.

CLIMATE NORMAL PERIOD 1981 TO 2010
CLIMATE RECORD PERIOD 1887 TO 2015


WEATHER ITEM   OBSERVED TIME   RECORD YEAR NORMAL DEPARTURE LAST
                VALUE   (LST)  VALUE       VALUE  FROM      YEAR
                                                  NORMAL
..................................................................
TEMPERATURE (F)
 TODAY
  MAXIMUM         95    324 PM 100    1942  90      5       80
  MINIMUM         69    443 AM  58    1985  70     -1       67
  AVERAGE         82                        80      2       74

PRECIPITATION (IN)
  TODAY            0.00          5.27 1915   0.14  -0.14     0.00
  MONTH TO DATE    0.00                      0.42  -0.42     0.79
  SINCE JUN 1     11.36                      8.67   2.69    13.06
  SINCE JAN 1     29.20                     25.70   3.50    32.33

DEGREE DAYS
 HEATING
  TODAY            0                         0      0        0
  MONTH TO DATE    0                         0      0        0
  SINCE JUN 1      0                         4     -4        0
  SINCE JUL 1      0                         0      0        0

 COOLING
  TODAY           17                        15      2        9
  MONTH TO DATE   44                        45     -1       17
  SINCE JUN 1    953                       858     95      817
  SINCE JAN 1   1223                      1067    156     1030
..................................................................


WIND (MPH)
  HIGHEST WIND SPEED    14   HIGHEST WIND DIRECTION    SW (240)
  HIGHEST GUST SPEED    20   HIGHEST GUST DIRECTION    SW (240)
  AVERAGE WIND SPEED     4.4


SKY COVER
  POSSIBLE SUNSHINE  MM
  AVERAGE SKY COVER 0.6


WEATHER CONDITIONS
 THE FOLLOWING WEATHER WAS RECORDED TODAY.
  NO SIGNIFICANT WEATHER WAS OBSERVED.


RELATIVE HUMIDITY (PERCENT)
 HIGHEST    97           500 AM
 LOWEST     39           300 PM
 AVERAGE    68

..........................................................


THE RALEIGH-DURHAM INTL AIRPORT NC CLIMATE NORMALS FOR TOMORROW
                         NORMAL    RECORD    YEAR
 MAXIMUM TEMPERATURE (F)   90        99      1935
 MINIMUM TEMPERATURE (F)   70        55      1985


SUNRISE AND SUNSET
AUGUST  3 2015........SUNRISE   624 AM EDT   SUNSET   818 PM EDT
AUGUST  4 2015........SUNRISE   625 AM EDT   SUNSET   817 PM EDT


-  INDICATES NEGATIVE NUMBERS.
R  INDICATES RECORD WAS SET OR TIED.
MM INDICATES DATA IS MISSING.
T  INDICATES TRACE AMOUNT.


&&

CLIMATE REPORT NWS FORECAST OFFICE
NCSU CENTENNIAL CAMPUS
RALEIGH, NC

MAXIMUM TEMPERATURE... 92

MINIMUM TEMPERATURE... 72

PRECIPITATION... 0.00

$$
