000
CDUS42 KRAH 270535
CLIRDU


CLIMATE REPORT
NATIONAL WEATHER SERVICE RALEIGH NC
132 AM EDT TUE JUN 27 2017


...................................

...THE RALEIGH-DURHAM INTL AIRPORT NC CLIMATE SUMMARY FOR JUNE 26 2017...

CLIMATE NORMAL PERIOD 1981 TO 2010
CLIMATE RECORD PERIOD 1887 TO 2017


WEATHER ITEM   OBSERVED TIME   RECORD YEAR NORMAL DEPARTURE LAST
                VALUE   (LST)  VALUE       VALUE  FROM      YEAR
                                                  NORMAL
..................................................................
TEMPERATURE (F)
 YESTERDAY
  MAXIMUM         85    240 PM 102    1952  89     -4       85
  MINIMUM         60    534 AM  52    1979  68     -8       64
  AVERAGE         73                        79     -6       75

PRECIPITATION (IN)
  YESTERDAY        0.00          1.85 1892   0.11  -0.11     0.00
  MONTH TO DATE    6.11                      3.04   3.07     3.85
  SINCE JUN 1      6.11                      3.04   3.07     3.85
  SINCE JAN 1     27.97                     20.07   7.90    23.46

DEGREE DAYS
 HEATING
  YESTERDAY        0                         0      0        0
  MONTH TO DATE    1                         0      1        0
  SINCE JUN 1      1                         0      1        0
  SINCE JUL 1   2507                      3243   -736     2609

 COOLING
  YESTERDAY        8                        14     -6       10
  MONTH TO DATE  292                       291      1      308
  SINCE JUN 1    292                       291      1      308
  SINCE JAN 1    631                       500    131      544
..................................................................


WIND (MPH)
  HIGHEST WIND SPEED    12   HIGHEST WIND DIRECTION     W (250)
  HIGHEST GUST SPEED    19   HIGHEST GUST DIRECTION     W (260)
  AVERAGE WIND SPEED     3.3


SKY COVER
  POSSIBLE SUNSHINE  MM
  AVERAGE SKY COVER 0.3


WEATHER CONDITIONS
 THE FOLLOWING WEATHER WAS RECORDED YESTERDAY.
  NO SIGNIFICANT WEATHER WAS OBSERVED.


RELATIVE HUMIDITY (PERCENT)
 HIGHEST    90           500 AM
 LOWEST     34          1200 PM
 AVERAGE    62

..........................................................


THE RALEIGH-DURHAM INTL AIRPORT NC CLIMATE NORMALS FOR TODAY
                         NORMAL    RECORD    YEAR
 MAXIMUM TEMPERATURE (F)   89       104      1954
 MINIMUM TEMPERATURE (F)   69        53      1985


SUNRISE AND SUNSET
JUNE 27 2017..........SUNRISE   601 AM EDT   SUNSET   836 PM EDT
JUNE 28 2017..........SUNRISE   601 AM EDT   SUNSET   836 PM EDT


-  INDICATES NEGATIVE NUMBERS.
R  INDICATES RECORD WAS SET OR TIED.
MM INDICATES DATA IS MISSING.
T  INDICATES TRACE AMOUNT.

&&

CLIMATE REPORT
NWS FORECAST OFFICE
NCSU CENTENNIAL CAMPUS
RALEIGH NC

MAXIMUM TEMPERATURE... 86

MINIMUM TEMPERATURE... 61

PRECIPITATION... 0.00

$$
