000
CDUS42 KRAH 192038
CLIRDU


CLIMATE REPORT
NATIONAL WEATHER SERVICE RALEIGH NC
436 PM EDT THU OCT 19 2017


...................................

...THE RALEIGH-DURHAM INTL AIRPORT NC CLIMATE SUMMARY FOR OCTOBER 19 2017...
VALID TODAY AS OF 0436 PM LOCAL TIME.

CLIMATE NORMAL PERIOD 1981 TO 2010
CLIMATE RECORD PERIOD 1887 TO 2017


WEATHER ITEM   OBSERVED TIME   RECORD YEAR NORMAL DEPARTURE LAST
                VALUE   (LST)  VALUE       VALUE  FROM      YEAR
                                                  NORMAL
..................................................................
TEMPERATURE (F)
 TODAY
  MAXIMUM         76    334 PM  88    2016  72      4       88
  MINIMUM         42    651 AM  32    2015  49     -7       62
                                      1948
  AVERAGE         59                        60     -1       75

PRECIPITATION (IN)
  TODAY            0.00          1.84 1968   0.10  -0.10     0.00
  MONTH TO DATE    1.63                      2.04  -0.41     6.96
  SINCE SEP 1      3.91                      6.40  -2.49    11.57
  SINCE JAN 1     39.31                     35.94   3.37    48.32

DEGREE DAYS
 HEATING
  TODAY            6                         6      0        0
  MONTH TO DATE   44                        77    -33       30
  SINCE SEP 1     51                        97    -46       30
  SINCE JUL 1     51                        98    -47       30

 COOLING
  TODAY            0                         1     -1       10
  MONTH TO DATE  107                        41     66       57
  SINCE SEP 1    328                       268     60      406
  SINCE JAN 1   1960                      1709    251     2074
..................................................................


WIND (MPH)
  HIGHEST WIND SPEED    12   HIGHEST WIND DIRECTION    SW (230)
  HIGHEST GUST SPEED    14   HIGHEST GUST DIRECTION    SW (240)
  AVERAGE WIND SPEED     1.2


SKY COVER
  POSSIBLE SUNSHINE  MM
  AVERAGE SKY COVER 0.3


WEATHER CONDITIONS
 THE FOLLOWING WEATHER WAS RECORDED TODAY.
  NO SIGNIFICANT WEATHER WAS OBSERVED.


RELATIVE HUMIDITY (PERCENT)
 HIGHEST   100          1200 AM
 LOWEST     38           300 PM
 AVERAGE    69

..........................................................


THE RALEIGH-DURHAM INTL AIRPORT NC CLIMATE NORMALS FOR TOMORROW
                         NORMAL    RECORD    YEAR
 MAXIMUM TEMPERATURE (F)   72        87      1926
 MINIMUM TEMPERATURE (F)   48        28      1992
                                             1972


SUNRISE AND SUNSET
OCTOBER 19 2017.......SUNRISE   726 AM EDT   SUNSET   634 PM EDT
OCTOBER 20 2017.......SUNRISE   726 AM EDT   SUNSET   633 PM EDT


-  INDICATES NEGATIVE NUMBERS.
R  INDICATES RECORD WAS SET OR TIED.
MM INDICATES DATA IS MISSING.
T  INDICATES TRACE AMOUNT.

&&

CLIMATE REPORT
NWS FORECAST OFFICE
NCSU CENTENNIAL CAMPUS
RALEIGH NC

MAXIMUM TEMPERATURE... 76

MINIMUM TEMPERATURE... 45

PRECIPITATION... 0.00


$$
