000
CDUS42 KRAH 222147
CLIRDU


CLIMATE REPORT
NATIONAL WEATHER SERVICE RALEIGH NC
445 PM EST MON DEC 22 2014


...................................

...THE RALEIGH-DURHAM INTL AIRPORT NC CLIMATE SUMMARY FOR DECEMBER 22 2014...
VALID TODAY AS OF 0445 PM LOCAL TIME.

CLIMATE NORMAL PERIOD 1981 TO 2010
CLIMATE RECORD PERIOD 1887 TO 2014


WEATHER ITEM   OBSERVED TIME   RECORD YEAR NORMAL DEPARTURE LAST
                VALUE   (LST)  VALUE       VALUE  FROM      YEAR
                                                  NORMAL
..................................................................
TEMPERATURE (F)
 TODAY
  MAXIMUM         41   1247 AM  78    2013  52    -11       78
  MINIMUM         36    857 AM   9    1976  32      4       64
  AVERAGE         39                        42     -3       71

PRECIPITATION (IN)
  TODAY            0.40          2.34 1908   0.10   0.30     0.28
  MONTH TO DATE    1.58                      2.17  -0.59     1.99
  SINCE DEC 1      1.58                      2.17  -0.59     1.99
  SINCE JAN 1     51.86                     42.44   9.42    46.77

SNOWFALL (IN)
  TODAY            0.0           4.6  1935   0.0    0.0      0.0
  MONTH TO DATE    T                         0.3   -0.3      0.0
  SINCE DEC 1      T                         0.3   -0.3      0.0
  SINCE JUL 1      T                         0.4   -0.4       T
  SNOW DEPTH       0

DEGREE DAYS
 HEATING
  TODAY           26                        23      3        0
  MONTH TO DATE  450                       455     -5      382
  SINCE DEC 1    450                       455     -5      382
  SINCE JUL 1   1114                      1036     78     1034

 COOLING
  TODAY            0                         0      0        6
  MONTH TO DATE    0                         0      0       13
  SINCE DEC 1      0                         0      0       13
  SINCE JAN 1   1657                      1728    -71     1565
..................................................................


WIND (MPH)
  HIGHEST WIND SPEED    14   HIGHEST WIND DIRECTION    NE (50)
  HIGHEST GUST SPEED    18   HIGHEST GUST DIRECTION    NE (50)
  AVERAGE WIND SPEED     7.2


SKY COVER
  POSSIBLE SUNSHINE  MM
  AVERAGE SKY COVER 1.0


WEATHER CONDITIONS
 THE FOLLOWING WEATHER WAS RECORDED TODAY.
  RAIN
  LIGHT RAIN
  FOG


RELATIVE HUMIDITY (PERCENT)
 HIGHEST    92           500 AM
 LOWEST     73          1200 AM
 AVERAGE    83

..........................................................


THE RALEIGH-DURHAM INTL AIRPORT NC CLIMATE NORMALS FOR TOMORROW
                         NORMAL    RECORD    YEAR
 MAXIMUM TEMPERATURE (F)   52        76      1990
 MINIMUM TEMPERATURE (F)   32        10      1989
                                             1935


SUNRISE AND SUNSET
DECEMBER 22 2014......SUNRISE   722 AM EST   SUNSET   506 PM EST
DECEMBER 23 2014......SUNRISE   722 AM EST   SUNSET   506 PM EST


-  INDICATES NEGATIVE NUMBERS.
R  INDICATES RECORD WAS SET OR TIED.
MM INDICATES DATA IS MISSING.
T  INDICATES TRACE AMOUNT.


&&

CLIMATE REPORT NWS FORECAST OFFICE
NCSU CENTENNIAL CAMPUS
RALEIGH, NC

MAXIMUM TEMPERATURE... 41

MINIMUM TEMPERATURE... 35

PRECIPITATION... 0.67

$$
