620
CDUS46 KBOI 190931
CLIREO


CLIMATE REPORT
NATIONAL WEATHER SERVICE BOISE ID
331 AM MDT TUE SEP 19 2017


...................................

...THE ROME OR CLIMATE SUMMARY FOR SEPTEMBER 18 2017...

CLIMATE NORMAL PERIOD 1981 TO 2010
CLIMATE RECORD PERIOD 9999 TO 9999


WEATHER ITEM   OBSERVED TIME   NORMAL DEPARTURE LAST
                VALUE   (LST)  VALUE  FROM      YEAR
                                      NORMAL
......................................................
TEMPERATURE (F)
 YESTERDAY
  MAXIMUM         68        MM  79    -11       88
  MINIMUM         47        MM  40      7       57
  AVERAGE         58            59     -1       73

PRECIPITATION (IN)
  YESTERDAY        0.13          0.02   0.11     0.00
  MONTH TO DATE    0.15          0.19  -0.04     0.19
  SINCE OCT 1      9.25          8.71   0.54     8.29
  SINCE JAN 1      6.87          6.52   0.35     3.86

DEGREE DAYS
 HEATING
  YESTERDAY        7             6      1        0
  MONTH TO DATE   43            76    -33      109
  SINCE SEP 1     43            76    -33      109
  SINCE JUL 1     43           117    -74      130

 COOLING
  YESTERDAY        0             1     -1        8
  MONTH TO DATE  132            38     94       16
  SINCE SEP 1    132            38     94       16
  SINCE JAN 1   1037           504    533      677
......................................................


WIND (MPH)
  RESULTANT WIND SPEED   9   RESULTANT WIND DIRECTION  SW (230)
  HIGHEST WIND SPEED    20   HIGHEST WIND DIRECTION     W (290)
  HIGHEST GUST SPEED    32   HIGHEST GUST DIRECTION     W (250)
  AVERAGE WIND SPEED    11.7


SKY COVER
  AVERAGE SKY COVER 0.0


WEATHER CONDITIONS
 THE FOLLOWING WEATHER WAS RECORDED YESTERDAY.
  NO SIGNIFICANT WEATHER WAS OBSERVED.


RELATIVE HUMIDITY (PERCENT)
 HIGHEST    86           800 PM
 LOWEST     29           800 AM
 AVERAGE    58

..........................................................


THE ROME OR CLIMATE NORMALS FOR TODAY
                         NORMAL    RECORD    YEAR
 MAXIMUM TEMPERATURE (F)   78        MM        MM
 MINIMUM TEMPERATURE (F)   39        MM        MM


SUNRISE AND SUNSET
SEPTEMBER 19 2017.....SUNRISE   636 AM PDT   SUNSET   653 PM PDT
SEPTEMBER 20 2017.....SUNRISE   637 AM PDT   SUNSET   652 PM PDT


-  INDICATES NEGATIVE NUMBERS.
R  INDICATES RECORD WAS SET OR TIED.
MM INDICATES DATA IS MISSING.
T  INDICATES TRACE AMOUNT.




$$
