000
CDUS46 KBOI 220932
CLIREO


CLIMATE REPORT
NATIONAL WEATHER SERVICE BOISE ID
332 AM MDT FRI AUG 22 2014


...................................

...THE ROME OR CLIMATE SUMMARY FOR AUGUST 21 2014...

CLIMATE NORMAL PERIOD 1981 TO 2010
CLIMATE RECORD PERIOD 9999 TO 9999


WEATHER ITEM   OBSERVED TIME   NORMAL DEPARTURE LAST
                VALUE   (LST)  VALUE  FROM      YEAR
                                      NORMAL
......................................................
TEMPERATURE (F)
 YESTERDAY
  MAXIMUM         87    340 PM  89     -2       91
  MINIMUM         54    524 AM  49      5       66
  AVERAGE         71            69      2       79

PRECIPITATION (IN)
  YESTERDAY        0.00          0.01  -0.01     0.16
  MONTH TO DATE    0.11          0.25  -0.14     0.16
  SINCE OCT 1      2.49          8.41  -5.92     4.69
  SINCE JAN 1      2.30          6.22  -3.92     3.23

DEGREE DAYS
 HEATING
  YESTERDAY        0             1     -1        0
  MONTH TO DATE    0            13    -13        0
  SINCE JUN 1     59           152    -93       94
  SINCE JUL 1      0            27    -27        0

 COOLING
  YESTERDAY        6             5      1       14
  MONTH TO DATE  181           135     46      190
  SINCE JUN 1    589           412    177      706
  SINCE JAN 1    600           422    178      728
......................................................


WIND (MPH)
  RESULTANT WIND SPEED   2   RESULTANT WIND DIRECTION   N (0)
  HIGHEST WIND SPEED    20   HIGHEST WIND DIRECTION     W (260)
  HIGHEST GUST SPEED    25   HIGHEST GUST DIRECTION     W (260)
  AVERAGE WIND SPEED     7.2


SKY COVER
  AVERAGE SKY COVER 0.0


WEATHER CONDITIONS
 THE FOLLOWING WEATHER WAS RECORDED YESTERDAY.
  NO SIGNIFICANT WEATHER WAS OBSERVED.


RELATIVE HUMIDITY (PERCENT)
 HIGHEST    53           400 AM
 LOWEST      9           300 PM
 AVERAGE    31

..........................................................


THE ROME OR CLIMATE NORMALS FOR TODAY
                         NORMAL    RECORD    YEAR
 MAXIMUM TEMPERATURE (F)   89        MM        MM
 MINIMUM TEMPERATURE (F)   49        MM        MM


SUNRISE AND SUNSET
AUGUST 22 2014........SUNRISE   606 AM PDT   SUNSET   742 PM PDT
AUGUST 23 2014........SUNRISE   607 AM PDT   SUNSET   740 PM PDT


-  INDICATES NEGATIVE NUMBERS.
R  INDICATES RECORD WAS SET OR TIED.
MM INDICATES DATA IS MISSING.
T  INDICATES TRACE AMOUNT.




$$
