000
CDUS46 KBOI 140931
CLIREO


CLIMATE REPORT
NATIONAL WEATHER SERVICE BOISE ID
231 AM MST SUN FEB 14 2016


...................................

...THE ROME OR CLIMATE SUMMARY FOR FEBRUARY 13 2016...

CLIMATE NORMAL PERIOD 1981 TO 2010
CLIMATE RECORD PERIOD 9999 TO 9999


WEATHER ITEM   OBSERVED TIME   NORMAL DEPARTURE LAST
                VALUE   (LST)  VALUE  FROM      YEAR
                                      NORMAL
......................................................
TEMPERATURE (F)
 YESTERDAY
  MAXIMUM         53    311 PM  44      9       56
  MINIMUM         35    232 AM  21     14       26
  AVERAGE         44            33     11       41

PRECIPITATION (IN)
  YESTERDAY        0.00          0.02  -0.02     0.00
  MONTH TO DATE    0.05          0.35  -0.30     0.18
  SINCE OCT 1      5.10          3.19   1.91     2.35
  SINCE JAN 1      0.67          1.00  -0.33     0.35

DEGREE DAYS
 HEATING
  YESTERDAY       21            32    -11       24
  MONTH TO DATE  375           431    -56      241
  SINCE DEC 1   2492          2667   -175     2155
  SINCE JUL 1   3748          4280   -532     3393

 COOLING
  YESTERDAY        0             0      0        0
  MONTH TO DATE    0             0      0        0
  SINCE DEC 1      0             0      0        0
  SINCE JAN 1      0             0      0        0
......................................................


WIND (MPH)
  RESULTANT WIND SPEED   4   RESULTANT WIND DIRECTION   E (110)
  HIGHEST WIND SPEED    17   HIGHEST WIND DIRECTION    SW (210)
  HIGHEST GUST SPEED    21   HIGHEST GUST DIRECTION    SW (220)
  AVERAGE WIND SPEED     7.9


SKY COVER
  AVERAGE SKY COVER 0.0


WEATHER CONDITIONS
 THE FOLLOWING WEATHER WAS RECORDED YESTERDAY.
  NO SIGNIFICANT WEATHER WAS OBSERVED.


RELATIVE HUMIDITY (PERCENT)
 HIGHEST    96          1200 AM
 LOWEST     45           300 PM
 AVERAGE    71

..........................................................


THE ROME OR CLIMATE NORMALS FOR TODAY
                         NORMAL    RECORD    YEAR
 MAXIMUM TEMPERATURE (F)   45        MM        MM
 MINIMUM TEMPERATURE (F)   22        MM        MM


SUNRISE AND SUNSET
FEBRUARY 14 2016......SUNRISE   650 AM PST   SUNSET   522 PM PST
FEBRUARY 15 2016......SUNRISE   649 AM PST   SUNSET   523 PM PST


-  INDICATES NEGATIVE NUMBERS.
R  INDICATES RECORD WAS SET OR TIED.
MM INDICATES DATA IS MISSING.
T  INDICATES TRACE AMOUNT.




$$
