000
CDUS46 KBOI 270945
CLIREO


CLIMATE REPORT
NATIONAL WEATHER SERVICE BOISE ID
245 AM MST THU NOV 27 2014


...................................

...THE ROME OR CLIMATE SUMMARY FOR NOVEMBER 26 2014...

CLIMATE NORMAL PERIOD 1981 TO 2010
CLIMATE RECORD PERIOD 9999 TO 9999


WEATHER ITEM   OBSERVED TIME   NORMAL DEPARTURE LAST
                VALUE   (LST)  VALUE  FROM      YEAR
                                      NORMAL
......................................................
TEMPERATURE (F)
 YESTERDAY
  MAXIMUM         66    223 PM  44     22       51
  MINIMUM         38    128 AM  21     17       19
  AVERAGE         52            32     20       35

PRECIPITATION (IN)
  YESTERDAY        0.00          0.02  -0.02     0.00
  MONTH TO DATE    1.09          0.54   0.55     0.00
  SINCE OCT 1      1.28          1.28   0.00     0.04
  SINCE JAN 1      4.68          8.01  -3.33     5.14

DEGREE DAYS
 HEATING
  YESTERDAY       13            33    -20       30
  MONTH TO DATE  710           722    -12      674
  SINCE SEP 1   1142          1438   -296     1405
  SINCE JUL 1   1152          1479   -327     1405

 COOLING
  YESTERDAY        0             0      0        0
  MONTH TO DATE    0             0      0        0
  SINCE SEP 1     64            41     23       78
  SINCE JAN 1    690           507    183      878
......................................................


WIND (MPH)
  RESULTANT WIND SPEED  10   RESULTANT WIND DIRECTION  SE (150)
  HIGHEST WIND SPEED    20   HIGHEST WIND DIRECTION    SE (150)
  HIGHEST GUST SPEED    25   HIGHEST GUST DIRECTION    SE (150)
  AVERAGE WIND SPEED    10.0


SKY COVER
  AVERAGE SKY COVER 0.0


WEATHER CONDITIONS
 THE FOLLOWING WEATHER WAS RECORDED YESTERDAY.
  NO SIGNIFICANT WEATHER WAS OBSERVED.


RELATIVE HUMIDITY (PERCENT)
 HIGHEST    76           100 AM
 LOWEST     26           200 PM
 AVERAGE    51

..........................................................


THE ROME OR CLIMATE NORMALS FOR TODAY
                         NORMAL    RECORD    YEAR
 MAXIMUM TEMPERATURE (F)   43        MM        MM
 MINIMUM TEMPERATURE (F)   20        MM        MM


SUNRISE AND SUNSET
NOVEMBER 27 2014......SUNRISE   657 AM PST   SUNSET   421 PM PST
NOVEMBER 28 2014......SUNRISE   658 AM PST   SUNSET   420 PM PST


-  INDICATES NEGATIVE NUMBERS.
R  INDICATES RECORD WAS SET OR TIED.
MM INDICATES DATA IS MISSING.
T  INDICATES TRACE AMOUNT.




$$
