000
CDUS46 KBOI 020933
CLIREO


CLIMATE REPORT
NATIONAL WEATHER SERVICE BOISE ID
233 AM MST FRI DEC 2 2016


...................................

...THE ROME OR CLIMATE SUMMARY FOR DECEMBER 1 2016...

CLIMATE NORMAL PERIOD 1981 TO 2010
CLIMATE RECORD PERIOD 9999 TO 9999


WEATHER ITEM   OBSERVED TIME   NORMAL DEPARTURE LAST
                VALUE   (LST)  VALUE  FROM      YEAR
                                      NORMAL
......................................................
TEMPERATURE (F)
 YESTERDAY
  MAXIMUM         39    107 PM  42     -3       28
  MINIMUM         14    647 AM  19     -5        4
  AVERAGE         27            31     -4       16

PRECIPITATION (IN)
  YESTERDAY        0.00          0.02  -0.02     0.00
  MONTH TO DATE    0.00          0.02  -0.02     0.00
  SINCE OCT 1      0.66          1.39  -0.73     2.91
  SINCE JAN 1      4.97          8.12  -3.15     8.89

DEGREE DAYS
 HEATING
  YESTERDAY       38            34      4       49
  MONTH TO DATE   38            34      4       49
  SINCE DEC 1     38            34      4       49
  SINCE JUL 1   1273          1647   -374     1305

 COOLING
  YESTERDAY        0             0      0        0
  MONTH TO DATE    0             0      0        0
  SINCE DEC 1      0             0      0        0
  SINCE JAN 1    697           507    190      868
......................................................


WIND (MPH)
  RESULTANT WIND SPEED   4   RESULTANT WIND DIRECTION  SW (220)
  HIGHEST WIND SPEED    17   HIGHEST WIND DIRECTION     W (290)
  HIGHEST GUST SPEED    22   HIGHEST GUST DIRECTION     W (280)
  AVERAGE WIND SPEED     7.9


SKY COVER
  AVERAGE SKY COVER 0.0


WEATHER CONDITIONS
 THE FOLLOWING WEATHER WAS RECORDED YESTERDAY.
  NO SIGNIFICANT WEATHER WAS OBSERVED.


RELATIVE HUMIDITY (PERCENT)
 HIGHEST    92          1200 AM
 LOWEST     44           100 PM
 AVERAGE    68

..........................................................


THE ROME OR CLIMATE NORMALS FOR TODAY
                         NORMAL    RECORD    YEAR
 MAXIMUM TEMPERATURE (F)   41        MM        MM
 MINIMUM TEMPERATURE (F)   19        MM        MM


SUNRISE AND SUNSET
DECEMBER  2 2016......SUNRISE   703 AM PST   SUNSET   419 PM PST
DECEMBER  3 2016......SUNRISE   704 AM PST   SUNSET   419 PM PST


-  INDICATES NEGATIVE NUMBERS.
R  INDICATES RECORD WAS SET OR TIED.
MM INDICATES DATA IS MISSING.
T  INDICATES TRACE AMOUNT.




$$
