000
CDUS46 KBOI 300930
CLIREO


CLIMATE REPORT
NATIONAL WEATHER SERVICE BOISE ID
330 AM MDT FRI SEP 30 2016


...................................

...THE ROME OR CLIMATE SUMMARY FOR SEPTEMBER 29 2016...

CLIMATE NORMAL PERIOD 1981 TO 2010
CLIMATE RECORD PERIOD 9999 TO 9999


WEATHER ITEM   OBSERVED TIME   NORMAL DEPARTURE LAST
                VALUE   (LST)  VALUE  FROM      YEAR
                                      NORMAL
......................................................
TEMPERATURE (F)
 YESTERDAY
  MAXIMUM         87    331 PM  73     14       87
  MINIMUM         52    621 AM  36     16       41
  AVERAGE         70            54     16       64

PRECIPITATION (IN)
  YESTERDAY        0.00          0.02  -0.02     0.00
  MONTH TO DATE    0.64          0.38   0.26     0.31
  SINCE OCT 1      8.74          8.90  -0.16     7.98
  SINCE JAN 1      4.31          6.71  -2.40     5.98

DEGREE DAYS
 HEATING
  YESTERDAY        0            11    -11        1
  MONTH TO DATE  155           172    -17       99
  SINCE SEP 1    155           172    -17       99
  SINCE JUL 1    176           213    -37      106

 COOLING
  YESTERDAY        5             0      5        0
  MONTH TO DATE   34            39     -5       78
  SINCE SEP 1     34            39     -5       78
  SINCE JAN 1    695           505    190      863
......................................................


WIND (MPH)
  RESULTANT WIND SPEED   8   RESULTANT WIND DIRECTION   S (200)
  HIGHEST WIND SPEED    23   HIGHEST WIND DIRECTION    SW (230)
  HIGHEST GUST SPEED    27   HIGHEST GUST DIRECTION    SW (240)
  AVERAGE WIND SPEED    10.4


SKY COVER
  AVERAGE SKY COVER 0.0


WEATHER CONDITIONS
 THE FOLLOWING WEATHER WAS RECORDED YESTERDAY.
  NO SIGNIFICANT WEATHER WAS OBSERVED.


RELATIVE HUMIDITY (PERCENT)
 HIGHEST    32           200 AM
 LOWEST     11           200 PM
 AVERAGE    22

..........................................................


THE ROME OR CLIMATE NORMALS FOR TODAY
                         NORMAL    RECORD    YEAR
 MAXIMUM TEMPERATURE (F)   73        MM        MM
 MINIMUM TEMPERATURE (F)   35        MM        MM


SUNRISE AND SUNSET
SEPTEMBER 30 2016.....SUNRISE   648 AM PDT   SUNSET   634 PM PDT
OCTOBER  1 2016.......SUNRISE   649 AM PDT   SUNSET   632 PM PDT


-  INDICATES NEGATIVE NUMBERS.
R  INDICATES RECORD WAS SET OR TIED.
MM INDICATES DATA IS MISSING.
T  INDICATES TRACE AMOUNT.




$$
