000
CDUS43 KGRB 290715
CLIRHI


CLIMATE REPORT
NATIONAL WEATHER SERVICE GREEN BAY
214 AM CDT WED JUL 29 2015


...................................

...THE RHINELANDER WI CLIMATE SUMMARY FOR JULY 28 2015...

CLIMATE NORMAL PERIOD 1981 TO 2010
CLIMATE RECORD PERIOD 1908 TO 2015


WEATHER ITEM   OBSERVED TIME   RECORD YEAR NORMAL DEPARTURE LAST
                VALUE   (LST)  VALUE       VALUE  FROM      YEAR
                                                  NORMAL
..................................................................
TEMPERATURE (F)
 YESTERDAY
  MAXIMUM         82    433 PM  95    1916  79      3       69
  MINIMUM         59    456 AM  43    1978  54      5       47
  AVERAGE         71                        67      4       58

PRECIPITATION (IN)
  YESTERDAY        T             1.29 1964   0.12  -0.12     0.02
  MONTH TO DATE    3.04                      3.67  -0.63     3.93
  SINCE JUN 1      6.60                      7.56  -0.96    10.66
  SINCE JAN 1     15.20                     17.24  -2.04    21.77

SNOWFALL (IN)
  YESTERDAY        0.0           0.0    MM  MM     MM        0.0
  MONTH TO DATE    0.0                      MM     MM        0.0
  SINCE JUN 1      0.0                      MM     MM        0.0
  SINCE JUL 1      0.0                      MM     MM        0.0
  SNOW DEPTH       0

DEGREE DAYS
 HEATING
  YESTERDAY        0                         1     -1        7
  MONTH TO DATE   49                        54     -5      113
  SINCE JUN 1    181                       188     -7      206
  SINCE JUL 1     49                        54     -5      113

 COOLING
  YESTERDAY        6                         3      3        0
  MONTH TO DATE   80                        95    -15       49
  SINCE JUN 1     83                       148    -65      111
  SINCE JAN 1     88                       160    -72      118
..................................................................


WIND (MPH)
  HIGHEST WIND SPEED    17   HIGHEST WIND DIRECTION     S (160)
  HIGHEST GUST SPEED    23   HIGHEST GUST DIRECTION     S (170)
  AVERAGE WIND SPEED     8.4


SKY COVER
  POSSIBLE SUNSHINE  MM
  AVERAGE SKY COVER 0.3


WEATHER CONDITIONS
 THE FOLLOWING WEATHER WAS RECORDED YESTERDAY.
  LIGHT RAIN
  FOG


RELATIVE HUMIDITY (PERCENT)
 HIGHEST    93           500 AM
 LOWEST     58           100 PM
 AVERAGE    76

..........................................................


THE RHINELANDER WI CLIMATE NORMALS FOR TODAY
                         NORMAL    RECORD    YEAR
 MAXIMUM TEMPERATURE (F)   79        98      1917
 MINIMUM TEMPERATURE (F)   54        39      1952


SUNRISE AND SUNSET
JULY 29 2015..........SUNRISE   538 AM CDT   SUNSET   830 PM CDT
JULY 30 2015..........SUNRISE   539 AM CDT   SUNSET   829 PM CDT


-  INDICATES NEGATIVE NUMBERS.
R  INDICATES RECORD WAS SET OR TIED.
MM INDICATES DATA IS MISSING.
T  INDICATES TRACE AMOUNT.




$$
