000
CDUS43 KGRB 312122
CLIRHI


CLIMATE REPORT
NATIONAL WEATHER SERVICE GREEN BAY
420 PM CDT THU JUL 31 2014


...................................

...THE RHINELANDER WI CLIMATE SUMMARY FOR JULY 31 2014...
VALID TODAY AS OF 0400 PM LOCAL TIME.

CLIMATE NORMAL PERIOD 1981 TO 2010
CLIMATE RECORD PERIOD 1908 TO 2014


WEATHER ITEM   OBSERVED TIME   RECORD YEAR NORMAL DEPARTURE LAST
                VALUE   (LST)  VALUE       VALUE  FROM      YEAR
                                                  NORMAL
..................................................................
TEMPERATURE (F)
 TODAY
  MAXIMUM         78    225 PM  96    2006  79     -1       75
  MINIMUM         48    330 AM  42    1952  54     -6       49
                                      1910
  AVERAGE         63                        67     -4       62

PRECIPITATION (IN)
  TODAY            0.00          2.33 1911   0.12  -0.12     0.01
  MONTH TO DATE    3.99                      4.02  -0.03     2.74
  SINCE JUN 1     10.72                      7.91   2.81     8.04
  SINCE JAN 1     21.83                     17.59   4.24    21.37

SNOWFALL (IN)
  TODAY            0.0           0.0    MM  MM     MM        0.0
  MONTH TO DATE    0.0                      MM     MM        0.0
  SINCE JUN 1      0.0                      MM     MM        0.0
  SINCE JUL 1      0.0                      MM     MM        0.0
  SNOW DEPTH       0

DEGREE DAYS
 HEATING
  TODAY            2                         1      1        3
  MONTH TO DATE  124                        57     67       84
  SINCE JUN 1    217                       185     32      258
  SINCE JUL 1    124                        51     73       84

 COOLING
  TODAY            0                         3     -3        0
  MONTH TO DATE   49                       105    -56      132
  SINCE JUN 1    111                       158    -47      172
  SINCE JAN 1    118                       170    -52      186
..................................................................


WIND (MPH)
  HIGHEST WIND SPEED    13   HIGHEST WIND DIRECTION     W (280)
  HIGHEST GUST SPEED    19   HIGHEST GUST DIRECTION     W (290)
  AVERAGE WIND SPEED     4.7


SKY COVER
  POSSIBLE SUNSHINE  MM
  AVERAGE SKY COVER 0.5


WEATHER CONDITIONS
 THE FOLLOWING WEATHER WAS RECORDED TODAY.
  FOG
  FOG W/VISIBILITY <= 1/4 MILE


RELATIVE HUMIDITY (PERCENT)
 HIGHEST   100          1200 AM
 LOWEST     38           100 PM
 AVERAGE    69

..........................................................


THE RHINELANDER WI CLIMATE NORMALS FOR TOMORROW
                         NORMAL    RECORD    YEAR
 MAXIMUM TEMPERATURE (F)   79        92      1988
                                             1955
 MINIMUM TEMPERATURE (F)   54        39      1920


SUNRISE AND SUNSET
JULY 31 2014..........SUNRISE   540 AM CDT   SUNSET   827 PM CDT
AUGUST  1 2014........SUNRISE   541 AM CDT   SUNSET   826 PM CDT


-  INDICATES NEGATIVE NUMBERS.
R  INDICATES RECORD WAS SET OR TIED.
MM INDICATES DATA IS MISSING.
T  INDICATES TRACE AMOUNT.




$$
