000
CDUS43 KGRB 200729
CLIRHI


CLIMATE REPORT
NATIONAL WEATHER SERVICE GREEN BAY
228 AM CDT WED SEP 20 2017


...................................

...THE RHINELANDER WI CLIMATE SUMMARY FOR SEPTEMBER 19 2017...

CLIMATE NORMAL PERIOD 1981 TO 2010
CLIMATE RECORD PERIOD 1908 TO 2017


WEATHER ITEM   OBSERVED TIME   RECORD YEAR NORMAL DEPARTURE LAST
                VALUE   (LST)  VALUE       VALUE  FROM      YEAR
                                                  NORMAL
..................................................................
TEMPERATURE (F)
 YESTERDAY
  MAXIMUM         76    154 PM  86    1998  65     11       74
                                      1908
  MINIMUM         51    342 AM  29    2012  43      8       48
  AVERAGE         64                        54     10       61

PRECIPITATION (IN)
  YESTERDAY        0.00          2.09 1983   0.15  -0.15     0.03
  MONTH TO DATE    1.37                      2.64  -1.27     3.87
  SINCE SEP 1      1.37                      2.64  -1.27     3.87
  SINCE JAN 1     32.46                     23.52   8.94    31.46

SNOWFALL (IN)
  YESTERDAY        0.0           0.0    MM  MM     MM        0.0
  MONTH TO DATE    0.0                      MM     MM        0.0
  SINCE SEP 1      0.0                      MM     MM        0.0
  SINCE JUL 1      0.0                      MM     MM        0.0
  SNOW DEPTH       0

DEGREE DAYS
 HEATING
  YESTERDAY        1                        11    -10        4
  MONTH TO DATE  142                       153    -11       86
  SINCE SEP 1    142                       153    -11       86
  SINCE JUL 1    308                       280     28      147

 COOLING
  YESTERDAY        0                         0      0        0
  MONTH TO DATE   19                        16      3       13
  SINCE SEP 1     19                        16      3       13
  SINCE JAN 1    181                       257    -76      321
..................................................................


WIND (MPH)
  HIGHEST WIND SPEED    17   HIGHEST WIND DIRECTION    SE (120)
  HIGHEST GUST SPEED    22   HIGHEST GUST DIRECTION    SE (130)
  AVERAGE WIND SPEED     8.2


SKY COVER
  POSSIBLE SUNSHINE  MM
  AVERAGE SKY COVER 0.4


WEATHER CONDITIONS
 THE FOLLOWING WEATHER WAS RECORDED YESTERDAY.
  NO SIGNIFICANT WEATHER WAS OBSERVED.


RELATIVE HUMIDITY (PERCENT)
 HIGHEST   100          1200 AM
 LOWEST     50           200 PM
 AVERAGE    75

..........................................................


THE RHINELANDER WI CLIMATE NORMALS FOR TODAY
                         NORMAL    RECORD    YEAR
 MAXIMUM TEMPERATURE (F)   64        87      1908
 MINIMUM TEMPERATURE (F)   43        28      1956


SUNRISE AND SUNSET
SEPTEMBER 20 2017.....SUNRISE   643 AM CDT   SUNSET   659 PM CDT
SEPTEMBER 21 2017.....SUNRISE   644 AM CDT   SUNSET   657 PM CDT


-  INDICATES NEGATIVE NUMBERS.
R  INDICATES RECORD WAS SET OR TIED.
MM INDICATES DATA IS MISSING.
T  INDICATES TRACE AMOUNT.




$$
