382
CDUS43 KGRB 050655
CLIRHI


CLIMATE REPORT
NATIONAL WEATHER SERVICE GREEN BAY
1253 AM CST MON DEC 5 2016


...................................

...THE RHINELANDER WI CLIMATE SUMMARY FOR DECEMBER 4 2016...

CLIMATE NORMAL PERIOD 1981 TO 2010
CLIMATE RECORD PERIOD 1908 TO 2016


WEATHER ITEM   OBSERVED TIME   RECORD YEAR NORMAL DEPARTURE LAST
                VALUE   (LST)  VALUE       VALUE  FROM      YEAR
                                                  NORMAL
..................................................................
TEMPERATURE (F)
 YESTERDAY
  MAXIMUM         32   1159 PM  56    1916  29      3       46
  MINIMUM         26    805 AM -22    1927  13     13       15
  AVERAGE         29                        21      8       31

PRECIPITATION (IN)
  YESTERDAY        0.16          0.89 1970   0.05   0.11     0.00
  MONTH TO DATE    0.16                      0.21  -0.05     0.39
  SINCE DEC 1      0.16                      0.21  -0.05     0.39
  SINCE JAN 1     40.94                     30.17  10.77    27.81

SNOWFALL (IN)
  YESTERDAY        1.4           4.0  1955  MM     MM        0.0
  MONTH TO DATE    1.4                      MM     MM        3.3
  SINCE DEC 1      1.4                      MM     MM        3.3
  SINCE JUL 1      8.0                      MM     MM        7.4
  SNOW DEPTH       1

DEGREE DAYS
 HEATING
  YESTERDAY       36                        44     -8       34
  MONTH TO DATE  140                       174    -34      136
  SINCE DEC 1    140                       174    -34      136
  SINCE JUL 1   1622                      2308   -686     1853

 COOLING
  YESTERDAY        0                         0      0        0
  MONTH TO DATE    0                         0      0        0
  SINCE DEC 1      0                         0      0        0
  SINCE JAN 1    321                       261     60      233
..................................................................


WIND (MPH)
  HIGHEST WIND SPEED    13   HIGHEST WIND DIRECTION    SW (220)
  HIGHEST GUST SPEED    19   HIGHEST GUST DIRECTION    SW (230)
  AVERAGE WIND SPEED     6.9


SKY COVER
  POSSIBLE SUNSHINE  MM
  AVERAGE SKY COVER 1.0


WEATHER CONDITIONS
 THE FOLLOWING WEATHER WAS RECORDED YESTERDAY.
  LIGHT SNOW
  FOG


RELATIVE HUMIDITY (PERCENT)
 HIGHEST   100           600 PM
 LOWEST     69           200 AM
 AVERAGE    85

..........................................................


THE RHINELANDER WI CLIMATE NORMALS FOR TODAY
                         NORMAL    RECORD    YEAR
 MAXIMUM TEMPERATURE (F)   28        57      2001
                                             1998
 MINIMUM TEMPERATURE (F)   13       -11      2000


SUNRISE AND SUNSET
DECEMBER  5 2016......SUNRISE   723 AM CST   SUNSET   414 PM CST
DECEMBER  6 2016......SUNRISE   724 AM CST   SUNSET   414 PM CST


-  INDICATES NEGATIVE NUMBERS.
R  INDICATES RECORD WAS SET OR TIED.
MM INDICATES DATA IS MISSING.
T  INDICATES TRACE AMOUNT.




$$
