000
CDUS43 KGRB 210658
CLIRHI


CLIMATE REPORT
NATIONAL WEATHER SERVICE GREEN BAY
1257 AM CST TUE FEB 21 2017


...................................

...THE RHINELANDER WI CLIMATE SUMMARY FOR FEBRUARY 20 2017...

CLIMATE NORMAL PERIOD 1981 TO 2010
CLIMATE RECORD PERIOD 1908 TO 2017


WEATHER ITEM   OBSERVED TIME   RECORD YEAR NORMAL DEPARTURE LAST
                VALUE   (LST)  VALUE       VALUE  FROM      YEAR
                                                  NORMAL
..................................................................
TEMPERATURE (F)
 YESTERDAY
  MAXIMUM         51    206 PM  58    1930  28     23       39
  MINIMUM         37    245 AM -34    1929   8     29       32
  AVERAGE         44                        18     26       36

PRECIPITATION (IN)
  YESTERDAY        0.48          1.26 2002   0.03   0.45     0.00
  MONTH TO DATE    0.73                      0.62   0.11     0.68
  SINCE DEC 1      4.73                      3.17   1.56     5.40
  SINCE JAN 1      2.66                      1.73   0.93     1.44

SNOWFALL (IN)
  YESTERDAY        0.0           9.5  1953  MM     MM        0.0
  MONTH TO DATE    1.5                      MM     MM        9.0
  SINCE DEC 1     38.2                      MM     MM       29.0
  SINCE JUL 1     44.8                      MM     MM       33.1
  SNOW DEPTH       4

DEGREE DAYS
 HEATING
  YESTERDAY       21                        47    -26       29
  MONTH TO DATE  837                       996   -159      963
  SINCE DEC 1   3752                      4123   -371     3622
  SINCE JUL 1   5234                      6257  -1023     5339

 COOLING
  YESTERDAY        0                         0      0        0
  MONTH TO DATE    0                         0      0        0
  SINCE DEC 1      0                         0      0        0
  SINCE JAN 1      0                         0      0        0
..................................................................


WIND (MPH)
  HIGHEST WIND SPEED    21   HIGHEST WIND DIRECTION    SE (140)
  HIGHEST GUST SPEED    30   HIGHEST GUST DIRECTION    SE (130)
  AVERAGE WIND SPEED    11.3


SKY COVER
  POSSIBLE SUNSHINE  MM
  AVERAGE SKY COVER 0.5


WEATHER CONDITIONS
 THE FOLLOWING WEATHER WAS RECORDED YESTERDAY.
  RAIN
  LIGHT RAIN
  FOG
  FOG W/VISIBILITY <= 1/4 MILE


RELATIVE HUMIDITY (PERCENT)
 HIGHEST   100           600 PM
 LOWEST     63           100 PM
 AVERAGE    82

..........................................................


THE RHINELANDER WI CLIMATE NORMALS FOR TODAY
                         NORMAL    RECORD    YEAR
 MAXIMUM TEMPERATURE (F)   28        52      1930
 MINIMUM TEMPERATURE (F)    8       -34      1929


SUNRISE AND SUNSET
FEBRUARY 21 2017......SUNRISE   650 AM CST   SUNSET   534 PM CST
FEBRUARY 22 2017......SUNRISE   648 AM CST   SUNSET   535 PM CST


-  INDICATES NEGATIVE NUMBERS.
R  INDICATES RECORD WAS SET OR TIED.
MM INDICATES DATA IS MISSING.
T  INDICATES TRACE AMOUNT.




$$
