000
CDUS43 KGRB 210640
CLIRHI


CLIMATE REPORT
NATIONAL WEATHER SERVICE GREEN BAY
139 AM CDT THU AUG 21 2014


...................................

...THE RHINELANDER WI CLIMATE SUMMARY FOR AUGUST 20 2014...

CLIMATE NORMAL PERIOD 1981 TO 2010
CLIMATE RECORD PERIOD 1908 TO 2014


WEATHER ITEM   OBSERVED TIME   RECORD YEAR NORMAL DEPARTURE LAST
                VALUE   (LST)  VALUE       VALUE  FROM      YEAR
                                                  NORMAL
..................................................................
TEMPERATURE (F)
 YESTERDAY
  MAXIMUM         69    452 PM  94    1916  77     -8       85
  MINIMUM         59    721 AM  34    1908  53      6       63
  AVERAGE         64                        65     -1       74

PRECIPITATION (IN)
  YESTERDAY        0.00          4.06 1926   0.10  -0.10     0.00
  MONTH TO DATE    2.77                      2.11   0.66     1.39
  SINCE JUN 1     13.49                     10.02   3.47     9.43
  SINCE JAN 1     24.60                     19.70   4.90    22.76

SNOWFALL (IN)
  YESTERDAY        0.0           0.0    MM  MM     MM        0.0
  MONTH TO DATE    0.0                      MM     MM        0.0
  SINCE JUN 1      0.0                      MM     MM        0.0
  SINCE JUL 1      0.0                      MM     MM        0.0
  SNOW DEPTH       0

DEGREE DAYS
 HEATING
  YESTERDAY        1                         2     -1        0
  MONTH TO DATE   48                        38     10      105
  SINCE JUN 1    265                       223     42      363
  SINCE JUL 1    172                        89     83      189

 COOLING
  YESTERDAY        0                         2     -2        9
  MONTH TO DATE    5                        56    -51       14
  SINCE JUN 1    116                       214    -98      186
  SINCE JAN 1    123                       226   -103      200
..................................................................


WIND (MPH)
  HIGHEST WIND SPEED     8   HIGHEST WIND DIRECTION     W (270)
  HIGHEST GUST SPEED    12   HIGHEST GUST DIRECTION    NW (320)
  AVERAGE WIND SPEED     2.5


SKY COVER
  POSSIBLE SUNSHINE  MM
  AVERAGE SKY COVER 1.0


WEATHER CONDITIONS
 THE FOLLOWING WEATHER WAS RECORDED YESTERDAY.
  FOG


RELATIVE HUMIDITY (PERCENT)
 HIGHEST   100          1100 PM
 LOWEST     68           200 PM
 AVERAGE    84

..........................................................


THE RHINELANDER WI CLIMATE NORMALS FOR TODAY
                         NORMAL    RECORD    YEAR
 MAXIMUM TEMPERATURE (F)   76        91      1955
 MINIMUM TEMPERATURE (F)   52        34      2004


SUNRISE AND SUNSET
AUGUST 21 2014........SUNRISE   605 AM CDT   SUNSET   755 PM CDT
AUGUST 22 2014........SUNRISE   607 AM CDT   SUNSET   754 PM CDT


-  INDICATES NEGATIVE NUMBERS.
R  INDICATES RECORD WAS SET OR TIED.
MM INDICATES DATA IS MISSING.
T  INDICATES TRACE AMOUNT.




$$
