000
CDUS43 KGRB 270624
CLIRHI


CLIMATE REPORT
NATIONAL WEATHER SERVICE GREEN BAY
124 AM CDT WED JUL 27 2016


...................................

...THE RHINELANDER WI CLIMATE SUMMARY FOR JULY 26 2016...

CLIMATE NORMAL PERIOD 1981 TO 2010
CLIMATE RECORD PERIOD 1908 TO 2016


WEATHER ITEM   OBSERVED TIME   RECORD YEAR NORMAL DEPARTURE LAST
                VALUE   (LST)  VALUE       VALUE  FROM      YEAR
                                                  NORMAL
..................................................................
TEMPERATURE (F)
 YESTERDAY
  MAXIMUM         89    243 PM  98    1955  79     10       86
  MINIMUM         59    343 AM  42    1991  55      4       56
  AVERAGE         74                        67      7       71

PRECIPITATION (IN)
  YESTERDAY        0.17          2.90 1916   0.13   0.04     0.00
  MONTH TO DATE    2.89                      3.44  -0.55     3.04
  SINCE JUN 1      9.91                      7.33   2.58     6.60
  SINCE JAN 1     20.99                     17.01   3.98    15.20

SNOWFALL (IN)
  YESTERDAY        0.0           0.0    MM  MM     MM        0.0
  MONTH TO DATE    0.0                      MM     MM        0.0
  SINCE JUN 1      0.0                      MM     MM        0.0
  SINCE JUL 1      0.0                      MM     MM        0.0
  SNOW DEPTH       0

DEGREE DAYS
 HEATING
  YESTERDAY        0                         2     -2        0
  MONTH TO DATE   28                        52    -24       49
  SINCE JUN 1    120                       186    -66      181
  SINCE JUL 1     28                        52    -24       49

 COOLING
  YESTERDAY        9                         3      6        6
  MONTH TO DATE  125                        89     36       69
  SINCE JUN 1    178                       142     36       72
  SINCE JAN 1    193                       154     39       77
..................................................................


WIND (MPH)
  HIGHEST WIND SPEED    24   HIGHEST WIND DIRECTION     W (290)
  HIGHEST GUST SPEED    38   HIGHEST GUST DIRECTION     W (290)
  AVERAGE WIND SPEED     8.4


SKY COVER
  POSSIBLE SUNSHINE  MM
  AVERAGE SKY COVER 0.0


WEATHER CONDITIONS
 THE FOLLOWING WEATHER WAS RECORDED YESTERDAY.
  THUNDERSTORM
  HEAVY RAIN
  FOG


RELATIVE HUMIDITY (PERCENT)
 HIGHEST    97           200 AM
 LOWEST     40           100 PM
 AVERAGE    69

..........................................................


THE RHINELANDER WI CLIMATE NORMALS FOR TODAY
                         NORMAL    RECORD    YEAR
 MAXIMUM TEMPERATURE (F)   79        96      1931
 MINIMUM TEMPERATURE (F)   54        41      1981


SUNRISE AND SUNSET
JULY 27 2016..........SUNRISE   536 AM CDT   SUNSET   832 PM CDT
JULY 28 2016..........SUNRISE   537 AM CDT   SUNSET   831 PM CDT


-  INDICATES NEGATIVE NUMBERS.
R  INDICATES RECORD WAS SET OR TIED.
MM INDICATES DATA IS MISSING.
T  INDICATES TRACE AMOUNT.




$$
