000
CDUS43 KGRB 260700
CLIRHI


CLIMATE REPORT
NATIONAL WEATHER SERVICE GREEN BAY
158 AM CDT THU MAY 26 2016


...................................

...THE RHINELANDER WI CLIMATE SUMMARY FOR MAY 25 2016...

CLIMATE NORMAL PERIOD 1981 TO 2010
CLIMATE RECORD PERIOD 1908 TO 2016


WEATHER ITEM   OBSERVED TIME   RECORD YEAR NORMAL DEPARTURE LAST
                VALUE   (LST)  VALUE       VALUE  FROM      YEAR
                                                  NORMAL
..................................................................
TEMPERATURE (F)
 YESTERDAY
  MAXIMUM         79    150 PM  89    1911  68     11       70
  MINIMUM         50    213 AM  25    1913  43      7       55
  AVERAGE         65                        56      9       63

PRECIPITATION (IN)
  YESTERDAY        0.86          1.42 1971   0.11   0.75     0.45
  MONTH TO DATE    1.75                      2.77  -1.02     2.37
  SINCE MAR 1      8.20                      6.92   1.28     6.39
  SINCE JAN 1      9.93                      8.96   0.97     7.28

SNOWFALL (IN)
  YESTERDAY        0.0           T    1961  MM     MM        0.0
  MONTH TO DATE    T                        MM     MM         T
  SINCE MAR 1     21.2                      MM     MM       20.4
  SINCE JUL 1     55.7                      MM     MM       89.3
  SNOW DEPTH       0

DEGREE DAYS
 HEATING
  YESTERDAY        0                        10    -10        2
  MONTH TO DATE  333                       333      0      276
  SINCE MAR 1   2008                      2211   -203     2091
  SINCE JUL 1   7691                      8833  -1142     9432

 COOLING
  YESTERDAY        0                         1     -1        0
  MONTH TO DATE   10                         3      7        5
  SINCE MAR 1     10                         4      6        5
  SINCE JAN 1     10                         4      6        5
..................................................................


WIND (MPH)
  HIGHEST WIND SPEED    21   HIGHEST WIND DIRECTION    SE (120)
  HIGHEST GUST SPEED    28   HIGHEST GUST DIRECTION    SE (120)
  AVERAGE WIND SPEED     9.2


SKY COVER
  POSSIBLE SUNSHINE  MM
  AVERAGE SKY COVER 0.8


WEATHER CONDITIONS
 THE FOLLOWING WEATHER WAS RECORDED YESTERDAY.
  HEAVY RAIN
  RAIN
  LIGHT RAIN
  FOG
  FOG W/VISIBILITY <= 1/4 MILE


RELATIVE HUMIDITY (PERCENT)
 HIGHEST   100           300 AM
 LOWEST     47           200 PM
 AVERAGE    74

..........................................................


THE RHINELANDER WI CLIMATE NORMALS FOR TODAY
                         NORMAL    RECORD    YEAR
 MAXIMUM TEMPERATURE (F)   68        90      1911
 MINIMUM TEMPERATURE (F)   44        27      1925


SUNRISE AND SUNSET
MAY 26 2016...........SUNRISE   516 AM CDT   SUNSET   835 PM CDT
MAY 27 2016...........SUNRISE   515 AM CDT   SUNSET   836 PM CDT


-  INDICATES NEGATIVE NUMBERS.
R  INDICATES RECORD WAS SET OR TIED.
MM INDICATES DATA IS MISSING.
T  INDICATES TRACE AMOUNT.

$$
