000
CDUS43 KGRB 142245
CLIRHI


CLIMATE REPORT
NATIONAL WEATHER SERVICE GREEN BAY
427 PM CST THU DEC 14 2017


...................................

...THE RHINELANDER WI CLIMATE SUMMARY FOR DECEMBER 14 2017...
VALID TODAY AS OF 0400 PM LOCAL TIME.

CLIMATE NORMAL PERIOD 1981 TO 2010
CLIMATE RECORD PERIOD 1908 TO 2017


WEATHER ITEM   OBSERVED TIME   RECORD YEAR NORMAL DEPARTURE LAST
                VALUE   (LST)  VALUE       VALUE  FROM      YEAR
                                                  NORMAL
..................................................................
TEMPERATURE (F)
 TODAY
  MAXIMUM         18    351 PM  50    1998  25     -7        6
  MINIMUM          5    823 AM -23    1926   9     -4       -5
  AVERAGE         12                        17     -5        1

PRECIPITATION (IN)
  TODAY            0.00          1.17 2015   0.05  -0.05      T
  MONTH TO DATE    1.61                      0.71   0.90     0.65
  SINCE DEC 1      1.61                      0.71   0.90     0.65
  SINCE JAN 1     40.17                     30.67   9.50    41.53

SNOWFALL (IN)
  TODAY           MM             3.8  2009  MM     MM         T
  MONTH TO DATE   10.7                      MM     MM        8.7
  SINCE DEC 1     10.7                      MM     MM        8.7
  SINCE JUL 1     24.4                      MM     MM       15.3
  SNOW DEPTH       8

DEGREE DAYS
 HEATING
  TODAY           53                        48      5       64
  MONTH TO DATE  603                       638    -35      640
  SINCE DEC 1    603                       638    -35      640
  SINCE JUL 1   2576                      2772   -196     2122

 COOLING
  TODAY            0                         0      0        0
  MONTH TO DATE    0                         0      0        0
  SINCE DEC 1      0                         0      0        0
  SINCE JAN 1    215                       261    -46      321
..................................................................


WIND (MPH)
  HIGHEST WIND SPEED    14   HIGHEST WIND DIRECTION     W (280)
  HIGHEST GUST SPEED    19   HIGHEST GUST DIRECTION     W (280)
  AVERAGE WIND SPEED     5.0


SKY COVER
  POSSIBLE SUNSHINE  MM
  AVERAGE SKY COVER 0.9


WEATHER CONDITIONS
 THE FOLLOWING WEATHER WAS RECORDED TODAY.
  LIGHT SNOW
  FOG
  HAZE


RELATIVE HUMIDITY (PERCENT)
 HIGHEST    96          1000 AM
 LOWEST     73          1200 AM
 AVERAGE    85

..........................................................


THE RHINELANDER WI CLIMATE NORMALS FOR TOMORROW
                         NORMAL    RECORD    YEAR
 MAXIMUM TEMPERATURE (F)   25        48      1993
 MINIMUM TEMPERATURE (F)    8       -28      1919


SUNRISE AND SUNSET
DECEMBER 14 2017......SUNRISE   731 AM CST   SUNSET   414 PM CST
DECEMBER 15 2017......SUNRISE   732 AM CST   SUNSET   414 PM CST


-  INDICATES NEGATIVE NUMBERS.
R  INDICATES RECORD WAS SET OR TIED.
MM INDICATES DATA IS MISSING.
T  INDICATES TRACE AMOUNT.




$$
