000
CDUS43 KGRB 250732
CLIRHI

CLIMATE REPORT
NATIONAL WEATHER SERVICE GREEN BAY
130 AM CST THU DEC 25 2014

...................................

...THE RHINELANDER WI CLIMATE SUMMARY FOR DECEMBER 24 2014...

CLIMATE NORMAL PERIOD 1981 TO 2010
CLIMATE RECORD PERIOD 1908 TO 2014

WEATHER ITEM   OBSERVED TIME   RECORD YEAR NORMAL DEPARTURE LAST
                VALUE   (LST)  VALUE       VALUE  FROM      YEAR
                                                  NORMAL
..................................................................
TEMPERATURE (F)
 YESTERDAY
  MAXIMUM         31    257 PM  45    1994  23      8       13
  MINIMUM         29   1124 PM -29    2004   6     23      -17
  AVERAGE         30                        14     16       -2

PRECIPITATION (IN)
  YESTERDAY        0.04          1.12 1932   0.04   0.00     0.02
  MONTH TO DATE    1.27                      1.15   0.12     1.54
  SINCE DEC 1      1.27                      1.15   0.12     1.54
  SINCE JAN 1     40.87                     31.11   9.76    36.75

SNOWFALL (IN)
  YESTERDAY        0.2           4.5  2009  MM     MM        0.4
  MONTH TO DATE   11.4                      MM     MM       19.3
  SINCE DEC 1     11.4                      MM     MM       19.3
  SINCE JUL 1     46.5                      MM     MM       29.1
  SNOW DEPTH       9

DEGREE DAYS
 HEATING
  YESTERDAY       35                        51    -16       67
  MONTH TO DATE 1039                      1133    -94     1372
  SINCE DEC 1   1039                      1133    -94     1372
  SINCE JUL 1   3560                      3267    293     3599

COOLING
  YESTERDAY        0                         0      0        0
  MONTH TO DATE    0                         0      0        0
  SINCE DEC 1      0                         0      0        0
  SINCE JAN 1    148                       261   -113      281
..................................................................

WIND (MPH)
  HIGHEST WIND SPEED    14   HIGHEST WIND DIRECTION     W (280)
  HIGHEST GUST SPEED    18   HIGHEST GUST DIRECTION     W (290)
  AVERAGE WIND SPEED     6.0

SKY COVER
  POSSIBLE SUNSHINE  MM
  AVERAGE SKY COVER 1.0

WEATHER CONDITIONS
 THE FOLLOWING WEATHER WAS RECORDED YESTERDAY.
  LT FREEZING RAIN
  LIGHT SNOW
  FOG

RELATIVE HUMIDITY (PERCENT)
 HIGHEST   100           500 AM
 LOWEST     85           600 PM
 AVERAGE    93
..........................................................

THE RHINELANDER WI CLIMATE NORMALS FOR TODAY
                         NORMAL    RECORD    YEAR
 MAXIMUM TEMPERATURE (F)   23        45      1994
 MINIMUM TEMPERATURE (F)    5       -31      1933

SUNRISE AND SUNSET
DECEMBER 25 2014......SUNRISE   737 AM CST   SUNSET   419 PM CST
DECEMBER 26 2014......SUNRISE   737 AM CST   SUNSET   420 PM CST

-  INDICATES NEGATIVE NUMBERS.
R  INDICATES RECORD WAS SET OR TIED.
MM INDICATES DATA IS MISSING.
T  INDICATES TRACE AMOUNT.

$$
