000
CDUS43 KGRB 261245
CLIRHI


CLIMATE REPORT
NATIONAL WEATHER SERVICE GREEN BAY
745 AM CDT TUE MAY 26 2015


...................................

...THE RHINELANDER WI CLIMATE SUMMARY FOR MAY 25 2015...

CLIMATE NORMAL PERIOD 1981 TO 2010
CLIMATE RECORD PERIOD 1908 TO 2015


WEATHER ITEM   OBSERVED TIME   RECORD YEAR NORMAL DEPARTURE LAST
                VALUE   (LST)  VALUE       VALUE  FROM      YEAR
                                                  NORMAL
..................................................................
TEMPERATURE (F)
 YESTERDAY
  MAXIMUM         70    547 PM  89    1911  68      2       80
  MINIMUM         55    307 AM  25    1913  43     12       46
  AVERAGE         63                        56      7       63

PRECIPITATION (IN)
  YESTERDAY        0.45          1.42 1971   0.11   0.34     0.00
  MONTH TO DATE    2.37                      2.77  -0.40     2.71
  SINCE MAR 1      6.39                      6.92  -0.53     8.33
  SINCE JAN 1      7.28                      8.96  -1.68    10.94

SNOWFALL (IN)
  YESTERDAY        0.0           T    1961  MM     MM        0.0
  MONTH TO DATE    T                        MM     MM        0.1
  SINCE MAR 1     20.4                      MM     MM       37.8
  SINCE JUL 1     89.3                      MM     MM      110.3
  SNOW DEPTH       0

DEGREE DAYS
 HEATING
  YESTERDAY        2                        10     -8        2
  MONTH TO DATE  276                       333    -57      369
  SINCE MAR 1   2091                      2211   -120     2707
  SINCE JUL 1   9432                      8833    599    10336

 COOLING
  YESTERDAY        0                         1     -1        0
  MONTH TO DATE    5                         3      2        0
  SINCE MAR 1      5                         4      1        0
  SINCE JAN 1      5                         4      1        0
..................................................................


WIND (MPH)
  HIGHEST WIND SPEED    21   HIGHEST WIND DIRECTION     W (260)
  HIGHEST GUST SPEED    27   HIGHEST GUST DIRECTION    SW (230)
  AVERAGE WIND SPEED     9.3


SKY COVER
  POSSIBLE SUNSHINE  MM
  AVERAGE SKY COVER 0.9


WEATHER CONDITIONS
 THE FOLLOWING WEATHER WAS RECORDED YESTERDAY.
  RAIN
  LIGHT RAIN
  FOG


RELATIVE HUMIDITY (PERCENT)
 HIGHEST   100           500 AM
 LOWEST     66           500 PM
 AVERAGE    83

..........................................................


THE RHINELANDER WI CLIMATE NORMALS FOR TODAY
                         NORMAL    RECORD    YEAR
 MAXIMUM TEMPERATURE (F)   68        90      1911
 MINIMUM TEMPERATURE (F)   44        27      1925


SUNRISE AND SUNSET
MAY 26 2015...........SUNRISE   516 AM CDT   SUNSET   834 PM CDT
MAY 27 2015...........SUNRISE   516 AM CDT   SUNSET   835 PM CDT


-  INDICATES NEGATIVE NUMBERS.
R  INDICATES RECORD WAS SET OR TIED.
MM INDICATES DATA IS MISSING.
T  INDICATES TRACE AMOUNT.




$$
