000
CDUS41 KAKQ 150630
CLIRIC


CLIMATE REPORT
NATIONAL WEATHER SERVICE WAKEFIELD, VA
130 AM EST FRI DEC 15 2017


...................................

...THE RICHMOND VA CLIMATE SUMMARY FOR DECEMBER 14 2017...

CLIMATE NORMAL PERIOD 1981 TO 2010
CLIMATE RECORD PERIOD 1871 TO 2017


WEATHER ITEM   OBSERVED TIME   RECORD YEAR NORMAL DEPARTURE LAST
                VALUE   (LST)  VALUE       VALUE  FROM      YEAR
                                                  NORMAL
..................................................................
TEMPERATURE (F)
 YESTERDAY
  MAXIMUM         52    210 PM  72    2015  51      1       50
  MINIMUM         33   1146 PM  12    1960  32      1       36
  AVERAGE         43                        41      2       43

PRECIPITATION (IN)
  YESTERDAY        0.00          1.38 1907   0.11  -0.11     0.00
  MONTH TO DATE    1.02                      1.54  -0.52     2.12
  SINCE DEC 1      1.02                      1.54  -0.52     2.12
  SINCE JAN 1     37.93                     41.88  -3.95    52.07

SNOWFALL (IN)
  YESTERDAY        0.0           5.8  1958   0.1   -0.1
  MONTH TO DATE    3.1                       0.8    2.3
  SINCE NOV 1      3.1                       1.0    2.1
  SINCE JUL 1      3.1                       1.0    2.1
  SNOW DEPTH       0

DEGREE DAYS
 HEATING
  YESTERDAY       22                        24     -2       22
  MONTH TO DATE  314                       308      6      317
  SINCE DEC 1    314                       308      6      317
  SINCE JUL 1    926                       984    -58      907

 COOLING
  YESTERDAY        0                         0      0        0
  MONTH TO DATE    0                         0      0        0
  SINCE DEC 1      0                         0      0        0
  SINCE JAN 1   1706                      1548    158     1699
..................................................................


WIND (MPH)
  HIGHEST WIND SPEED    20   HIGHEST WIND DIRECTION     N (340)
  HIGHEST GUST SPEED    28   HIGHEST GUST DIRECTION     S (190)
  AVERAGE WIND SPEED     9.3


SKY COVER
  POSSIBLE SUNSHINE  MM
  AVERAGE SKY COVER 0.5


WEATHER CONDITIONS
 THE FOLLOWING WEATHER WAS RECORDED YESTERDAY.
  NO SIGNIFICANT WEATHER WAS OBSERVED.


RELATIVE HUMIDITY (PERCENT)
 HIGHEST    56          1100 PM
 LOWEST     33           200 PM
 AVERAGE    45

..........................................................


THE RICHMOND VA CLIMATE NORMALS FOR TODAY
                         NORMAL    RECORD    YEAR
 MAXIMUM TEMPERATURE (F)   51        73      2008
                                             1984
                                             1975
 MINIMUM TEMPERATURE (F)   31         4      1958


SUNRISE AND SUNSET
DECEMBER 15 2017......SUNRISE   717 AM EST   SUNSET   452 PM EST
DECEMBER 16 2017......SUNRISE   717 AM EST   SUNSET   453 PM EST


-  INDICATES NEGATIVE NUMBERS.
R  INDICATES RECORD WAS SET OR TIED.
MM INDICATES DATA IS MISSING.
T  INDICATES TRACE AMOUNT.




$$
