000
CDUS41 KAKQ 080831
CLIRIC


CLIMATE REPORT
NATIONAL WEATHER SERVICE WAKEFIELD, VA
331 AM EST MON FEB 8 2016


...................................

...THE RICHMOND VA CLIMATE SUMMARY FOR FEBRUARY 7 2016...

CLIMATE NORMAL PERIOD 1981 TO 2010
CLIMATE RECORD PERIOD 1871 TO 2016


WEATHER ITEM   OBSERVED TIME   RECORD YEAR NORMAL DEPARTURE LAST
                VALUE   (LST)  VALUE       VALUE  FROM      YEAR
                                                  NORMAL
..................................................................
TEMPERATURE (F)
 YESTERDAY
  MAXIMUM         43    342 PM  70    2008  50     -7       61
  MINIMUM         28    122 AM   5    1936  29     -1       23
  AVERAGE         36                        40     -4       42

PRECIPITATION (IN)
  YESTERDAY        0.00          1.37 1971   0.09  -0.09     0.00
  MONTH TO DATE    1.31                      0.69   0.62     0.47
  SINCE DEC 1     10.55                      6.99   3.56     7.10
  SINCE JAN 1      4.61                      3.73   0.88     3.96

SNOWFALL (IN)
  YESTERDAY        0.0          12.6  1936   0.1   -0.1
  MONTH TO DATE    T                         1.0   -1.0
  SINCE NOV 1     12.1                       7.2    4.9
  SINCE JUL 1     12.1                       7.2    4.9
  SNOW DEPTH       0

DEGREE DAYS
 HEATING
  YESTERDAY       29                        26      3       23
  MONTH TO DATE  135                       182    -47      197
  SINCE DEC 1   1439                      1767   -328     1694
  SINCE JUL 1   2031                      2443   -412     2364

 COOLING
  YESTERDAY        0                         0      0        0
  MONTH TO DATE    0                         0      0        0
  SINCE DEC 1      8                         1      7        0
  SINCE JAN 1      0                         0      0        0
..................................................................


WIND (MPH)
  HIGHEST WIND SPEED    18   HIGHEST WIND DIRECTION     N (360)
  HIGHEST GUST SPEED    23   HIGHEST GUST DIRECTION     N (360)
  AVERAGE WIND SPEED     7.9


SKY COVER
  POSSIBLE SUNSHINE  MM
  AVERAGE SKY COVER 1.0


WEATHER CONDITIONS
 THE FOLLOWING WEATHER WAS RECORDED YESTERDAY.
  NO SIGNIFICANT WEATHER WAS OBSERVED.


RELATIVE HUMIDITY (PERCENT)
 HIGHEST    92           500 AM
 LOWEST     45           300 PM
 AVERAGE    69

..........................................................


THE RICHMOND VA CLIMATE NORMALS FOR TODAY
                         NORMAL    RECORD    YEAR
 MAXIMUM TEMPERATURE (F)   50        75      1925
 MINIMUM TEMPERATURE (F)   30       -10      1936


SUNRISE AND SUNSET
FEBRUARY  8 2016......SUNRISE   707 AM EST   SUNSET   541 PM EST
FEBRUARY  9 2016......SUNRISE   706 AM EST   SUNSET   542 PM EST


-  INDICATES NEGATIVE NUMBERS.
R  INDICATES RECORD WAS SET OR TIED.
MM INDICATES DATA IS MISSING.
T  INDICATES TRACE AMOUNT.




$$
