000
CDUS41 KAKQ 280532
CLIRIC


CLIMATE REPORT
NATIONAL WEATHER SERVICE WAKEFIELD, VA
131 AM EDT THU MAY 28 2015


...................................

...THE RICHMOND VA CLIMATE SUMMARY FOR MAY 27 2015...

CLIMATE NORMAL PERIOD 1981 TO 2010
CLIMATE RECORD PERIOD 1871 TO 2015


WEATHER ITEM   OBSERVED TIME   RECORD YEAR NORMAL DEPARTURE LAST
                VALUE   (LST)  VALUE       VALUE  FROM      YEAR
                                                  NORMAL
..................................................................
TEMPERATURE (F)
 YESTERDAY
  MAXIMUM         91    338 PM  97    1941  81     10       92
  MINIMUM         72    520 AM  41    1961  59     13       66
  AVERAGE         82                        70     12       79

PRECIPITATION (IN)
  YESTERDAY        0.00          1.67 1891   0.13  -0.13      T
  MONTH TO DATE    1.61                      3.26  -1.65     2.09
  SINCE MAR 1     10.72                     10.57   0.15     9.38
  SINCE JAN 1     17.98                     16.37   1.61    15.69

SNOWFALL (IN)
  YESTERDAY        0.0           0.0  2002   0.0    0.0
                                      2001
  MONTH TO DATE    0.0                       0.0    0.0
  SINCE NOV 1     12.8                      10.3    2.5
  SINCE JUL 1     12.8                      10.3    2.5
  SNOW DEPTH       0

DEGREE DAYS
 HEATING
  YESTERDAY        0                         1     -1        0
  MONTH TO DATE   28                        70    -42       19
  SINCE MAR 1    744                       826    -82      826
  SINCE JUL 1   3846                      3762     84     3779

 COOLING
  YESTERDAY       17                         6     11       14
  MONTH TO DATE  182                        92     90      158
  SINCE MAR 1    207                       134     73      187
  SINCE JAN 1    207                       134     73      187
..................................................................


WIND (MPH)
  HIGHEST WIND SPEED    21   HIGHEST WIND DIRECTION     S (170)
  HIGHEST GUST SPEED    26   HIGHEST GUST DIRECTION     S (200)
  AVERAGE WIND SPEED    11.4


SKY COVER
  POSSIBLE SUNSHINE  MM
  AVERAGE SKY COVER 0.6


WEATHER CONDITIONS
 THE FOLLOWING WEATHER WAS RECORDED YESTERDAY.
  NO SIGNIFICANT WEATHER WAS OBSERVED.


RELATIVE HUMIDITY (PERCENT)
 HIGHEST    90           300 AM
 LOWEST     47           200 PM
 AVERAGE    69

..........................................................


THE RICHMOND VA CLIMATE NORMALS FOR TODAY
                         NORMAL    RECORD    YEAR
 MAXIMUM TEMPERATURE (F)   81       100      1941
 MINIMUM TEMPERATURE (F)   59        38      1961


SUNRISE AND SUNSET
MAY 28 2015...........SUNRISE   552 AM EDT   SUNSET   822 PM EDT
MAY 29 2015...........SUNRISE   551 AM EDT   SUNSET   823 PM EDT


-  INDICATES NEGATIVE NUMBERS.
R  INDICATES RECORD WAS SET OR TIED.
MM INDICATES DATA IS MISSING.
T  INDICATES TRACE AMOUNT.




$$
