000
CDUS41 KAKQ 210845
CLIRIC


CLIMATE REPORT
NATIONAL WEATHER SERVICE WAKEFIELD, VA
345 AM EST FRI NOV 21 2014


...................................

...THE RICHMOND VA CLIMATE SUMMARY FOR NOVEMBER 20 2014...

CLIMATE NORMAL PERIOD 1981 TO 2010
CLIMATE RECORD PERIOD 1871 TO 2014


WEATHER ITEM   OBSERVED TIME   RECORD YEAR NORMAL DEPARTURE LAST
                VALUE   (LST)  VALUE       VALUE  FROM      YEAR
                                                  NORMAL
..................................................................
TEMPERATURE (F)
 YESTERDAY
  MAXIMUM         57    314 PM  80    1913  60     -3       51
  MINIMUM         30    636 AM  21    1951  38     -8       36
  AVERAGE         44                        49     -5       44

PRECIPITATION (IN)
  YESTERDAY        0.00          1.79 1952   0.11  -0.11     0.00
  MONTH TO DATE    1.24                      2.15  -0.91     0.48
  SINCE SEP 1      5.22                      9.26  -4.04     6.12
  SINCE JAN 1     30.89                     39.25  -8.36    44.99

SNOWFALL (IN)
  YESTERDAY        0.0           T    1947   0.0    0.0
  MONTH TO DATE    0.0                       0.1   -0.1
  SINCE NOV 1      0.0                       0.1   -0.1
  SINCE JUL 1      0.0                       0.1   -0.1
  SNOW DEPTH       0

DEGREE DAYS
 HEATING
  YESTERDAY       21                        16      5       21
  MONTH TO DATE  343                       263     80      266
  SINCE SEP 1    478                       495    -17      416
  SINCE JUL 1    478                       496    -18      416

 COOLING
  YESTERDAY        0                         0      0        0
  MONTH TO DATE    0                         0      0        8
  SINCE SEP 1    296                       236     60      273
  SINCE JAN 1   1676                      1543    133     1678
..................................................................


WIND (MPH)
  HIGHEST WIND SPEED    25   HIGHEST WIND DIRECTION    SW (240)
  HIGHEST GUST SPEED    32   HIGHEST GUST DIRECTION     W (250)
  AVERAGE WIND SPEED     9.9


SKY COVER
  POSSIBLE SUNSHINE  MM
  AVERAGE SKY COVER 0.2


WEATHER CONDITIONS
 THE FOLLOWING WEATHER WAS RECORDED YESTERDAY.
  NO SIGNIFICANT WEATHER WAS OBSERVED.


RELATIVE HUMIDITY (PERCENT)
 HIGHEST    59          1100 PM
 LOWEST     24           100 PM
 AVERAGE    42

..........................................................


THE RICHMOND VA CLIMATE NORMALS FOR TODAY
                         NORMAL    RECORD    YEAR
 MAXIMUM TEMPERATURE (F)   59        78      1931
                                             1900
 MINIMUM TEMPERATURE (F)   38        18      1951


SUNRISE AND SUNSET
NOVEMBER 21 2014......SUNRISE   655 AM EST   SUNSET   455 PM EST
NOVEMBER 22 2014......SUNRISE   656 AM EST   SUNSET   454 PM EST


-  INDICATES NEGATIVE NUMBERS.
R  INDICATES RECORD WAS SET OR TIED.
MM INDICATES DATA IS MISSING.
T  INDICATES TRACE AMOUNT.




$$
