000
CDUS41 KAKQ 222129
CLIRIC


CLIMATE REPORT
NATIONAL WEATHER SERVICE WAKEFIELD, VA
529 PM EDT MON MAY 22 2017


...................................

...THE RICHMOND VA CLIMATE SUMMARY FOR MAY 22 2017...
VALID TODAY AS OF 0500 PM LOCAL TIME.

CLIMATE NORMAL PERIOD 1981 TO 2010
CLIMATE RECORD PERIOD 1871 TO 2017


WEATHER ITEM   OBSERVED TIME   RECORD YEAR NORMAL DEPARTURE LAST
                VALUE   (LST)  VALUE       VALUE  FROM      YEAR
                                                  NORMAL
..................................................................
TEMPERATURE (F)
 TODAY
  MAXIMUM         71    359 PM  96    1941  79     -8       60
  MINIMUM         60    654 AM  38    2002  57      3       53
  AVERAGE         66

PRECIPITATION (IN)
  TODAY            0.16          1.21 1990   0.13   0.03     0.13
  MONTH TO DATE    4.21                      2.60   1.61     7.81
  SINCE MAR 1     10.17                      9.91   0.26    11.00
  SINCE JAN 1     15.17                     15.71  -0.54    18.65

SNOWFALL (IN)
  TODAY            0.0
  MONTH TO DATE    0.0
  SINCE NOV 1      7.1
  SINCE JUL 1      7.1
  SNOW DEPTH       0

DEGREE DAYS
 HEATING
  TODAY            0                         2     -2        8
  MONTH TO DATE   77                        64     13      107
  SINCE MAR 1    681                       820   -139      734
  SINCE JUL 1   3163                      3756   -593     3322

 COOLING
  TODAY            1                         5     -4        0
  MONTH TO DATE   62                        66     -4       15
  SINCE MAR 1    167                       108     59       45
  SINCE JAN 1    167                       108     59       45
..................................................................


WIND (MPH)
  RESULTANT WIND SPEED   4   RESULTANT WIND DIRECTION   N (20)
  HIGHEST WIND SPEED     8   HIGHEST WIND DIRECTION     N (360)
  HIGHEST GUST SPEED    10   HIGHEST GUST DIRECTION     N (360)


SKY COVER
  POSSIBLE SUNSHINE  MM
  AVERAGE SKY COVER 1.0


WEATHER CONDITIONS
 THE FOLLOWING WEATHER WAS RECORDED TODAY.
  LIGHT RAIN
  FOG


RELATIVE HUMIDITY (PERCENT)
 HIGHEST   100
 LOWEST     78
 AVERAGE    89

..........................................................


THE RICHMOND VA CLIMATE NORMALS FOR TOMORROW
                         NORMAL    RECORD    YEAR
 MAXIMUM TEMPERATURE (F)   80        99      1941
 MINIMUM TEMPERATURE (F)   57        40      1936


SUNRISE AND SUNSET
MAY 22 2017...........SUNRISE   555 AM EDT   SUNSET   818 PM EDT
MAY 23 2017...........SUNRISE   554 AM EDT   SUNSET   818 PM EDT


-  INDICATES NEGATIVE NUMBERS.
R  INDICATES RECORD WAS SET OR TIED.
MM INDICATES DATA IS MISSING.
T  INDICATES TRACE AMOUNT.




$$
