000
CDUS41 KAKQ 220834
CLIRIC


CLIMATE REPORT
NATIONAL WEATHER SERVICE WAKEFIELD, VA
434 AM EDT TUE JUL 22 2014


...................................

...THE RICHMOND VA CLIMATE SUMMARY FOR JULY 21 2014...

CLIMATE NORMAL PERIOD 1981 TO 2010
CLIMATE RECORD PERIOD 1871 TO 2014


WEATHER ITEM   OBSERVED TIME   RECORD YEAR NORMAL DEPARTURE LAST
                VALUE   (LST)  VALUE       VALUE  FROM      YEAR
                                                  NORMAL
..................................................................
TEMPERATURE (F)
 YESTERDAY
  MAXIMUM         82    446 PM 104    1930  90     -8       92
  MINIMUM         72   1159 PM  55    2001  69      3       73
                                      1966
  AVERAGE         77                        79     -2       83

PRECIPITATION (IN)
  YESTERDAY        0.10          2.34 1979   0.15  -0.05     1.20
  MONTH TO DATE    0.43                      2.98  -2.55     4.75
  SINCE JUN 1      3.82                      6.91  -3.09    11.25
  SINCE JAN 1     19.86                     23.80  -3.94    30.13

SNOWFALL (IN)
  YESTERDAY        0.0           0.0  2002   0.0    0.0
                                      2001
  MONTH TO DATE    0.0                       0.0    0.0
  SINCE NOV 1     14.5                      10.3    4.2
  SINCE JUL 1      0.0                       0.0    0.0
  SNOW DEPTH       0

DEGREE DAYS
 HEATING
  YESTERDAY        0                         0      0        0
  MONTH TO DATE    0                         0      0        0
  SINCE JUN 1      0                         7     -7        0
  SINCE JUL 1      0                         0      0        0

 COOLING
  YESTERDAY       12                        14     -2       18
  MONTH TO DATE  328                       303     25      358
  SINCE JUN 1    683                       618     65      716
  SINCE JAN 1    891                       779    112      929
..................................................................


WIND (MPH)
  HIGHEST WIND SPEED    12   HIGHEST WIND DIRECTION    SE (140)
  HIGHEST GUST SPEED    16   HIGHEST GUST DIRECTION     E (110)
  AVERAGE WIND SPEED     4.7


SKY COVER
  POSSIBLE SUNSHINE  MM
  AVERAGE SKY COVER 0.9


WEATHER CONDITIONS
 THE FOLLOWING WEATHER WAS RECORDED YESTERDAY.
  LIGHT RAIN
  FOG


RELATIVE HUMIDITY (PERCENT)
 HIGHEST    93          1100 AM
 LOWEST     65           300 PM
 AVERAGE    79

..........................................................


THE RICHMOND VA CLIMATE NORMALS FOR TODAY
                         NORMAL    RECORD    YEAR
 MAXIMUM TEMPERATURE (F)   90       103      1952
                                             1930
 MINIMUM TEMPERATURE (F)   69        55      1974


SUNRISE AND SUNSET
JULY 22 2014..........SUNRISE   605 AM EDT   SUNSET   826 PM EDT
JULY 23 2014..........SUNRISE   606 AM EDT   SUNSET   825 PM EDT


-  INDICATES NEGATIVE NUMBERS.
R  INDICATES RECORD WAS SET OR TIED.
MM INDICATES DATA IS MISSING.
T  INDICATES TRACE AMOUNT.




$$
