000
CDUS45 KGJT 280736
CLIRIL


CLIMATE REPORT
NATIONAL WEATHER SERVICE GRAND JUNCTION CO
133 AM MDT THU AUG 28 2014


...................................

...THE RIFLE CO CLIMATE SUMMARY FOR AUGUST 27 2014...

CLIMATE NORMAL PERIOD 1981 TO 2010
CLIMATE RECORD PERIOD 9999 TO 9999


WEATHER ITEM   OBSERVED TIME   RECORD YEAR NORMAL DEPARTURE LAST
                VALUE   (LST)  VALUE       VALUE  FROM      YEAR
                                                  NORMAL
..................................................................
TEMPERATURE (F)
 YESTERDAY
  MAXIMUM         67   1136 AM  MM      MM  85    -18       89
  MINIMUM         55   1159 PM  MM      MM  51      4       55
  AVERAGE         61                        68     -7       72

PRECIPITATION (IN)
  YESTERDAY        0.52         MM      MM   0.05   0.47      T
  MONTH TO DATE    2.58                      1.19   1.39     0.30
  SINCE JUN 1      3.57                      3.34   0.23     1.07
  SINCE JAN 1      8.06                      8.76  -0.70     5.06

SNOWFALL (IN)
  YESTERDAY       MM            MM      MM  MM     MM       MM
  MONTH TO DATE   MM                        MM     MM       MM
  SINCE JUN 1     MM                        MM     MM       MM
  SINCE JUL 1     MM                        MM     MM       MM
  SNOW DEPTH      MM

DEGREE DAYS
 HEATING
  YESTERDAY        4                         0      4        0
  MONTH TO DATE   16                         0     16        0
  SINCE JUN 1     56                        60     -4       13
  SINCE JUL 1     16                         1     15        0

 COOLING
  YESTERDAY        0                         3     -3        7
  MONTH TO DATE  129                       162    -33      167
  SINCE JUN 1    508                       498     10      657
  SINCE JAN 1    522                       505     17      664
..................................................................


WIND (MPH)
  HIGHEST WIND SPEED    31   HIGHEST WIND DIRECTION     W (260)
  HIGHEST GUST SPEED    35   HIGHEST GUST DIRECTION     W (260)
  AVERAGE WIND SPEED     3.8


SKY COVER
  POSSIBLE SUNSHINE  MM
  AVERAGE SKY COVER 0.8


WEATHER CONDITIONS
 THE FOLLOWING WEATHER WAS RECORDED YESTERDAY.
  THUNDERSTORM
  HEAVY RAIN
  RAIN
  LIGHT RAIN
  FOG


RELATIVE HUMIDITY (PERCENT)
 HIGHEST    93          1200 AM
 LOWEST     56          1200 PM
 AVERAGE    75

..........................................................


THE RIFLE CO CLIMATE NORMALS FOR TODAY
                         NORMAL    RECORD    YEAR
 MAXIMUM TEMPERATURE (F)   85        MM        MM
 MINIMUM TEMPERATURE (F)   50        MM        MM


SUNRISE AND SUNSET
AUGUST 28 2014........SUNRISE   635 AM MDT   SUNSET   748 PM MDT
AUGUST 29 2014........SUNRISE   636 AM MDT   SUNSET   746 PM MDT


-  INDICATES NEGATIVE NUMBERS.
R  INDICATES RECORD WAS SET OR TIED.
MM INDICATES DATA IS MISSING.
T  INDICATES TRACE AMOUNT.




$$
