000
CDUS45 KRIW 290742
CLIRIW


CLIMATE REPORT
NATIONAL WEATHER SERVICE RIVERTON WY
132 AM MDT FRI APR 29 2016


...................................

...THE RIVERTON WY CLIMATE SUMMARY FOR APRIL 28 2016...

CLIMATE NORMAL PERIOD 1981 TO 2010
CLIMATE RECORD PERIOD 1995 TO 2016


WEATHER ITEM   OBSERVED TIME   RECORD YEAR NORMAL DEPARTURE LAST
                VALUE   (LST)  VALUE       VALUE  FROM      YEAR
                                                  NORMAL
..................................................................
TEMPERATURE (F)
 YESTERDAY
  MAXIMUM         40    232 PM  83    2007  61    -21       66
  MINIMUM         32    929 AM  22    2005  35     -3       32
  AVERAGE         36                        48    -12       49

PRECIPITATION (IN)
  YESTERDAY        T             0.21 2005   0.07  -0.07     0.00
  MONTH TO DATE    2.86                      1.18   1.68     0.82
  SINCE MAR 1      4.99                      1.73   3.26     1.23
  SINCE JAN 1      5.67                      2.24   3.43     2.30

SNOWFALL (IN)
  YESTERDAY        T                                         0.0
  MONTH TO DATE   12.7                                       3.3
  SINCE MAR 1     34.2                                      10.0
  SINCE JUL 1     62.4                                      38.6
  SNOW DEPTH       0

DEGREE DAYS
 HEATING
  YESTERDAY       29                        17     12       16
  MONTH TO DATE  509                       590    -81      561
  SINCE MAR 1   1319                      1508   -189     1346
  SINCE JUL 1   6640                      7362   -722     6739

 COOLING
  YESTERDAY        0                         0      0        0
  MONTH TO DATE    0                         0      0        0
  SINCE MAR 1      0                         0      0        0
  SINCE JAN 1      0                         0      0        0
..................................................................


WIND (MPH)
  HIGHEST WIND SPEED    16   HIGHEST WIND DIRECTION    NE (50)
  HIGHEST GUST SPEED    20   HIGHEST GUST DIRECTION    NE (30)
  AVERAGE WIND SPEED     9.3


SKY COVER
  POSSIBLE SUNSHINE  MM
  AVERAGE SKY COVER 1.0


WEATHER CONDITIONS
 THE FOLLOWING WEATHER WAS RECORDED YESTERDAY.
  LIGHT SNOW
  FOG


RELATIVE HUMIDITY (PERCENT)
 HIGHEST    82          1200 AM
 LOWEST     64           300 PM
 AVERAGE    73

..........................................................


THE RIVERTON WY CLIMATE NORMALS FOR TODAY
                         NORMAL    RECORD    YEAR
 MAXIMUM TEMPERATURE (F)   62        84      2007
 MINIMUM TEMPERATURE (F)   35        23      1996


SUNRISE AND SUNSET
APRIL 29 2016.........SUNRISE   610 AM MDT   SUNSET   813 PM MDT
APRIL 30 2016.........SUNRISE   608 AM MDT   SUNSET   814 PM MDT


-  INDICATES NEGATIVE NUMBERS.
R  INDICATES RECORD WAS SET OR TIED.
MM INDICATES DATA IS MISSING.
T  INDICATES TRACE AMOUNT.




$$
