000
CDUS45 KRIW 250738
CLIRIW


CLIMATE REPORT
NATIONAL WEATHER SERVICE RIVERTON WY
129 AM MDT THU AUG 25 2016


...................................

...THE RIVERTON WY CLIMATE SUMMARY FOR AUGUST 24 2016...

CLIMATE NORMAL PERIOD 1981 TO 2010
CLIMATE RECORD PERIOD 1995 TO 2016


WEATHER ITEM   OBSERVED TIME   RECORD YEAR NORMAL DEPARTURE LAST
                VALUE   (LST)  VALUE       VALUE  FROM      YEAR
                                                  NORMAL
..................................................................
TEMPERATURE (F)
 YESTERDAY
  MAXIMUM         72    423 PM  95    2011  83    -11       89
  MINIMUM         47    540 AM  42    2014  53     -6       46
                                      2010
  AVERAGE         60                        68     -8       68

PRECIPITATION (IN)
  YESTERDAY        0.13R         0.05 2009   0.02   0.11     0.00
  MONTH TO DATE    0.39                      0.44  -0.05     0.03
  SINCE JUN 1      0.78                      2.61  -1.83     1.92
  SINCE JAN 1      9.67                      6.69   2.98     8.77

SNOWFALL (IN)
  YESTERDAY        0.0                                       0.0
  MONTH TO DATE    0.0                                       0.0
  SINCE JUN 1      0.0                                        T
  SINCE JUL 1      0.0                                       0.0
  SNOW DEPTH       0

DEGREE DAYS
 HEATING
  YESTERDAY        5                         1      4        0
  MONTH TO DATE   30                        14     16       25
  SINCE JUN 1     50                       145    -95       58
  SINCE JUL 1     34                        26      8       35

 COOLING
  YESTERDAY        0                         4     -4        3
  MONTH TO DATE  134                       152    -18      144
  SINCE JUN 1    551                       438    113      429
  SINCE JAN 1    551                       447    104      429
..................................................................


WIND (MPH)
  HIGHEST WIND SPEED    30   HIGHEST WIND DIRECTION     N (20)
  HIGHEST GUST SPEED    37   HIGHEST GUST DIRECTION     N (20)
  AVERAGE WIND SPEED     9.7


SKY COVER
  POSSIBLE SUNSHINE  MM
  AVERAGE SKY COVER 0.1


WEATHER CONDITIONS
 THE FOLLOWING WEATHER WAS RECORDED YESTERDAY.
  THUNDERSTORM
  RAIN
  LIGHT RAIN
  FOG


RELATIVE HUMIDITY (PERCENT)
 HIGHEST    80           900 PM
 LOWEST     25           300 PM
 AVERAGE    53

..........................................................


THE RIVERTON WY CLIMATE NORMALS FOR TODAY
                         NORMAL    RECORD    YEAR
 MAXIMUM TEMPERATURE (F)   83        94      2015
 MINIMUM TEMPERATURE (F)   52        46      2014


SUNRISE AND SUNSET
AUGUST 25 2016........SUNRISE   631 AM MDT   SUNSET   759 PM MDT
AUGUST 26 2016........SUNRISE   632 AM MDT   SUNSET   758 PM MDT


-  INDICATES NEGATIVE NUMBERS.
R  INDICATES RECORD WAS SET OR TIED.
MM INDICATES DATA IS MISSING.
T  INDICATES TRACE AMOUNT.




$$
