000
CDUS45 KRIW 080735
CLIRIW


CLIMATE REPORT
NATIONAL WEATHER SERVICE RIVERTON WY
1233 AM MST MON FEB 8 2016


...................................

...THE RIVERTON WY CLIMATE SUMMARY FOR FEBRUARY 7 2016...

CLIMATE NORMAL PERIOD 1981 TO 2010
CLIMATE RECORD PERIOD 1995 TO 2016


WEATHER ITEM   OBSERVED TIME   RECORD YEAR NORMAL DEPARTURE LAST
                VALUE   (LST)  VALUE       VALUE  FROM      YEAR
                                                  NORMAL
..................................................................
TEMPERATURE (F)
 YESTERDAY
  MAXIMUM         36    254 AM  59    1996  33      3       58
  MINIMUM         17   1000 PM -16    2003  11      6       34
  AVERAGE         27                        22      5       46

PRECIPITATION (IN)
  YESTERDAY        0.00          0.11 2011   0.01  -0.01     0.00
  MONTH TO DATE    0.24                      0.05   0.19     0.29
  SINCE DEC 1      0.72                      0.61   0.11     0.97
  SINCE JAN 1      0.64                      0.29   0.35     0.32

SNOWFALL (IN)
  YESTERDAY        0.0                                       0.0
  MONTH TO DATE    2.6                                       3.8
  SINCE DEC 1     10.1                                      11.1
  SINCE JUL 1     28.2                                      16.6
  SNOW DEPTH       3

DEGREE DAYS
 HEATING
  YESTERDAY       38                        43     -5       19
  MONTH TO DATE  317                       306     11      219
  SINCE DEC 1   3159                      3105     54     2834
  SINCE JUL 1   4698                      5021   -323     4611

 COOLING
  YESTERDAY        0                         0      0        0
  MONTH TO DATE    0                         0      0        0
  SINCE DEC 1      0                         0      0        0
  SINCE JAN 1      0                         0      0        0
..................................................................


WIND (MPH)
  HIGHEST WIND SPEED    26   HIGHEST WIND DIRECTION    NW (320)
  HIGHEST GUST SPEED    33   HIGHEST GUST DIRECTION    NW (320)
  AVERAGE WIND SPEED     7.8


SKY COVER
  POSSIBLE SUNSHINE  MM
  AVERAGE SKY COVER 0.1


WEATHER CONDITIONS
 THE FOLLOWING WEATHER WAS RECORDED YESTERDAY.
  NO SIGNIFICANT WEATHER WAS OBSERVED.


RELATIVE HUMIDITY (PERCENT)
 HIGHEST    74          1000 PM
 LOWEST     44           300 AM
 AVERAGE    59

..........................................................


THE RIVERTON WY CLIMATE NORMALS FOR TODAY
                         NORMAL    RECORD    YEAR
 MAXIMUM TEMPERATURE (F)   33        58      1996
 MINIMUM TEMPERATURE (F)   11       -15      2001


SUNRISE AND SUNSET
FEBRUARY  8 2016......SUNRISE   721 AM MST   SUNSET   535 PM MST
FEBRUARY  9 2016......SUNRISE   720 AM MST   SUNSET   537 PM MST


-  INDICATES NEGATIVE NUMBERS.
R  INDICATES RECORD WAS SET OR TIED.
MM INDICATES DATA IS MISSING.
T  INDICATES TRACE AMOUNT.




$$
