000
CDUS45 KRIW 170733
CLIRIW


CLIMATE REPORT
NATIONAL WEATHER SERVICE RIVERTON WY
131 AM MDT TUE OCT 17 2017


...................................

...THE RIVERTON WY CLIMATE SUMMARY FOR OCTOBER 16 2017...

CLIMATE NORMAL PERIOD 1981 TO 2010
CLIMATE RECORD PERIOD 1995 TO 2017


WEATHER ITEM   OBSERVED TIME   RECORD YEAR NORMAL DEPARTURE LAST
                VALUE   (LST)  VALUE       VALUE  FROM      YEAR
                                                  NORMAL
..................................................................
TEMPERATURE (F)
 YESTERDAY
  MAXIMUM         64    337 PM  80    1995  58      6       63
  MINIMUM         36    831 AM  19    1999  33      3       39
  AVERAGE         50                        45      5       51

PRECIPITATION (IN)
  YESTERDAY        0.00          0.67 1998   0.03  -0.03     0.33
  MONTH TO DATE    0.57                      0.67  -0.10     1.12
  SINCE SEP 1      2.30                      1.57   0.73     3.10
  SINCE JAN 1     13.75                      8.39   5.36    12.82

SNOWFALL (IN)
  YESTERDAY        0.0                                       0.0
  MONTH TO DATE    2.4                                       0.1
  SINCE SEP 1      2.4                                       0.1
  SINCE JUL 1      2.4                                       0.1
  SNOW DEPTH       0

DEGREE DAYS
 HEATING
  YESTERDAY       15                        20     -5       14
  MONTH TO DATE  355                       268     87      245
  SINCE SEP 1    639                       494    145      453
  SINCE JUL 1    646                       532    114      504

 COOLING
  YESTERDAY        0                         0      0        0
  MONTH TO DATE    0                         0      0        0
  SINCE SEP 1     67                        26     41       35
  SINCE JAN 1    547                       494     53      605
..................................................................


WIND (MPH)
  HIGHEST WIND SPEED    15   HIGHEST WIND DIRECTION     W (280)
  HIGHEST GUST SPEED    17   HIGHEST GUST DIRECTION     W (280)
  AVERAGE WIND SPEED     6.6


SKY COVER
  POSSIBLE SUNSHINE  MM
  AVERAGE SKY COVER 0.0


WEATHER CONDITIONS
 THE FOLLOWING WEATHER WAS RECORDED YESTERDAY.
  NO SIGNIFICANT WEATHER WAS OBSERVED.


RELATIVE HUMIDITY (PERCENT)
 HIGHEST    76           200 AM
 LOWEST     27           400 PM
 AVERAGE    52

..........................................................


THE RIVERTON WY CLIMATE NORMALS FOR TODAY
                         NORMAL    RECORD    YEAR
 MAXIMUM TEMPERATURE (F)   58        74      2003
 MINIMUM TEMPERATURE (F)   32        16      1999


SUNRISE AND SUNSET
OCTOBER 17 2017.......SUNRISE   730 AM MDT   SUNSET   627 PM MDT
OCTOBER 18 2017.......SUNRISE   731 AM MDT   SUNSET   626 PM MDT


-  INDICATES NEGATIVE NUMBERS.
R  INDICATES RECORD WAS SET OR TIED.
MM INDICATES DATA IS MISSING.
T  INDICATES TRACE AMOUNT.




$$
