000
CDUS45 KRIW 280738
CLIRIW


CLIMATE REPORT
NATIONAL WEATHER SERVICE RIVERTON WY
1231 AM MST SUN DEC 28 2014


...................................

...THE RIVERTON WY CLIMATE SUMMARY FOR DECEMBER 27 2014...

CLIMATE NORMAL PERIOD 1981 TO 2010
CLIMATE RECORD PERIOD 1995 TO 2014


WEATHER ITEM   OBSERVED TIME   RECORD YEAR NORMAL DEPARTURE LAST
                VALUE   (LST)  VALUE       VALUE  FROM      YEAR
                                                  NORMAL
..................................................................
TEMPERATURE (F)
 YESTERDAY
  MAXIMUM         14   1141 PM  45    2005  31    -17       38
  MINIMUM          1    656 AM  -7    2007   7     -6       15
  AVERAGE          8                        19    -11       27

PRECIPITATION (IN)
  YESTERDAY        0.00          T    2007   0.02  -0.02     0.00
  MONTH TO DATE    0.47                      0.27   0.20     0.20
  SINCE DEC 1      0.47                      0.27   0.20     0.20
  SINCE JAN 1      7.23                      9.38  -2.15     9.24

SNOWFALL (IN)
  YESTERDAY        0.0                                       0.0
  MONTH TO DATE    5.2                                       5.0
  SINCE DEC 1      5.2                                       5.0
  SINCE JUL 1     10.7                                      31.3
  SNOW DEPTH       3

DEGREE DAYS
 HEATING
  YESTERDAY       57                        46     11       38
  MONTH TO DATE 1038                      1216   -178     1237
  SINCE DEC 1   1038                      1216   -178     1237
  SINCE JUL 1   2815                      3132   -317     3135

 COOLING
  YESTERDAY        0                         0      0        0
  MONTH TO DATE    0                         0      0        0
  SINCE DEC 1      0                         0      0        0
  SINCE JAN 1    431                       494    -63      798
..................................................................


WIND (MPH)
  HIGHEST WIND SPEED    15   HIGHEST WIND DIRECTION    SW (230)
  HIGHEST GUST SPEED    17   HIGHEST GUST DIRECTION    SW (230)
  AVERAGE WIND SPEED     6.9


SKY COVER
  POSSIBLE SUNSHINE  MM
  AVERAGE SKY COVER 0.2


WEATHER CONDITIONS
 THE FOLLOWING WEATHER WAS RECORDED YESTERDAY.
  FOG
  HAZE


RELATIVE HUMIDITY (PERCENT)
 HIGHEST    92           100 AM
 LOWEST     61          1200 PM
 AVERAGE    77

..........................................................


THE RIVERTON WY CLIMATE NORMALS FOR TODAY
                         NORMAL    RECORD    YEAR
 MAXIMUM TEMPERATURE (F)   31        50      1998
 MINIMUM TEMPERATURE (F)    7       -11      2007


SUNRISE AND SUNSET
DECEMBER 28 2014......SUNRISE   745 AM MST   SUNSET   446 PM MST
DECEMBER 29 2014......SUNRISE   745 AM MST   SUNSET   447 PM MST


-  INDICATES NEGATIVE NUMBERS.
R  INDICATES RECORD WAS SET OR TIED.
MM INDICATES DATA IS MISSING.
T  INDICATES TRACE AMOUNT.




$$
