000
CDUS45 KRIW 290744
CLIRIW


CLIMATE REPORT
NATIONAL WEATHER SERVICE RIVERTON WY
133 AM MDT FRI JUL 29 2016


...................................

...THE RIVERTON WY CLIMATE SUMMARY FOR JULY 28 2016...

CLIMATE NORMAL PERIOD 1981 TO 2010
CLIMATE RECORD PERIOD 1995 TO 2016


WEATHER ITEM   OBSERVED TIME   RECORD YEAR NORMAL DEPARTURE LAST
                VALUE   (LST)  VALUE       VALUE  FROM      YEAR
                                                  NORMAL
..................................................................
TEMPERATURE (F)
 YESTERDAY
  MAXIMUM         85    331 PM  98    2006  89     -4       76
  MINIMUM         60    511 AM  47    2015  58      2       47
  AVERAGE         73                        73      0       62

PRECIPITATION (IN)
  YESTERDAY        0.00          0.26 2013   0.02  -0.02     0.00
  MONTH TO DATE    T                         0.82  -0.82     1.10
  SINCE JUN 1      0.39                      2.10  -1.71     1.89
  SINCE JAN 1      9.28                      6.18   3.10     8.74

SNOWFALL (IN)
  YESTERDAY        0.0                                       0.0
  MONTH TO DATE    0.0                                       0.0
  SINCE JUN 1      0.0                                        T
  SINCE JUL 1      0.0                                       0.0
  SNOW DEPTH       0

DEGREE DAYS
 HEATING
  YESTERDAY        0                         0      0        3
  MONTH TO DATE    4                         8     -4        9
  SINCE JUN 1     20                       127   -107       32
  SINCE JUL 1      4                         8     -4        9

 COOLING
  YESTERDAY        8                         8      0        0
  MONTH TO DATE  225                       194     31      142
  SINCE JUN 1    387                       260    127      273
  SINCE JAN 1    387                       269    118      273
..................................................................


WIND (MPH)
  HIGHEST WIND SPEED    28   HIGHEST WIND DIRECTION     N (20)
  HIGHEST GUST SPEED    34   HIGHEST GUST DIRECTION     N (20)
  AVERAGE WIND SPEED     8.2


SKY COVER
  POSSIBLE SUNSHINE  MM
  AVERAGE SKY COVER 0.1


WEATHER CONDITIONS
 THE FOLLOWING WEATHER WAS RECORDED YESTERDAY.
  NO SIGNIFICANT WEATHER WAS OBSERVED.


RELATIVE HUMIDITY (PERCENT)
 HIGHEST    69           500 AM
 LOWEST     25           300 PM
 AVERAGE    47

..........................................................


THE RIVERTON WY CLIMATE NORMALS FOR TODAY
                         NORMAL    RECORD    YEAR
 MAXIMUM TEMPERATURE (F)   89       101      2006
 MINIMUM TEMPERATURE (F)   57        47      2015


SUNRISE AND SUNSET
JULY 29 2016..........SUNRISE   602 AM MDT   SUNSET   838 PM MDT
JULY 30 2016..........SUNRISE   603 AM MDT   SUNSET   837 PM MDT


-  INDICATES NEGATIVE NUMBERS.
R  INDICATES RECORD WAS SET OR TIED.
MM INDICATES DATA IS MISSING.
T  INDICATES TRACE AMOUNT.




$$
