000
CDUS45 KRIW 210034
CLIRIW


CLIMATE REPORT
NATIONAL WEATHER SERVICE RIVERTON WY
633 PM MDT SUN AUG 20 2017


...................................

...THE RIVERTON WY CLIMATE SUMMARY FOR AUGUST 20 2017...
VALID TODAY AS OF 0500 PM LOCAL TIME.

CLIMATE NORMAL PERIOD 1981 TO 2010
CLIMATE RECORD PERIOD 1995 TO 2017


WEATHER ITEM   OBSERVED TIME   RECORD YEAR NORMAL DEPARTURE LAST
                VALUE   (LST)  VALUE       VALUE  FROM      YEAR
                                                  NORMAL
..................................................................
TEMPERATURE (F)
 TODAY
  MAXIMUM         89        MM  93    2003  84      5       73
  MINIMUM         49        MM  39    2016  54     -5       39
  AVERAGE         69                        69      0       56

PRECIPITATION (IN)
  TODAY            0.00          0.15 2002   0.01  -0.01     0.00
  MONTH TO DATE    0.92                      0.36   0.56     0.26
  SINCE JUN 1      1.27                      2.53  -1.26     0.65
  SINCE JAN 1     11.43                      6.61   4.82     9.54

SNOWFALL (IN)
  TODAY            0.0                                       0.0
  MONTH TO DATE    0.0                                       0.0
  SINCE JUN 1      0.0                                       0.0
  SINCE JUL 1      0.0                                       0.0
  SNOW DEPTH       0

DEGREE DAYS
 HEATING
  TODAY            0                         1     -1        9
  MONTH TO DATE    7                        10     -3       25
  SINCE JUN 1     76                       141    -65       45
  SINCE JUL 1      7                        22    -15       29

 COOLING
  TODAY            4                         5     -1        0
  MONTH TO DATE   65                       135    -70      119
  SINCE JUN 1    412                       421     -9      536
  SINCE JAN 1    412                       430    -18      536
..................................................................


WIND (MPH)
  HIGHEST WIND SPEED    12   HIGHEST WIND DIRECTION    NW (330)
  HIGHEST GUST SPEED    MM   HIGHEST GUST DIRECTION    MM
  AVERAGE WIND SPEED     4.9


SKY COVER
  POSSIBLE SUNSHINE  MM
  AVERAGE SKY COVER 0.0


WEATHER CONDITIONS
 THE FOLLOWING WEATHER WAS RECORDED TODAY.
  NO SIGNIFICANT WEATHER WAS OBSERVED.


RELATIVE HUMIDITY (PERCENT)
 HIGHEST    48           500 AM
 LOWEST     10           300 PM
 AVERAGE    29

..........................................................


THE RIVERTON WY CLIMATE NORMALS FOR TOMORROW
                         NORMAL    RECORD    YEAR
 MAXIMUM TEMPERATURE (F)   84        94      2010
 MINIMUM TEMPERATURE (F)   53        46      2016


SUNRISE AND SUNSET
AUGUST 20 2017........SUNRISE   625 AM MDT   SUNSET   808 PM MDT
AUGUST 21 2017........SUNRISE   627 AM MDT   SUNSET   806 PM MDT


-  INDICATES NEGATIVE NUMBERS.
R  INDICATES RECORD WAS SET OR TIED.
MM INDICATES DATA IS MISSING.
T  INDICATES TRACE AMOUNT.




$$
