000
CDUS45 KRIW 270040
CLIRIW


CLIMATE REPORT
NATIONAL WEATHER SERVICE RIVERTON WY
639 PM MDT THU MAY 26 2016


...................................

...THE RIVERTON WY CLIMATE SUMMARY FOR MAY 26 2016...
VALID TODAY AS OF 0500 PM LOCAL TIME.

CLIMATE NORMAL PERIOD 1981 TO 2010
CLIMATE RECORD PERIOD 1995 TO 2016


WEATHER ITEM   OBSERVED TIME   RECORD YEAR NORMAL DEPARTURE LAST
                VALUE   (LST)  VALUE       VALUE  FROM      YEAR
                                                  NORMAL
..................................................................
TEMPERATURE (F)
 TODAY
  MAXIMUM         67        MM  87    2006  70     -3       68
                                      2003
  MINIMUM         42    400 AM  34    2012  43     -1       42
  AVERAGE         55                        57     -2       55

PRECIPITATION (IN)
  TODAY            0.00          2.00 2008   0.04  -0.04      T
  MONTH TO DATE    2.73                      1.49   1.24     4.33
  SINCE MAR 1      8.17                      3.34   4.83     5.56
  SINCE JAN 1      8.85                      3.85   5.00     6.63

SNOWFALL (IN)
  TODAY            0.0                                       0.0
  MONTH TO DATE    T                                         0.5
  SINCE MAR 1     34.2                                      10.5
  SINCE JUL 1     62.4                                      39.1
  SNOW DEPTH       0

DEGREE DAYS
 HEATING
  TODAY           10                         8      2       10
  MONTH TO DATE  359                       313     46      396
  SINCE MAR 1   1731                      1855   -124     1761
  SINCE JUL 1   7052                      7709   -657     7154

 COOLING
  TODAY            0                         0      0        0
  MONTH TO DATE    0                         0      0        0
  SINCE MAR 1      0                         0      0        0
  SINCE JAN 1      0                         0      0        0
..................................................................


WIND (MPH)
  HIGHEST WIND SPEED    16   HIGHEST WIND DIRECTION     W (270)
  HIGHEST GUST SPEED    MM   HIGHEST GUST DIRECTION    MM
  AVERAGE WIND SPEED     8.0


SKY COVER
  POSSIBLE SUNSHINE  MM
  AVERAGE SKY COVER 0.1


WEATHER CONDITIONS
 THE FOLLOWING WEATHER WAS RECORDED TODAY.
  NO SIGNIFICANT WEATHER WAS OBSERVED.


RELATIVE HUMIDITY (PERCENT)
 HIGHEST    82          1200 AM
 LOWEST     26           200 PM
 AVERAGE    54

..........................................................


THE RIVERTON WY CLIMATE NORMALS FOR TOMORROW
                         NORMAL    RECORD    YEAR
 MAXIMUM TEMPERATURE (F)   71        87      2014
 MINIMUM TEMPERATURE (F)   44        35      2012


SUNRISE AND SUNSET
MAY 26 2016...........SUNRISE   540 AM MDT   SUNSET   842 PM MDT
MAY 27 2016...........SUNRISE   540 AM MDT   SUNSET   843 PM MDT


-  INDICATES NEGATIVE NUMBERS.
R  INDICATES RECORD WAS SET OR TIED.
MM INDICATES DATA IS MISSING.
T  INDICATES TRACE AMOUNT.




$$
