000
CDUS45 KRIW 300729
CLIRIW


CLIMATE REPORT
NATIONAL WEATHER SERVICE RIVERTON WY
129 AM MDT FRI SEP 30 2016


...................................

...THE RIVERTON WY CLIMATE SUMMARY FOR SEPTEMBER 29 2016...

CLIMATE NORMAL PERIOD 1981 TO 2010
CLIMATE RECORD PERIOD 1995 TO 2016


WEATHER ITEM   OBSERVED TIME   RECORD YEAR NORMAL DEPARTURE LAST
                VALUE   (LST)  VALUE       VALUE  FROM      YEAR
                                                  NORMAL
..................................................................
TEMPERATURE (F)
 YESTERDAY
  MAXIMUM         73    351 PM  83    2009  66      7       76
  MINIMUM         47    657 AM  29    1999  39      8       43
  AVERAGE         60                        52      8       60

PRECIPITATION (IN)
  YESTERDAY        0.00          0.36 2004   0.04  -0.04     0.00
  MONTH TO DATE    1.98                      0.86   1.12     0.02
  SINCE SEP 1      1.98                      0.86   1.12     0.02
  SINCE JAN 1     11.70                      7.68   4.02     8.82

SNOWFALL (IN)
  YESTERDAY        0.0                                       0.0
  MONTH TO DATE    0.0                                       0.0
  SINCE SEP 1      0.0                                       0.0
  SINCE JUL 1      0.0                                       0.0
  SNOW DEPTH       0

DEGREE DAYS
 HEATING
  YESTERDAY        5                        13     -8        5
  MONTH TO DATE  205                       213     -8       59
  SINCE SEP 1    205                       213     -8       59
  SINCE JUL 1    256                       251      5       94

 COOLING
  YESTERDAY        0                         0      0        0
  MONTH TO DATE   35                        24     11       67
  SINCE SEP 1     35                        24     11       67
  SINCE JAN 1    605                       492    113      543
..................................................................


WIND (MPH)
  HIGHEST WIND SPEED    26   HIGHEST WIND DIRECTION     S (170)
  HIGHEST GUST SPEED    32   HIGHEST GUST DIRECTION     S (170)
  AVERAGE WIND SPEED     9.7


SKY COVER
  POSSIBLE SUNSHINE  MM
  AVERAGE SKY COVER 0.2


WEATHER CONDITIONS
 THE FOLLOWING WEATHER WAS RECORDED YESTERDAY.
  NO SIGNIFICANT WEATHER WAS OBSERVED.


RELATIVE HUMIDITY (PERCENT)
 HIGHEST    86           700 AM
 LOWEST     41           100 PM
 AVERAGE    64

..........................................................


THE RIVERTON WY CLIMATE NORMALS FOR TODAY
                         NORMAL    RECORD    YEAR
 MAXIMUM TEMPERATURE (F)   65        81      2005
 MINIMUM TEMPERATURE (F)   38        32      2009


SUNRISE AND SUNSET
SEPTEMBER 30 2016.....SUNRISE   711 AM MDT   SUNSET   656 PM MDT
OCTOBER  1 2016.......SUNRISE   712 AM MDT   SUNSET   654 PM MDT


-  INDICATES NEGATIVE NUMBERS.
R  INDICATES RECORD WAS SET OR TIED.
MM INDICATES DATA IS MISSING.
T  INDICATES TRACE AMOUNT.




$$
