000
CDUS45 KRIW 270745
CLIRIW


CLIMATE REPORT
NATIONAL WEATHER SERVICE RIVERTON WY
134 AM MDT THU APR 27 2017


...................................

...THE RIVERTON WY CLIMATE SUMMARY FOR APRIL 26 2017...

CLIMATE NORMAL PERIOD 1981 TO 2010
CLIMATE RECORD PERIOD 1995 TO 2017


WEATHER ITEM   OBSERVED TIME   RECORD YEAR NORMAL DEPARTURE LAST
                VALUE   (LST)  VALUE       VALUE  FROM      YEAR
                                                  NORMAL
..................................................................
TEMPERATURE (F)
 YESTERDAY
  MAXIMUM         56    308 PM  79    2012  61     -5       39
  MINIMUM         27    232 AM  26    2008  34     -7       32
  AVERAGE         42                        47     -5       36

PRECIPITATION (IN)
  YESTERDAY        T             0.79 2016   0.05  -0.05     0.79
  MONTH TO DATE    2.05                      1.05   1.00     2.78
  SINCE MAR 1      5.76                      1.60   4.16     4.91
  SINCE JAN 1      7.62                      2.11   5.51     5.59

SNOWFALL (IN)
  YESTERDAY        T                                         3.6
  MONTH TO DATE    4.6                                      10.4
  SINCE MAR 1      4.6                                      31.9
  SINCE JUL 1     52.3                                      60.1
  SNOW DEPTH       0

DEGREE DAYS
 HEATING
  YESTERDAY       23                        18      5       29
  MONTH TO DATE  511                       556    -45      451
  SINCE MAR 1   1215                      1474   -259     1261
  SINCE JUL 1   7089                      7328   -239     6582

 COOLING
  YESTERDAY        0                         0      0        0
  MONTH TO DATE    0                         0      0        0
  SINCE MAR 1      0                         0      0        0
  SINCE JAN 1      0                         0      0        0
..................................................................


WIND (MPH)
  HIGHEST WIND SPEED    21   HIGHEST WIND DIRECTION     W (270)
  HIGHEST GUST SPEED    33   HIGHEST GUST DIRECTION    NW (320)
  AVERAGE WIND SPEED     5.1


SKY COVER
  POSSIBLE SUNSHINE  MM
  AVERAGE SKY COVER 0.5


WEATHER CONDITIONS
 THE FOLLOWING WEATHER WAS RECORDED YESTERDAY.
  FOG
  FOG W/VISIBILITY <= 1/4 MILE


RELATIVE HUMIDITY (PERCENT)
 HIGHEST   100           300 AM
 LOWEST     32           300 PM
 AVERAGE    66

..........................................................


THE RIVERTON WY CLIMATE NORMALS FOR TODAY
                         NORMAL    RECORD    YEAR
 MAXIMUM TEMPERATURE (F)   61        78      2001
 MINIMUM TEMPERATURE (F)   34        25      2011
                                             2005


SUNRISE AND SUNSET
APRIL 27 2017.........SUNRISE   613 AM MDT   SUNSET   811 PM MDT
APRIL 28 2017.........SUNRISE   611 AM MDT   SUNSET   812 PM MDT


-  INDICATES NEGATIVE NUMBERS.
R  INDICATES RECORD WAS SET OR TIED.
MM INDICATES DATA IS MISSING.
T  INDICATES TRACE AMOUNT.




$$
