000
CDUS45 KRIW 190816
CLIRKS


CLIMATE REPORT
NATIONAL WEATHER SERVICE RIVERTON WY
112 AM MST SUN FEB 19 2017


...................................

...THE ROCK SPRINGS WY CLIMATE SUMMARY FOR FEBRUARY 18 2017...

CLIMATE NORMAL PERIOD 1981 TO 2010
CLIMATE RECORD PERIOD 1948 TO 2017


WEATHER ITEM   OBSERVED TIME   RECORD YEAR NORMAL DEPARTURE LAST
                VALUE   (LST)  VALUE       VALUE  FROM      YEAR
                                                  NORMAL
..................................................................
TEMPERATURE (F)
 YESTERDAY
  MAXIMUM         42   1230 PM  54    1958  34      8       47
  MINIMUM         35    208 AM -18    2006  15     20       26
  AVERAGE         39                        24     15       37

PRECIPITATION (IN)
  YESTERDAY        0.00          0.11 2016   0.02  -0.02     0.11
  MONTH TO DATE    0.15                      0.31  -0.16     0.12
  SINCE DEC 1      0.72                      1.26  -0.54     0.19
  SINCE JAN 1      0.64                      0.76  -0.12     0.15

DEGREE DAYS
 HEATING
  YESTERDAY       26                        40    -14       28
  MONTH TO DATE  639                       760   -121      658
  SINCE DEC 1   3602                      3471    131     3497
  SINCE JUL 1   5322                      5464   -142     5163

 COOLING
  YESTERDAY        0                         0      0        0
  MONTH TO DATE    0                         0      0        0
  SINCE DEC 1      0                         0      0        0
  SINCE JAN 1      0                         0      0        0
..................................................................


WIND (MPH)
  HIGHEST WIND SPEED    31   HIGHEST WIND DIRECTION     S (190)
  HIGHEST GUST SPEED    38   HIGHEST GUST DIRECTION     S (190)
  AVERAGE WIND SPEED    14.3


SKY COVER
  POSSIBLE SUNSHINE  MM
  AVERAGE SKY COVER 0.5


WEATHER CONDITIONS
 THE FOLLOWING WEATHER WAS RECORDED YESTERDAY.
  NO SIGNIFICANT WEATHER WAS OBSERVED.


RELATIVE HUMIDITY (PERCENT)
 HIGHEST    76          1200 AM
 LOWEST     57          1200 PM
 AVERAGE    67

..........................................................


THE ROCK SPRINGS WY CLIMATE NORMALS FOR TODAY
                         NORMAL    RECORD    YEAR
 MAXIMUM TEMPERATURE (F)   34        55      1981
 MINIMUM TEMPERATURE (F)   16        -5      2006


SUNRISE AND SUNSET
FEBRUARY 19 2017......SUNRISE   705 AM MST   SUNSET   555 PM MST
FEBRUARY 20 2017......SUNRISE   704 AM MST   SUNSET   556 PM MST


-  INDICATES NEGATIVE NUMBERS.
R  INDICATES RECORD WAS SET OR TIED.
MM INDICATES DATA IS MISSING.
T  INDICATES TRACE AMOUNT.




$$
