000
CDUS45 KRIW 280731
CLIRKS


CLIMATE REPORT
NATIONAL WEATHER SERVICE RIVERTON WY
130 AM MDT SUN MAY 28 2017


...................................

...THE ROCK SPRINGS WY CLIMATE SUMMARY FOR MAY 27 2017...

CLIMATE NORMAL PERIOD 1981 TO 2010
CLIMATE RECORD PERIOD 1948 TO 2017


WEATHER ITEM   OBSERVED TIME   RECORD YEAR NORMAL DEPARTURE LAST
                VALUE   (LST)  VALUE       VALUE  FROM      YEAR
                                                  NORMAL
..................................................................
TEMPERATURE (F)
 YESTERDAY
  MAXIMUM         62    422 PM  85    1969  68     -6       62
  MINIMUM         36    456 AM  27    1973  41     -5       42
  AVERAGE         49                        54     -5       52

PRECIPITATION (IN)
  YESTERDAY        0.00          0.51 1995   0.04  -0.04     0.01
  MONTH TO DATE    0.64                      1.06  -0.42     2.20
  SINCE MAR 1      2.62                      2.65  -0.03     4.24
  SINCE JAN 1      3.52                      3.58  -0.06     4.46

DEGREE DAYS
 HEATING
  YESTERDAY       16                        11      5       13
  MONTH TO DATE  393                       402     -9      466
  SINCE MAR 1   1847                      2082   -235     2024
  SINCE JUL 1   7585                      7934   -349     7541

 COOLING
  YESTERDAY        0                         0      0        0
  MONTH TO DATE    0                         0      0        0
  SINCE MAR 1      0                         0      0        0
  SINCE JAN 1      0                         0      0        0
..................................................................


WIND (MPH)
  HIGHEST WIND SPEED    20   HIGHEST WIND DIRECTION     E (70)
  HIGHEST GUST SPEED    25   HIGHEST GUST DIRECTION     E (70)
  AVERAGE WIND SPEED     5.2


SKY COVER
  POSSIBLE SUNSHINE  MM
  AVERAGE SKY COVER 0.5


WEATHER CONDITIONS
 THE FOLLOWING WEATHER WAS RECORDED YESTERDAY.
  NO SIGNIFICANT WEATHER WAS OBSERVED.


RELATIVE HUMIDITY (PERCENT)
 HIGHEST   100           500 AM
 LOWEST     19           400 PM
 AVERAGE    60

..........................................................


THE ROCK SPRINGS WY CLIMATE NORMALS FOR TODAY
                         NORMAL    RECORD    YEAR
 MAXIMUM TEMPERATURE (F)   68        89      2003
 MINIMUM TEMPERATURE (F)   41        29      1954


SUNRISE AND SUNSET
MAY 28 2017...........SUNRISE   546 AM MDT   SUNSET   841 PM MDT
MAY 29 2017...........SUNRISE   546 AM MDT   SUNSET   842 PM MDT


-  INDICATES NEGATIVE NUMBERS.
R  INDICATES RECORD WAS SET OR TIED.
MM INDICATES DATA IS MISSING.
T  INDICATES TRACE AMOUNT.




$$
