000
CDUS45 KRIW 120741
CLIRKS


CLIMATE REPORT
NATIONAL WEATHER SERVICE RIVERTON WY
134 AM MDT SAT JUL 12 2014


...................................

...THE ROCK SPRINGS WY CLIMATE SUMMARY FOR JULY 11 2014...

CLIMATE NORMAL PERIOD 1981 TO 2010
CLIMATE RECORD PERIOD 1948 TO 2014


WEATHER ITEM   OBSERVED TIME   RECORD YEAR NORMAL DEPARTURE LAST
                VALUE   (LST)  VALUE       VALUE  FROM      YEAR
                                                  NORMAL
..................................................................
TEMPERATURE (F)
 YESTERDAY
  MAXIMUM         78    347 PM  95    1954  84     -6       92
  MINIMUM         58   1159 PM  40    1951  54      4       60
  AVERAGE         68                        69     -1       76

PRECIPITATION (IN)
  YESTERDAY        0.06          0.22 1992   0.02   0.04     0.00
  MONTH TO DATE    0.12                      0.21  -0.09     0.18
  SINCE JUN 1      0.41                      1.00  -0.59     0.18
  SINCE JAN 1      1.72                      4.73  -3.01     1.67

DEGREE DAYS
 HEATING
  YESTERDAY        0                         1     -1        0
  MONTH TO DATE    3                        14    -11        0
  SINCE JUN 1    150                       181    -31       62
  SINCE JUL 1      3                        14    -11        0

 COOLING
  YESTERDAY        3                         4     -1       11
  MONTH TO DATE   75                        40     35       84
  SINCE JUN 1     92                        75     17      177
  SINCE JAN 1     99                        76     23      178
..................................................................


WIND (MPH)
  HIGHEST WIND SPEED    24   HIGHEST WIND DIRECTION     W (260)
  HIGHEST GUST SPEED    31   HIGHEST GUST DIRECTION     W (260)
  AVERAGE WIND SPEED     8.6


SKY COVER
  POSSIBLE SUNSHINE  MM
  AVERAGE SKY COVER 0.6


WEATHER CONDITIONS
 THE FOLLOWING WEATHER WAS RECORDED YESTERDAY.
  THUNDERSTORM
  LIGHT RAIN


RELATIVE HUMIDITY (PERCENT)
 HIGHEST    80           400 AM
 LOWEST     36           200 PM
 AVERAGE    58

..........................................................


THE ROCK SPRINGS WY CLIMATE NORMALS FOR TODAY
                         NORMAL    RECORD    YEAR
 MAXIMUM TEMPERATURE (F)   84        95      2002
 MINIMUM TEMPERATURE (F)   54        39      1951


SUNRISE AND SUNSET
JULY 12 2014..........SUNRISE   553 AM MDT   SUNSET   851 PM MDT
JULY 13 2014..........SUNRISE   554 AM MDT   SUNSET   850 PM MDT


-  INDICATES NEGATIVE NUMBERS.
R  INDICATES RECORD WAS SET OR TIED.
MM INDICATES DATA IS MISSING.
T  INDICATES TRACE AMOUNT.




$$
