000
CDUS45 KRIW 220046
CLIRKS


CLIMATE REPORT
NATIONAL WEATHER SERVICE RIVERTON WY
644 PM MDT FRI JUL 21 2017


...................................

...THE ROCK SPRINGS WY CLIMATE SUMMARY FOR JULY 21 2017...
VALID TODAY AS OF 0500 PM LOCAL TIME.

CLIMATE NORMAL PERIOD 1981 TO 2010
CLIMATE RECORD PERIOD 1948 TO 2017


WEATHER ITEM   OBSERVED TIME   RECORD YEAR NORMAL DEPARTURE LAST
                VALUE   (LST)  VALUE       VALUE  FROM      YEAR
                                                  NORMAL
..................................................................
TEMPERATURE (F)
 TODAY
  MAXIMUM         83        MM  95    2005  85     -2       88
  MINIMUM         58        MM  44    1949  55      3       57
  AVERAGE         71                        70      1       73

PRECIPITATION (IN)
  TODAY            T                         0.03  -0.03     0.00
  MONTH TO DATE    0.02                      0.42  -0.40     0.22
  SINCE JUN 1      0.04                      1.21  -1.17     0.43
  SINCE JAN 1      3.56                      4.94  -1.38     4.89

DEGREE DAYS
 HEATING
  TODAY            0                         0      0        0
  MONTH TO DATE    0                        19    -19       13
  SINCE JUN 1     86                       186   -100       52
  SINCE JUL 1      0                        19    -19       13

 COOLING
  TODAY            6                         5      1        8
  MONTH TO DATE  166                        90     76       90
  SINCE JUN 1    211                       125     86      171
  SINCE JAN 1    211                       126     85      171
..................................................................


WIND (MPH)
  HIGHEST WIND SPEED    12   HIGHEST WIND DIRECTION     S (200)
  HIGHEST GUST SPEED    MM   HIGHEST GUST DIRECTION    MM
  AVERAGE WIND SPEED     5.5


SKY COVER
  POSSIBLE SUNSHINE  MM
  AVERAGE SKY COVER 0.1


WEATHER CONDITIONS
 THE FOLLOWING WEATHER WAS RECORDED TODAY.
  THUNDERSTORM
  LIGHT RAIN


RELATIVE HUMIDITY (PERCENT)
 HIGHEST    78           700 AM
 LOWEST     28           200 PM
 AVERAGE    53

..........................................................


THE ROCK SPRINGS WY CLIMATE NORMALS FOR TOMORROW
                         NORMAL    RECORD    YEAR
 MAXIMUM TEMPERATURE (F)   85        96      2007
 MINIMUM TEMPERATURE (F)   55        39      1978


SUNRISE AND SUNSET
JULY 21 2017..........SUNRISE   601 AM MDT   SUNSET   844 PM MDT
JULY 22 2017..........SUNRISE   602 AM MDT   SUNSET   843 PM MDT


-  INDICATES NEGATIVE NUMBERS.
R  INDICATES RECORD WAS SET OR TIED.
MM INDICATES DATA IS MISSING.
T  INDICATES TRACE AMOUNT.




$$
