000
CDUS45 KRIW 170733
CLIRKS


CLIMATE REPORT
NATIONAL WEATHER SERVICE RIVERTON WY
133 AM MDT WED SEP 17 2014


...................................

...THE ROCK SPRINGS WY CLIMATE SUMMARY FOR SEPTEMBER 16 2014...

CLIMATE NORMAL PERIOD 1981 TO 2010
CLIMATE RECORD PERIOD 1948 TO 2014


WEATHER ITEM   OBSERVED TIME   RECORD YEAR NORMAL DEPARTURE LAST
                VALUE   (LST)  VALUE       VALUE  FROM      YEAR
                                                  NORMAL
..................................................................
TEMPERATURE (F)
 YESTERDAY
  MAXIMUM         82    318 PM  84    2000  70     12       75
  MINIMUM         47    538 AM  18    1965  43      4       48
  AVERAGE         65                        56      9       62

PRECIPITATION (IN)
  YESTERDAY        0.00          0.68 1965   0.03  -0.03     0.00
  MONTH TO DATE    0.02                      0.47  -0.45     0.63
  SINCE SEP 1      0.02                      0.47  -0.45     0.63
  SINCE JAN 1      2.50                      6.25  -3.75     2.83

DEGREE DAYS
 HEATING
  YESTERDAY        0                         9     -9        3
  MONTH TO DATE  102                        97      5       49
  SINCE SEP 1    102                        97      5       49
  SINCE JUL 1    193                       161     32       50

 COOLING
  YESTERDAY        0                         0      0        0
  MONTH TO DATE    4                         7     -3       44
  SINCE SEP 1      4                         7     -3       44
  SINCE JAN 1    303                       284     19      517
..................................................................


WIND (MPH)
  HIGHEST WIND SPEED    23   HIGHEST WIND DIRECTION    SW (220)
  HIGHEST GUST SPEED    29   HIGHEST GUST DIRECTION    SW (210)
  AVERAGE WIND SPEED     6.8


SKY COVER
  POSSIBLE SUNSHINE  MM
  AVERAGE SKY COVER 0.1


WEATHER CONDITIONS
 THE FOLLOWING WEATHER WAS RECORDED YESTERDAY.
  NO SIGNIFICANT WEATHER WAS OBSERVED.


RELATIVE HUMIDITY (PERCENT)
 HIGHEST    54           600 AM
 LOWEST     16           100 PM
 AVERAGE    35

..........................................................


THE ROCK SPRINGS WY CLIMATE NORMALS FOR TODAY
                         NORMAL    RECORD    YEAR
 MAXIMUM TEMPERATURE (F)   70        83      2010
 MINIMUM TEMPERATURE (F)   42        10      1965


SUNRISE AND SUNSET
SEPTEMBER 17 2014.....SUNRISE   659 AM MDT   SUNSET   722 PM MDT
SEPTEMBER 18 2014.....SUNRISE   700 AM MDT   SUNSET   720 PM MDT


-  INDICATES NEGATIVE NUMBERS.
R  INDICATES RECORD WAS SET OR TIED.
MM INDICATES DATA IS MISSING.
T  INDICATES TRACE AMOUNT.




$$
