000
CDUS45 KRIW 030738
CLIRKS


CLIMATE REPORT
NATIONAL WEATHER SERVICE RIVERTON WY
1238 AM MST TUE MAR 3 2015


...................................

...THE ROCK SPRINGS WY CLIMATE SUMMARY FOR MARCH 2 2015...

CLIMATE NORMAL PERIOD 1981 TO 2010
CLIMATE RECORD PERIOD 1948 TO 2015


WEATHER ITEM   OBSERVED TIME   RECORD YEAR NORMAL DEPARTURE LAST
                VALUE   (LST)  VALUE       VALUE  FROM      YEAR
                                                  NORMAL
..................................................................
TEMPERATURE (F)
 YESTERDAY
  MAXIMUM         31    409 PM  58    2009  38     -7       44
  MINIMUM         20    336 AM -10    1960  19      1       25
  AVERAGE         26                        29     -3       35

PRECIPITATION (IN)
  YESTERDAY        0.10          0.96 1977   0.01   0.09      T
  MONTH TO DATE    0.10                      0.03   0.07     0.01
  SINCE MAR 1      0.10                      0.03   0.07     0.01
  SINCE JAN 1      0.19                      0.96  -0.77     0.16

DEGREE DAYS
 HEATING
  YESTERDAY       39                        36      3       30
  MONTH TO DATE   86                        73     13       70
  SINCE MAR 1     86                        73     13       70
  SINCE JUL 1   5199                      5925   -726     5522

 COOLING
  YESTERDAY        0                         0      0        0
  MONTH TO DATE    0                         0      0        0
  SINCE MAR 1      0                         0      0        0
  SINCE JAN 1      0                         0      0        0
..................................................................


WIND (MPH)
  HIGHEST WIND SPEED    29   HIGHEST WIND DIRECTION     W (250)
  HIGHEST GUST SPEED    35   HIGHEST GUST DIRECTION     W (260)
  AVERAGE WIND SPEED     6.9


SKY COVER
  POSSIBLE SUNSHINE  MM
  AVERAGE SKY COVER 0.9


WEATHER CONDITIONS
 THE FOLLOWING WEATHER WAS RECORDED YESTERDAY.
  SNOW
  LIGHT SNOW
  FOG
  FOG W/VISIBILITY <= 1/4 MILE
  HAZE


RELATIVE HUMIDITY (PERCENT)
 HIGHEST   100           400 PM
 LOWEST     74          1200 AM
 AVERAGE    87

..........................................................


THE ROCK SPRINGS WY CLIMATE NORMALS FOR TODAY
                         NORMAL    RECORD    YEAR
 MAXIMUM TEMPERATURE (F)   39        59      2009
 MINIMUM TEMPERATURE (F)   20        -4      1969


SUNRISE AND SUNSET
MARCH  3 2015.........SUNRISE   648 AM MST   SUNSET   609 PM MST
MARCH  4 2015.........SUNRISE   646 AM MST   SUNSET   610 PM MST


-  INDICATES NEGATIVE NUMBERS.
R  INDICATES RECORD WAS SET OR TIED.
MM INDICATES DATA IS MISSING.
T  INDICATES TRACE AMOUNT.




$$
