000
CDUS45 KRIW 310738
CLIRKS


CLIMATE REPORT
NATIONAL WEATHER SERVICE RIVERTON WY
1235 AM MST SAT JAN 31 2015


...................................

...THE ROCK SPRINGS WY CLIMATE SUMMARY FOR JANUARY 30 2015...

CLIMATE NORMAL PERIOD 1981 TO 2010
CLIMATE RECORD PERIOD 1948 TO 2015


WEATHER ITEM   OBSERVED TIME   RECORD YEAR NORMAL DEPARTURE LAST
                VALUE   (LST)  VALUE       VALUE  FROM      YEAR
                                                  NORMAL
..................................................................
TEMPERATURE (F)
 YESTERDAY
  MAXIMUM         37        MM  48    1971  31      6       33
  MINIMUM         28        MM -15    1985  12     16       23
  AVERAGE         33                        22     11       28

PRECIPITATION (IN)
  YESTERDAY        T             0.48 1963   0.01  -0.01      T
  MONTH TO DATE    0.01                      0.43  -0.42     0.07
  SINCE DEC 1      0.12                      0.93  -0.81     0.25
  SINCE JAN 1      0.01                      0.43  -0.42     0.07

DEGREE DAYS
 HEATING
  YESTERDAY       32                        44    -12       37
  MONTH TO DATE 1072                      1315   -243     1144
  SINCE DEC 1   2328                      2674   -346     2442
  SINCE JUL 1   4144                      4667   -523     4350

 COOLING
  YESTERDAY        0                         0      0        0
  MONTH TO DATE    0                         0      0        0
  SINCE DEC 1      0                         0      0        0
  SINCE JAN 1      0                         0      0        0
..................................................................


WIND (MPH)
  HIGHEST WIND SPEED    20   HIGHEST WIND DIRECTION    NE (60)
  HIGHEST GUST SPEED    24   HIGHEST GUST DIRECTION    NE (50)
  AVERAGE WIND SPEED     6.8


SKY COVER
  POSSIBLE SUNSHINE  MM
  AVERAGE SKY COVER 0.8


WEATHER CONDITIONS
 THE FOLLOWING WEATHER WAS RECORDED YESTERDAY.
  LIGHT SNOW
  FOG


RELATIVE HUMIDITY (PERCENT)
 HIGHEST    92           200 AM
 LOWEST     75           100 PM
 AVERAGE    84

..........................................................


THE ROCK SPRINGS WY CLIMATE NORMALS FOR TODAY
                         NORMAL    RECORD    YEAR
 MAXIMUM TEMPERATURE (F)   31        53      2003
                                             1971
 MINIMUM TEMPERATURE (F)   12       -22      1985


SUNRISE AND SUNSET
JANUARY 31 2015.......SUNRISE   729 AM MST   SUNSET   531 PM MST
FEBRUARY  1 2015......SUNRISE   728 AM MST   SUNSET   532 PM MST


-  INDICATES NEGATIVE NUMBERS.
R  INDICATES RECORD WAS SET OR TIED.
MM INDICATES DATA IS MISSING.
T  INDICATES TRACE AMOUNT.




$$
