000
CDUS45 KRIW 220748
CLIRKS


CLIMATE REPORT
NATIONAL WEATHER SERVICE RIVERTON WY
144 AM MDT WED OCT 22 2014


...................................

...THE ROCK SPRINGS WY CLIMATE SUMMARY FOR OCTOBER 21 2014...

CLIMATE NORMAL PERIOD 1981 TO 2010
CLIMATE RECORD PERIOD 1948 TO 2014


WEATHER ITEM   OBSERVED TIME   RECORD YEAR NORMAL DEPARTURE LAST
                VALUE   (LST)  VALUE       VALUE  FROM      YEAR
                                                  NORMAL
..................................................................
TEMPERATURE (F)
 YESTERDAY
  MAXIMUM         65        MM  77    2003  54     11       56
  MINIMUM         37        MM  13    1984  31      6       27
  AVERAGE         51                        43      8       42

PRECIPITATION (IN)
  YESTERDAY        0.12          0.59 2004   0.03   0.09     0.00
  MONTH TO DATE    0.32                      0.61  -0.29     0.81
  SINCE SEP 1      1.52                      1.53  -0.01     2.18
  SINCE JAN 1      4.00                      7.31  -3.31     4.38

DEGREE DAYS
 HEATING
  YESTERDAY       14                        22     -8       23
  MONTH TO DATE  313                       393    -80      482
  SINCE SEP 1    498                       657   -159      711
  SINCE JUL 1    589                       721   -132      712

 COOLING
  YESTERDAY        0                         0      0        0
  MONTH TO DATE    0                         0      0        0
  SINCE SEP 1      8                         9     -1       44
  SINCE JAN 1    307                       286     21      517
..................................................................


WIND (MPH)
  HIGHEST WIND SPEED    29   HIGHEST WIND DIRECTION     W (260)
  HIGHEST GUST SPEED    40   HIGHEST GUST DIRECTION     W (260)
  AVERAGE WIND SPEED    13.8


SKY COVER
  POSSIBLE SUNSHINE  MM
  AVERAGE SKY COVER 0.4


WEATHER CONDITIONS
 THE FOLLOWING WEATHER WAS RECORDED YESTERDAY.
  THUNDERSTORM
  HEAVY RAIN
  LIGHT RAIN


RELATIVE HUMIDITY (PERCENT)
 HIGHEST    74           500 PM
 LOWEST     30           200 PM
 AVERAGE    52

..........................................................


THE ROCK SPRINGS WY CLIMATE NORMALS FOR TODAY
                         NORMAL    RECORD    YEAR
 MAXIMUM TEMPERATURE (F)   54        77      2003
 MINIMUM TEMPERATURE (F)   31        17      1984


SUNRISE AND SUNSET
OCTOBER 22 2014.......SUNRISE   736 AM MDT   SUNSET   624 PM MDT
OCTOBER 23 2014.......SUNRISE   738 AM MDT   SUNSET   623 PM MDT


-  INDICATES NEGATIVE NUMBERS.
R  INDICATES RECORD WAS SET OR TIED.
MM INDICATES DATA IS MISSING.
T  INDICATES TRACE AMOUNT.




$$
