250
CDUS45 KRIW 090734
CLIRKS


CLIMATE REPORT
NATIONAL WEATHER SERVICE RIVERTON WY
1228 AM MST TUE FEB 9 2016


...................................

...THE ROCK SPRINGS WY CLIMATE SUMMARY FOR FEBRUARY 8 2016...

CLIMATE NORMAL PERIOD 1981 TO 2010
CLIMATE RECORD PERIOD 1948 TO 2016


WEATHER ITEM   OBSERVED TIME   RECORD YEAR NORMAL DEPARTURE LAST
                VALUE   (LST)  VALUE       VALUE  FROM      YEAR
                                                  NORMAL
..................................................................
TEMPERATURE (F)
 YESTERDAY
  MAXIMUM         37    308 PM  50    2015  31      6       50
                                      1954
  MINIMUM         24    658 AM -25    1989  13     11       32
  AVERAGE         31                        22      9       41

PRECIPITATION (IN)
  YESTERDAY        0.00          0.48 1960   0.02  -0.02      T
  MONTH TO DATE    0.01                      0.14  -0.13     0.05
  SINCE DEC 1      0.08                      1.09  -1.01     0.17
  SINCE JAN 1      0.04                      0.59  -0.55     0.06

DEGREE DAYS
 HEATING
  YESTERDAY       34                        43     -9       24
  MONTH TO DATE  370                       344     26      206
  SINCE DEC 1   3209                      3055    154     2568
  SINCE JUL 1   4875                      5048   -173     4384

 COOLING
  YESTERDAY        0                         0      0        0
  MONTH TO DATE    0                         0      0        0
  SINCE DEC 1      0                         0      0        0
  SINCE JAN 1      0                         0      0        0
..................................................................


WIND (MPH)
  HIGHEST WIND SPEED    32   HIGHEST WIND DIRECTION     W (270)
  HIGHEST GUST SPEED    42   HIGHEST GUST DIRECTION     W (270)
  AVERAGE WIND SPEED    20.6


SKY COVER
  POSSIBLE SUNSHINE  MM
  AVERAGE SKY COVER 0.0


WEATHER CONDITIONS
 THE FOLLOWING WEATHER WAS RECORDED YESTERDAY.
  NO SIGNIFICANT WEATHER WAS OBSERVED.


RELATIVE HUMIDITY (PERCENT)
 HIGHEST    78           700 PM
 LOWEST     61          1200 PM
 AVERAGE    70

..........................................................


THE ROCK SPRINGS WY CLIMATE NORMALS FOR TODAY
                         NORMAL    RECORD    YEAR
 MAXIMUM TEMPERATURE (F)   32        53      2015
 MINIMUM TEMPERATURE (F)   13       -22      2001


SUNRISE AND SUNSET
FEBRUARY  9 2016......SUNRISE   720 AM MST   SUNSET   542 PM MST
FEBRUARY 10 2016......SUNRISE   718 AM MST   SUNSET   543 PM MST


-  INDICATES NEGATIVE NUMBERS.
R  INDICATES RECORD WAS SET OR TIED.
MM INDICATES DATA IS MISSING.
T  INDICATES TRACE AMOUNT.




$$
