000
CDUS45 KRIW 290733
CLIRKS


CLIMATE REPORT
NATIONAL WEATHER SERVICE RIVERTON WY
133 AM MDT MON JUN 29 2015


...................................

...THE ROCK SPRINGS WY CLIMATE SUMMARY FOR JUNE 28 2015...

CLIMATE NORMAL PERIOD 1981 TO 2010
CLIMATE RECORD PERIOD 1948 TO 2015


WEATHER ITEM   OBSERVED TIME   RECORD YEAR NORMAL DEPARTURE LAST
                VALUE   (LST)  VALUE       VALUE  FROM      YEAR
                                                  NORMAL
..................................................................
TEMPERATURE (F)
 YESTERDAY
  MAXIMUM         91    443 PM  94    2013  80     11       75
  MINIMUM         59    506 AM  38    1959  50      9       48
  AVERAGE         75                        65     10       62

PRECIPITATION (IN)
  YESTERDAY        T             0.26 2005   0.02  -0.02     0.00
  MONTH TO DATE    1.04                      0.75   0.29     0.29
  SINCE JUN 1      1.04                      0.75   0.29     0.29
  SINCE JAN 1      5.12                      4.48   0.64     1.60

DEGREE DAYS
 HEATING
  YESTERDAY        0                         3     -3        3
  MONTH TO DATE   49                       162   -113      147
  SINCE JUN 1     49                       162   -113      147
  SINCE JUL 1   7114                      8137  -1023     7491

 COOLING
  YESTERDAY       10                         3      7        0
  MONTH TO DATE   68                        28     40       15
  SINCE JUN 1     68                        28     40       15
  SINCE JAN 1     68                        29     39       22
..................................................................


WIND (MPH)
  HIGHEST WIND SPEED    26   HIGHEST WIND DIRECTION    NE (40)
  HIGHEST GUST SPEED    34   HIGHEST GUST DIRECTION    NE (40)
  AVERAGE WIND SPEED     7.7


SKY COVER
  POSSIBLE SUNSHINE  MM
  AVERAGE SKY COVER 0.0


WEATHER CONDITIONS
 THE FOLLOWING WEATHER WAS RECORDED YESTERDAY.
  NO SIGNIFICANT WEATHER WAS OBSERVED.


RELATIVE HUMIDITY (PERCENT)
 HIGHEST    44           500 AM
 LOWEST     16           200 PM
 AVERAGE    30

..........................................................


THE ROCK SPRINGS WY CLIMATE NORMALS FOR TODAY
                         NORMAL    RECORD    YEAR
 MAXIMUM TEMPERATURE (F)   80        94      2013
                                             1990
 MINIMUM TEMPERATURE (F)   51        32      1968


SUNRISE AND SUNSET
JUNE 29 2015..........SUNRISE   545 AM MDT   SUNSET   854 PM MDT
JUNE 30 2015..........SUNRISE   545 AM MDT   SUNSET   854 PM MDT


-  INDICATES NEGATIVE NUMBERS.
R  INDICATES RECORD WAS SET OR TIED.
MM INDICATES DATA IS MISSING.
T  INDICATES TRACE AMOUNT.




$$
