000
CDUS45 KRIW 230735
CLIRKS


CLIMATE REPORT
NATIONAL WEATHER SERVICE RIVERTON WY
1235 AM MST TUE JAN 23 2018


...................................

...THE ROCK SPRINGS WY CLIMATE SUMMARY FOR JANUARY 22 2018...

CLIMATE NORMAL PERIOD 1981 TO 2010
CLIMATE RECORD PERIOD 1948 TO 2018


WEATHER ITEM   OBSERVED TIME   RECORD YEAR NORMAL DEPARTURE LAST
                VALUE   (LST)  VALUE       VALUE  FROM      YEAR
                                                  NORMAL
..................................................................
TEMPERATURE (F)
 YESTERDAY
  MAXIMUM         21    908 PM  47    1981  30     -9       28
  MINIMUM          6    657 AM -23    1962  12     -6       14
  AVERAGE         14                        21     -7       21

PRECIPITATION (IN)
  YESTERDAY        T             0.14 1964   0.01  -0.01      T
  MONTH TO DATE    0.08                      0.31  -0.23     0.41
  SINCE DEC 1      0.19                      0.81  -0.62     0.49
  SINCE JAN 1      0.08                      0.31  -0.23     0.41

DEGREE DAYS
 HEATING
  YESTERDAY       51                        44      7       44
  MONTH TO DATE  821                       963   -142     1136
  SINCE DEC 1   1948                      2322   -374     2541
  SINCE JUL 1   3828                      4315   -487     4261

 COOLING
  YESTERDAY        0                         0      0        0
  MONTH TO DATE    0                         0      0        0
  SINCE DEC 1      0                         0      0        0
  SINCE JAN 1      0                         0      0        0
..................................................................


WIND (MPH)
  HIGHEST WIND SPEED    30   HIGHEST WIND DIRECTION     W (260)
  HIGHEST GUST SPEED    38   HIGHEST GUST DIRECTION     W (260)
  AVERAGE WIND SPEED    16.5


SKY COVER
  POSSIBLE SUNSHINE  MM
  AVERAGE SKY COVER 0.5


WEATHER CONDITIONS
 THE FOLLOWING WEATHER WAS RECORDED YESTERDAY.
  LIGHT SNOW
  FOG


RELATIVE HUMIDITY (PERCENT)
 HIGHEST    84           200 PM
 LOWEST     73          1100 AM
 AVERAGE    79

..........................................................


THE ROCK SPRINGS WY CLIMATE NORMALS FOR TODAY
                         NORMAL    RECORD    YEAR
 MAXIMUM TEMPERATURE (F)   30        53      1970
 MINIMUM TEMPERATURE (F)   12       -21      1962


SUNRISE AND SUNSET
JANUARY 23 2018.......SUNRISE   736 AM MST   SUNSET   521 PM MST
JANUARY 24 2018.......SUNRISE   735 AM MST   SUNSET   522 PM MST


-  INDICATES NEGATIVE NUMBERS.
R  INDICATES RECORD WAS SET OR TIED.
MM INDICATES DATA IS MISSING.
T  INDICATES TRACE AMOUNT.




$$
