000
CDUS42 KFFC 262041
CLIRMG


CLIMATE REPORT
NATIONAL WEATHER SERVICE PEACHTREE CITY GA
441 PM EDT SUN MAR 26 2017


...................................

...THE ROME  CLIMATE SUMMARY FOR MARCH 26 2017...
VALID TODAY AS OF 0400 PM LOCAL TIME.

CLIMATE NORMAL PERIOD 1981 TO 2010
CLIMATE RECORD PERIOD 9999 TO 9999


WEATHER ITEM   OBSERVED TIME   RECORD YEAR NORMAL DEPARTURE LAST
                VALUE   (LST)  VALUE       VALUE  FROM      YEAR
                                                  NORMAL
..................................................................
TEMPERATURE (F)
 TODAY
  MAXIMUM         76    259 PM  MM      MM  68      8       67
  MINIMUM         56    651 AM  MM      MM  42     14       42
  AVERAGE         66                        55     11       55

PRECIPITATION (IN)
  TODAY            0.15         MM      MM   0.15   0.00     0.00
  MONTH TO DATE    3.21                      4.25  -1.04     2.61
  SINCE MAR 1      3.21                      4.25  -1.04     2.61
  SINCE JAN 1     14.47                     13.94   0.53    11.62

SNOWFALL (IN)
  TODAY            0.0          MM      MM  MM     MM        0.0
  MONTH TO DATE    0.0                      MM     MM        0.0
  SINCE MAR 1      0.0                      MM     MM        0.0
  SINCE JUL 1      T                        MM     MM         T
  SNOW DEPTH       0

DEGREE DAYS
 HEATING
  TODAY            0                        10    -10       10
  MONTH TO DATE  312                       357    -45      229
  SINCE MAR 1    312                       357    -45      229
  SINCE JUL 1   2021                      2979   -958     2287

 COOLING
  TODAY            1                         0      1        0
  MONTH TO DATE   13                         0     13       12
  SINCE MAR 1     13                         0     13       12
  SINCE JAN 1     13                         0     13       12
..................................................................


WIND (MPH)
  RESULTANT WIND SPEED   4   RESULTANT WIND DIRECTION   S (180)
  HIGHEST WIND SPEED    21   HIGHEST WIND DIRECTION     S (190)
  HIGHEST GUST SPEED    26   HIGHEST GUST DIRECTION     S (180)
  AVERAGE WIND SPEED     4.4


SKY COVER
  AVERAGE SKY COVER 0.8


WEATHER CONDITIONS
 THE FOLLOWING WEATHER WAS RECORDED TODAY.
  RAIN
  LIGHT RAIN
  FOG
  FOG W/VISIBILITY <= 1/4 MILE


RELATIVE HUMIDITY (PERCENT)
 HIGHEST    93           500 AM
 LOWEST     54           200 PM
 AVERAGE    74

..........................................................


THE ROME  CLIMATE NORMALS FOR TOMORROW
                         NORMAL    RECORD    YEAR
 MAXIMUM TEMPERATURE (F)   68        MM        MM
 MINIMUM TEMPERATURE (F)   42        MM        MM


SUNRISE AND SUNSET
MARCH 26 2017.........SUNRISE   736 AM EDT   SUNSET   757 PM EDT
MARCH 27 2017.........SUNRISE   734 AM EDT   SUNSET   758 PM EDT


-  INDICATES NEGATIVE NUMBERS.
R  INDICATES RECORD WAS SET OR TIED.
MM INDICATES DATA IS MISSING.
T  INDICATES TRACE AMOUNT.




$$
