000
CDUS42 KFFC 300819
CLIRMG


CLIMATE REPORT
NATIONAL WEATHER SERVICE PEACHTREE CITY GA
419 AM EDT TUE JUN 30 2015


...................................

...THE ROME  CLIMATE SUMMARY FOR JUNE 29 2015...

CLIMATE NORMAL PERIOD 1981 TO 2010
CLIMATE RECORD PERIOD 9999 TO 9999


WEATHER ITEM   OBSERVED TIME   RECORD YEAR NORMAL DEPARTURE LAST
                VALUE   (LST)  VALUE       VALUE  FROM      YEAR
                                                  NORMAL
..................................................................
TEMPERATURE (F)
 YESTERDAY
  MAXIMUM         88    446 PM  MM      MM  89     -1       89
  MINIMUM         58    601 AM  MM      MM  67     -9       69
  AVERAGE         73                        78     -5       79

PRECIPITATION (IN)
  YESTERDAY        0.00         MM      MM   0.15  -0.15     0.36
  MONTH TO DATE    2.70                      3.94  -1.24     4.45
  SINCE JUN 1      2.70                      3.94  -1.24     4.45
  SINCE JAN 1     22.34                     26.81  -4.47    28.94

DEGREE DAYS
 COOLING
  YESTERDAY        8                        13     -5       14
  MONTH TO DATE  405                       315     90      356
  SINCE JUN 1    405                       315     90      356
  SINCE JAN 1    662                       483    179      557
..................................................................


WIND (MPH)
  RESULTANT WIND SPEED   2   RESULTANT WIND DIRECTION  SW (230)
  HIGHEST WIND SPEED    14   HIGHEST WIND DIRECTION    SW (210)
  HIGHEST GUST SPEED    20   HIGHEST GUST DIRECTION    SW (220)
  AVERAGE WIND SPEED     3.4


SKY COVER
  AVERAGE SKY COVER 0.2


WEATHER CONDITIONS
 THE FOLLOWING WEATHER WAS RECORDED YESTERDAY.
  NO SIGNIFICANT WEATHER WAS OBSERVED.


RELATIVE HUMIDITY (PERCENT)
 HIGHEST   100           400 AM
 LOWEST     40           500 PM
 AVERAGE    70

..........................................................


THE ROME  CLIMATE NORMALS FOR TODAY
                         NORMAL    RECORD    YEAR
 MAXIMUM TEMPERATURE (F)   90        MM        MM
 MINIMUM TEMPERATURE (F)   67        MM        MM


SUNRISE AND SUNSET
JUNE 30 2015..........SUNRISE   632 AM EDT   SUNSET   857 PM EDT
JULY  1 2015..........SUNRISE   632 AM EDT   SUNSET   857 PM EDT


-  INDICATES NEGATIVE NUMBERS.
R  INDICATES RECORD WAS SET OR TIED.
MM INDICATES DATA IS MISSING.
T  INDICATES TRACE AMOUNT.




$$
