000
CDUS42 KFFC 260834
CLIRMG


CLIMATE REPORT
NATIONAL WEATHER SERVICE PEACHTREE CITY GA
433 AM EDT MON SEP 26 2016


...................................

...THE ROME  CLIMATE SUMMARY FOR SEPTEMBER 25 2016...

CLIMATE NORMAL PERIOD 1981 TO 2010
CLIMATE RECORD PERIOD 9999 TO 9999


WEATHER ITEM   OBSERVED TIME   RECORD YEAR NORMAL DEPARTURE LAST
                VALUE   (LST)  VALUE       VALUE  FROM      YEAR
                                                  NORMAL
..................................................................
TEMPERATURE (F)
 YESTERDAY
  MAXIMUM         97    411 PM  MM      MM  81     16       70
  MINIMUM         63    622 AM  MM      MM  57      6       61
  AVERAGE         80                        69     11       66

PRECIPITATION (IN)
  YESTERDAY        0.00         MM      MM   0.13  -0.13     1.91
  MONTH TO DATE    0.05                      2.71  -2.66     2.71
  SINCE SEP 1      0.05                      2.71  -2.66     2.71
  SINCE JAN 1     27.32                     38.13 -10.81    32.65

DEGREE DAYS
 HEATING
  YESTERDAY        0                         1     -1        0
  MONTH TO DATE    0                         6     -6        6
  SINCE SEP 1      0                         6     -6        6
  SINCE JUL 1      0                         6     -6        6

 COOLING
  YESTERDAY       15                         5     10        1
  MONTH TO DATE  357                       203    154      219
  SINCE SEP 1    357                       203    154      219
  SINCE JAN 1   2102                      1569    533     1807
..................................................................


WIND (MPH)
  RESULTANT WIND SPEED   2   RESULTANT WIND DIRECTION  SE (120)
  HIGHEST WIND SPEED    13   HIGHEST WIND DIRECTION    SE (140)
  HIGHEST GUST SPEED    16   HIGHEST GUST DIRECTION    SE (140)
  AVERAGE WIND SPEED     1.9


SKY COVER
  AVERAGE SKY COVER 0.1


WEATHER CONDITIONS
 THE FOLLOWING WEATHER WAS RECORDED YESTERDAY.
  NO SIGNIFICANT WEATHER WAS OBSERVED.


RELATIVE HUMIDITY (PERCENT)
 HIGHEST    87           300 AM
 LOWEST     26           300 PM
 AVERAGE    57

..........................................................


THE ROME  CLIMATE NORMALS FOR TODAY
                         NORMAL    RECORD    YEAR
 MAXIMUM TEMPERATURE (F)   80        MM        MM
 MINIMUM TEMPERATURE (F)   56        MM        MM


SUNRISE AND SUNSET
SEPTEMBER 26 2016.....SUNRISE   732 AM EDT   SUNSET   731 PM EDT
SEPTEMBER 27 2016.....SUNRISE   733 AM EDT   SUNSET   730 PM EDT


-  INDICATES NEGATIVE NUMBERS.
R  INDICATES RECORD WAS SET OR TIED.
MM INDICATES DATA IS MISSING.
T  INDICATES TRACE AMOUNT.




$$
