000
CDUS41 KRNK 280638
CLIRNK


CLIMATE REPORT
NATIONAL WEATHER SERVICE BLACKSBURG VA
236 AM EDT THU MAY 28 2015


...................................

...THE BLACKSBURG VA CLIMATE SUMMARY FOR MAY 27 2015...

CLIMATE NORMAL PERIOD 1981 TO 2010
CLIMATE RECORD PERIOD 1952 TO 2015


WEATHER ITEM   OBSERVED TIME   RECORD YEAR NORMAL DEPARTURE LAST
                VALUE   (LST)  VALUE       VALUE  FROM      YEAR
                                                  NORMAL
..................................................................
TEMPERATURE (F)
 YESTERDAY
  MAXIMUM         81        MM  85    2010  74      7       79
  MINIMUM         61        MM  28    1972  51     10       57
  AVERAGE         71                        62      9       68

PRECIPITATION (IN)
  YESTERDAY        0.07          1.26 2011   0.16  -0.09     0.13
  MONTH TO DATE    1.94                      3.70  -1.76     2.56
  SINCE MAR 1     11.81                     10.82   0.99     9.08
  SINCE JAN 1     15.23                     16.71  -1.48    14.71

SNOWFALL (IN)
  YESTERDAY        0.0                                       0.0
  MONTH TO DATE    0.0                                       0.0
  SINCE MAR 1      4.4                                       7.3
  SINCE JUL 1     27.8                                      34.4
  SNOW DEPTH       0

DEGREE DAYS
 HEATING
  YESTERDAY        0                         4     -4        0
  MONTH TO DATE   78                       188   -110      111
  SINCE MAR 1   1083                      1345   -262     1263
  SINCE JUL 1   5209                      5393   -184     5444

 COOLING
  YESTERDAY        6                         1      5        3
  MONTH TO DATE   57                        16     41       37
  SINCE MAR 1     57                        19     38       37
  SINCE JAN 1     57                        19     38       37
..................................................................


WIND (MPH)
  HIGHEST WIND SPEED     9   HIGHEST WIND DIRECTION    SW (220)
  HIGHEST GUST SPEED    MM   HIGHEST GUST DIRECTION    MM
  AVERAGE WIND SPEED     3.1


SKY COVER
  AVERAGE SKY COVER 0.3


WEATHER CONDITIONS
 THE FOLLOWING WEATHER WAS RECORDED YESTERDAY.
  LIGHT RAIN


RELATIVE HUMIDITY (PERCENT)
 HIGHEST    97           400 AM
 LOWEST     44           300 PM
 AVERAGE    71

..........................................................


THE BLACKSBURG VA CLIMATE NORMALS FOR TODAY
                         NORMAL    RECORD    YEAR
 MAXIMUM TEMPERATURE (F)   74        87      1955
 MINIMUM TEMPERATURE (F)   51        35      1972


SUNRISE AND SUNSET
MAY 28 2015...........SUNRISE   605 AM EDT   SUNSET   833 PM EDT
MAY 29 2015...........SUNRISE   604 AM EDT   SUNSET   834 PM EDT


-  INDICATES NEGATIVE NUMBERS.
R  INDICATES RECORD WAS SET OR TIED.
MM INDICATES DATA IS MISSING.
T  INDICATES TRACE AMOUNT.




$$
