000
CDUS41 KRNK 241011
CLIRNK


CLIMATE REPORT
NATIONAL WEATHER SERVICE BLACKSBURG VA
508 AM EST MON NOV 24 2014


...................................

...THE BLACKSBURG VA CLIMATE SUMMARY FOR NOVEMBER 23 2014...

CLIMATE NORMAL PERIOD 1981 TO 2010
CLIMATE RECORD PERIOD 1952 TO 2014


WEATHER ITEM   OBSERVED TIME   RECORD YEAR NORMAL DEPARTURE LAST
                VALUE   (LST)  VALUE       VALUE  FROM      YEAR
                                                  NORMAL
..................................................................
TEMPERATURE (F)
 YESTERDAY
  MAXIMUM         51   1100 PM  68    2003  52     -1       51
                                      1983
  MINIMUM         26    100 AM  10    1971  29     -3       26
  AVERAGE         39                        41     -2       39

PRECIPITATION (IN)
  YESTERDAY        0.38          1.17 1992   0.10   0.28     0.00
  MONTH TO DATE    1.73                      2.18  -0.45     0.89
  SINCE SEP 1      9.88                      8.06   1.82     4.67
  SINCE JAN 1     35.65                     37.25  -1.60    44.22

SNOWFALL (IN)
  YESTERDAY        0.0
  MONTH TO DATE    T
  SINCE SEP 1      T
  SINCE JUL 1      T
  SNOW DEPTH       0

DEGREE DAYS
 HEATING
  YESTERDAY       26                        24      2       26
  MONTH TO DATE  610                       471    139      501
  SINCE SEP 1   1009                       980     29      950
  SINCE JUL 1   1020                       998     22      973

 COOLING
  YESTERDAY        0                         0      0        0
  MONTH TO DATE    0                         0      0        0
  SINCE SEP 1     79                        61     18       62
  SINCE JAN 1    609                       573     36      568
..................................................................


WIND (MPH)
  HIGHEST WIND SPEED    10   HIGHEST WIND DIRECTION     E (110)
  HIGHEST GUST SPEED    17   HIGHEST GUST DIRECTION    SE (120)
  AVERAGE WIND SPEED     3.3


SKY COVER
  POSSIBLE SUNSHINE  MM
  AVERAGE SKY COVER 0.6


WEATHER CONDITIONS
 THE FOLLOWING WEATHER WAS RECORDED YESTERDAY.
  RAIN
  LIGHT RAIN


RELATIVE HUMIDITY (PERCENT)
 HIGHEST   100           300 PM
 LOWEST     65          1000 AM
 AVERAGE    83

..........................................................


THE BLACKSBURG VA CLIMATE NORMALS FOR TODAY
                         NORMAL    RECORD    YEAR
 MAXIMUM TEMPERATURE (F)   52        69      1998
 MINIMUM TEMPERATURE (F)   29         8      1971


SUNRISE AND SUNSET
NOVEMBER 24 2014......SUNRISE   710 AM EST   SUNSET   507 PM EST
NOVEMBER 25 2014......SUNRISE   711 AM EST   SUNSET   506 PM EST


-  INDICATES NEGATIVE NUMBERS.
R  INDICATES RECORD WAS SET OR TIED.
MM INDICATES DATA IS MISSING.
T  INDICATES TRACE AMOUNT.




$$
