000
CDUS41 KRNK 252224
CLIRNK


CLIMATE REPORT
NATIONAL WEATHER SERVICE BLACKSBURG VA
521 PM EST SUN FEB 25 2018


...................................

...THE BLACKSBURG VA CLIMATE SUMMARY FOR FEBRUARY 25 2018...
VALID TODAY AS OF 0500 PM LOCAL TIME.

CLIMATE NORMAL PERIOD 1981 TO 2010
CLIMATE RECORD PERIOD 1952 TO 2018


WEATHER ITEM   OBSERVED RECORD YEAR NORMAL DEPARTURE LAST
                VALUE   VALUE       VALUE  FROM      YEAR
                                           NORMAL
...........................................................
TEMPERATURE (F)
 TODAY
  MAXIMUM         64     71    1985  47     17       59
  MINIMUM         56     -2    1967  25     31       30
  AVERAGE         60                 36     24       45

PRECIPITATION (IN)
  TODAY            0.18   1.47 1979   0.10   0.08     0.09
  MONTH TO DATE    4.65               2.52   2.13     0.89
  SINCE DEC 1      6.89               8.55  -1.66     8.48
  SINCE JAN 1      6.25               5.60   0.65     5.39

SNOWFALL (IN)
  TODAY            0.0                                0.0
  MONTH TO DATE    1.4                                 T
  SINCE DEC 1      7.4                                6.6
  SINCE JUL 1      7.4                                6.6
  SNOW DEPTH       0

DEGREE DAYS
 HEATING
  TODAY            5                 29    -24       20
  MONTH TO DATE  541                776   -235      537
  SINCE DEC 1   2599               2783   -184     2245
  SINCE JUL 1   3589               3963   -374     3018

 COOLING
  TODAY            0                  0      0        0
  MONTH TO DATE    1                  0      1        0
  SINCE DEC 1      1                  0      1        0
  SINCE JAN 1      1                  0      1        0
...........................................................


WIND (MPH)
  HIGHEST WIND SPEED    15   HIGHEST WIND DIRECTION     W (290)
  HIGHEST GUST SPEED    23   HIGHEST GUST DIRECTION     W (290)
  AVERAGE WIND SPEED     7.4


SKY COVER
  AVERAGE SKY COVER 0.9


WEATHER CONDITIONS
 THE FOLLOWING WEATHER WAS RECORDED TODAY.
  HEAVY RAIN
  RAIN
  LIGHT RAIN


RELATIVE HUMIDITY (PERCENT)
 HIGHEST    90           800 AM
 LOWEST     67           200 PM
 AVERAGE    79

..........................................................


THE BLACKSBURG VA CLIMATE NORMALS FOR TOMORROW
                         NORMAL    RECORD    YEAR
 MAXIMUM TEMPERATURE (F)   48        73      2000
 MINIMUM TEMPERATURE (F)   25         2      1968


SUNRISE AND SUNSET
FEBRUARY 25 2018......SUNRISE   658 AM EST   SUNSET   612 PM EST
FEBRUARY 26 2018......SUNRISE   657 AM EST   SUNSET   613 PM EST


-  INDICATES NEGATIVE NUMBERS.
R  INDICATES RECORD WAS SET OR TIED.
MM INDICATES DATA IS MISSING.
T  INDICATES TRACE AMOUNT.


REMARKS:
DUE TO MISSING TEMPERATURES FROM SEPTEMBER 8-10...THE
HEATING DEGREE DAY AND DEPATURE FROM NORMAL WILL BE CALCULATED
WITHOUT DATA FROM THESE DATES.


$$

PW
