191
CDUS41 KRNK 232223
CLIRNK


CLIMATE REPORT
NATIONAL WEATHER SERVICE BLACKSBURG VA
521 PM EST THU NOV 23 2017


...................................

...THE BLACKSBURG VA CLIMATE SUMMARY FOR NOVEMBER 23 2017...
VALID TODAY AS OF 0500 PM LOCAL TIME.

CLIMATE NORMAL PERIOD 1981 TO 2010
CLIMATE RECORD PERIOD 1952 TO 2017


WEATHER ITEM   OBSERVED RECORD YEAR NORMAL DEPARTURE LAST
                VALUE   VALUE       VALUE  FROM      YEAR
                                           NORMAL
...........................................................
TEMPERATURE (F)
 TODAY
  MAXIMUM         50     68    2003  52     -2       52
                               1983
  MINIMUM         18     10    1971  29    -11       23
  AVERAGE         34                 41     -7       38

PRECIPITATION (IN)
  TODAY            0.00   1.17 1992   0.10  -0.10     0.00
  MONTH TO DATE    1.19               2.18  -0.99     0.07
  SINCE SEP 1     10.36               8.06   2.30     8.93
  SINCE JAN 1     40.32              37.25   3.07    37.60

SNOWFALL (IN)
  TODAY            0.0                                0.0
  MONTH TO DATE    T                                   T
  SINCE SEP 1      T                                   T
  SINCE JUL 1      T                                   T
  SNOW DEPTH       0

DEGREE DAYS
 HEATING
  TODAY           31                 24      7       27
  MONTH TO DATE  485                471     14      418
  SINCE SEP 1    827                980   -153      647
  SINCE JUL 1    836                998   -162      647

 COOLING
  TODAY            0                  0      0        0
  MONTH TO DATE    0                  0      0        0
  SINCE SEP 1     96                 61     35      137
  SINCE JAN 1    632                573     59      914
...........................................................


WIND (MPH)
  HIGHEST WIND SPEED     5   HIGHEST WIND DIRECTION    NW (320)
  HIGHEST GUST SPEED    MM   HIGHEST GUST DIRECTION    MM
  AVERAGE WIND SPEED     0.6


SKY COVER
  AVERAGE SKY COVER 0.0


WEATHER CONDITIONS
 THE FOLLOWING WEATHER WAS RECORDED TODAY.
  NO SIGNIFICANT WEATHER WAS OBSERVED.


RELATIVE HUMIDITY (PERCENT)
 HIGHEST    96           800 AM
 LOWEST     29           300 PM
 AVERAGE    63

..........................................................


THE BLACKSBURG VA CLIMATE NORMALS FOR TOMORROW
                         NORMAL    RECORD    YEAR
 MAXIMUM TEMPERATURE (F)   52        69      1998
 MINIMUM TEMPERATURE (F)   29         8      1971


SUNRISE AND SUNSET
NOVEMBER 23 2017......SUNRISE   709 AM EST   SUNSET   507 PM EST
NOVEMBER 24 2017......SUNRISE   710 AM EST   SUNSET   506 PM EST


-  INDICATES NEGATIVE NUMBERS.
R  INDICATES RECORD WAS SET OR TIED.
MM INDICATES DATA IS MISSING.
T  INDICATES TRACE AMOUNT.

REMARKS:
DUE TO MISSING TEMPERATURES ON SEPTEMBER 8-10...ALL TEMPERATURE AND
DEGREE DAY INFORMATION WILL BE CALCULATED WITHOUT DATA FROM THESE
DATES.

$$
