000
CDUS41 KRNK 302125
CLIRNK


CLIMATE REPORT
NATIONAL WEATHER SERVICE BLACKSBURG VA
522 PM EDT SUN APR 30 2017


...................................

...THE BLACKSBURG VA CLIMATE SUMMARY FOR APRIL 30 2017...
VALID TODAY AS OF 0500 PM LOCAL TIME.

CLIMATE NORMAL PERIOD 1981 TO 2010
CLIMATE RECORD PERIOD 1952 TO 2017


WEATHER ITEM   OBSERVED RECORD YEAR NORMAL DEPARTURE LAST
                VALUE   VALUE       VALUE  FROM      YEAR
                                           NORMAL
...........................................................
TEMPERATURE (F)
 TODAY
  MAXIMUM         78     85    1994  68     10       58
  MINIMUM         60     28    1971  42     18       51
  AVERAGE         69                 55     14       55

PRECIPITATION (IN)
  TODAY           MM      1.37 1994   0.11  MM        0.20
  MONTH TO DATE    5.92               3.48   2.44     1.75
  SINCE MAR 1      9.16               7.12   2.04     4.32
  SINCE JAN 1     14.94              13.01   1.93    11.46

SNOWFALL (IN)
  TODAY            0.0                                0.0
  MONTH TO DATE    0.1                                0.6
  SINCE MAR 1      1.1                                1.6
  SINCE JUL 1      7.7                               25.6
  SNOW DEPTH       0

DEGREE DAYS
 HEATING
  TODAY            0                 10    -10       10
  MONTH TO DATE  251                430   -179      362
  SINCE MAR 1    918               1157   -239      847
  SINCE JUL 1   4010               5205  -1195     4282

 COOLING
  TODAY            4                  0      4        0
  MONTH TO DATE   18                  3     15       10
  SINCE MAR 1     18                  3     15       10
  SINCE JAN 1     18                  3     15       10
...........................................................


WIND (MPH)
  HIGHEST WIND SPEED    13   HIGHEST WIND DIRECTION     S (190)
  HIGHEST GUST SPEED    21   HIGHEST GUST DIRECTION    SW (210)
  AVERAGE WIND SPEED     4.9


SKY COVER
  AVERAGE SKY COVER 0.2


WEATHER CONDITIONS
 THE FOLLOWING WEATHER WAS RECORDED TODAY.
  FOG


RELATIVE HUMIDITY (PERCENT)
 HIGHEST    93           300 AM
 LOWEST     42           400 PM
 AVERAGE    68

..........................................................


THE BLACKSBURG VA CLIMATE NORMALS FOR TOMORROW
                         NORMAL    RECORD    YEAR
 MAXIMUM TEMPERATURE (F)   68        86      2007
 MINIMUM TEMPERATURE (F)   43        28      1971


SUNRISE AND SUNSET
APRIL 30 2017.........SUNRISE   628 AM EDT   SUNSET   810 PM EDT
MAY  1 2017...........SUNRISE   627 AM EDT   SUNSET   811 PM EDT


-  INDICATES NEGATIVE NUMBERS.
R  INDICATES RECORD WAS SET OR TIED.
MM INDICATES DATA IS MISSING.
T  INDICATES TRACE AMOUNT.




$$
