000
CDUS41 KRNK 280634
CLIRNK


CLIMATE REPORT
NATIONAL WEATHER SERVICE BLACKSBURG VA
233 AM EDT TUE JUL 28 2015


...................................

...THE BLACKSBURG VA CLIMATE SUMMARY FOR JULY 27 2015...

CLIMATE NORMAL PERIOD 1981 TO 2010
CLIMATE RECORD PERIOD 1952 TO 2015


WEATHER ITEM   OBSERVED RECORD YEAR NORMAL DEPARTURE LAST
                VALUE   VALUE       VALUE  FROM      YEAR
                                           NORMAL
...........................................................
TEMPERATURE (F)
 YESTERDAY
  MAXIMUM         82     94    1993  82      0       79
  MINIMUM         66     49    1962  60      6       68
  AVERAGE         74                 71      3       74

PRECIPITATION (IN)
  YESTERDAY        0.02   1.56 2001   0.13  -0.11     0.20
  MONTH TO DATE    4.18               3.71   0.47     1.92
  SINCE JUN 1      7.66               7.71  -0.05     4.99
  SINCE JAN 1     23.19              25.05  -1.86    19.82

SNOWFALL (IN)
  YESTERDAY        0.0                                0.0
  MONTH TO DATE    T                                  0.0
  SINCE JUN 1      T                                   T
  SINCE JUL 1      T                                  0.0
  SNOW DEPTH       0

DEGREE DAYS
 HEATING
  YESTERDAY        0                  0      0        0
  MONTH TO DATE    0                  0      0        6
  SINCE JUN 1     11                 38    -27        9
  SINCE JUL 1      0                  0      0        6

 COOLING
  YESTERDAY        9                  6      3        9
  MONTH TO DATE  208                168     40      176
  SINCE JUN 1    420                287    133      342
  SINCE JAN 1    496                316    180      400
...........................................................


WIND (MPH)
  HIGHEST WIND SPEED     7   HIGHEST WIND DIRECTION    SW (240)
  HIGHEST GUST SPEED    MM   HIGHEST GUST DIRECTION    MM
  AVERAGE WIND SPEED     1.9


SKY COVER
  AVERAGE SKY COVER 0.3


WEATHER CONDITIONS
 THE FOLLOWING WEATHER WAS RECORDED YESTERDAY.
  LIGHT RAIN


RELATIVE HUMIDITY (PERCENT)
 HIGHEST   100           500 AM
 LOWEST     67           500 PM
 AVERAGE    84

..........................................................


THE BLACKSBURG VA CLIMATE NORMALS FOR TODAY
                         NORMAL    RECORD    YEAR
 MAXIMUM TEMPERATURE (F)   82        95      1966
 MINIMUM TEMPERATURE (F)   60        45      1962


SUNRISE AND SUNSET
JULY 28 2015..........SUNRISE   623 AM EDT   SUNSET   833 PM EDT
JULY 29 2015..........SUNRISE   624 AM EDT   SUNSET   832 PM EDT


-  INDICATES NEGATIVE NUMBERS.
R  INDICATES RECORD WAS SET OR TIED.
MM INDICATES DATA IS MISSING.
T  INDICATES TRACE AMOUNT.

$$

RAB
