000
CDUS41 KRNK 270548
CLIRNK


CLIMATE REPORT
NATIONAL WEATHER SERVICE BLACKSBURG VA
145 AM EDT TUE JUN 27 2017


...................................

...THE BLACKSBURG VA CLIMATE SUMMARY FOR JUNE 26 2017...

CLIMATE NORMAL PERIOD 1981 TO 2010
CLIMATE RECORD PERIOD 1952 TO 2017


WEATHER ITEM   OBSERVED RECORD YEAR NORMAL DEPARTURE LAST
                VALUE   VALUE       VALUE  FROM      YEAR
                                           NORMAL
...........................................................
TEMPERATURE (F)
 YESTERDAY
  MAXIMUM         76     92    1988  81     -5       82
  MINIMUM         49     42    1979  59    -10       60
  AVERAGE         63                 70     -7       71

PRECIPITATION (IN)
  YESTERDAY        0.00   3.85 2006   0.11  -0.11     0.00
  MONTH TO DATE    2.88               3.51  -0.63     3.14
  SINCE JUN 1      2.88               3.51  -0.63     3.14
  SINCE JAN 1     24.12              20.85   3.27    19.16

SNOWFALL (IN)
  YESTERDAY        0.0                                0.0
  MONTH TO DATE    0.0                                0.0
  SINCE JUN 1      0.0                                0.0
  SINCE JUL 1      7.7                               25.6
  SNOW DEPTH       0

DEGREE DAYS
 HEATING
  YESTERDAY        2                  0      2        0
  MONTH TO DATE   27                 37    -10       12
  SINCE JUN 1     27                 37    -10       12
  SINCE JUL 1   4193               5445  -1252     4466

 COOLING
  YESTERDAY        0                  5     -5        6
  MONTH TO DATE   87                 94     -7      132
  SINCE JUN 1     87                 94     -7      132
  SINCE JAN 1    141                123     18      178
...........................................................


WIND (MPH)
  HIGHEST WIND SPEED    10   HIGHEST WIND DIRECTION    NW (300)
  HIGHEST GUST SPEED    17   HIGHEST GUST DIRECTION     W (290)
  AVERAGE WIND SPEED     2.8


SKY COVER
  AVERAGE SKY COVER 0.2


WEATHER CONDITIONS
 THE FOLLOWING WEATHER WAS RECORDED YESTERDAY.
  NO SIGNIFICANT WEATHER WAS OBSERVED.


RELATIVE HUMIDITY (PERCENT)
 HIGHEST    93           500 AM
 LOWEST     33           400 PM
 AVERAGE    63

..........................................................


THE BLACKSBURG VA CLIMATE NORMALS FOR TODAY
                         NORMAL    RECORD    YEAR
 MAXIMUM TEMPERATURE (F)   81        94      1988
 MINIMUM TEMPERATURE (F)   59        43      1985


SUNRISE AND SUNSET
JUNE 27 2017..........SUNRISE   604 AM EDT   SUNSET   846 PM EDT
JUNE 28 2017..........SUNRISE   604 AM EDT   SUNSET   846 PM EDT


-  INDICATES NEGATIVE NUMBERS.
R  INDICATES RECORD WAS SET OR TIED.
MM INDICATES DATA IS MISSING.
T  INDICATES TRACE AMOUNT.




$$
