000
CDUS41 KRNK 210910
CLIRNK


CLIMATE REPORT
NATIONAL WEATHER SERVICE BLACKSBURG VA
506 AM EDT SUN SEP 21 2014


...................................

...THE BLACKSBURG VA CLIMATE SUMMARY FOR SEPTEMBER 20 2014...

CLIMATE NORMAL PERIOD 1981 TO 2010
CLIMATE RECORD PERIOD 1952 TO 2014


WEATHER ITEM   OBSERVED TIME   RECORD YEAR NORMAL DEPARTURE LAST
                VALUE   (LST)  VALUE       VALUE  FROM      YEAR
                                                  NORMAL
..................................................................
TEMPERATURE (F)
 YESTERDAY
  MAXIMUM         77    400 PM  88    1978  74      3       73
  MINIMUM         55   1100 PM  39    2004  49      6       62
                                      1984
  AVERAGE         66                        62      4       68

PRECIPITATION (IN)
  YESTERDAY        0.00          1.35 1969   0.10  -0.10     0.28
  MONTH TO DATE    3.55                      2.09   1.46     0.31
  SINCE SEP 1      3.55                      2.09   1.46     0.31
  SINCE JAN 1     29.32                     31.28  -1.96    39.86

SNOWFALL (IN)
  YESTERDAY        0.0
  MONTH TO DATE    0.0
  SINCE SEP 1      0.0
  SINCE JUL 1      0.0
  SNOW DEPTH       0

DEGREE DAYS
 HEATING
  YESTERDAY        0                         5     -5        0
  MONTH TO DATE   23                        47    -24       46
  SINCE SEP 1     23                        47    -24       46
  SINCE JUL 1     34                        65    -31       69

 COOLING
  YESTERDAY        1                         1      0        3
  MONTH TO DATE   76                        49     27       55
  SINCE SEP 1     76                        49     27       55
  SINCE JAN 1    606                       561     45      561
..................................................................


WIND (MPH)
  HIGHEST WIND SPEED     8   HIGHEST WIND DIRECTION    SE (120)
  HIGHEST GUST SPEED    MM   HIGHEST GUST DIRECTION    MM
  AVERAGE WIND SPEED     1.3


SKY COVER
  POSSIBLE SUNSHINE  MM
  AVERAGE SKY COVER 0.4


WEATHER CONDITIONS
 THE FOLLOWING WEATHER WAS RECORDED YESTERDAY.
  FOG


RELATIVE HUMIDITY (PERCENT)
 HIGHEST   100          1200 AM
 LOWEST     60           300 PM
 AVERAGE    80

..........................................................


THE BLACKSBURG VA CLIMATE NORMALS FOR TODAY
                         NORMAL    RECORD    YEAR
 MAXIMUM TEMPERATURE (F)   73        88      1978
 MINIMUM TEMPERATURE (F)   49        30      1962


SUNRISE AND SUNSET
SEPTEMBER 21 2014.....SUNRISE   709 AM EDT   SUNSET   720 PM EDT
SEPTEMBER 22 2014.....SUNRISE   709 AM EDT   SUNSET   719 PM EDT


-  INDICATES NEGATIVE NUMBERS.
R  INDICATES RECORD WAS SET OR TIED.
MM INDICATES DATA IS MISSING.
T  INDICATES TRACE AMOUNT.




$$
