000
CDUS41 KRNK 070731
CLIRNK


CLIMATE REPORT
NATIONAL WEATHER SERVICE BLACKSBURG VA
213 AM EST SUN FEB 7 2016


...................................

...THE BLACKSBURG VA CLIMATE SUMMARY FOR FEBRUARY 6 2016...

CLIMATE NORMAL PERIOD 1981 TO 2010
CLIMATE RECORD PERIOD 1952 TO 2016


WEATHER ITEM   OBSERVED RECORD YEAR NORMAL DEPARTURE LAST
                VALUE   VALUE       VALUE  FROM      YEAR
                                           NORMAL
...........................................................
TEMPERATURE (F)
 YESTERDAY
  MAXIMUM         40     67    1991  43     -3       42
  MINIMUM         17     -5    1996  22     -5       14
  AVERAGE         29                 33     -4       28

PRECIPITATION (IN)
  YESTERDAY        0.00   1.70 2004   0.10  -0.10     0.00
  MONTH TO DATE    1.22               0.60   0.62     0.31
  SINCE DEC 1      8.68               6.63   2.05     4.26
  SINCE JAN 1      3.66               3.68  -0.02     1.61

SNOWFALL (IN)
  YESTERDAY        0.0                                0.0
  MONTH TO DATE    T                                   T
  SINCE DEC 1     14.2                                1.6
  SINCE JUL 1     14.2                                4.0
  SNOW DEPTH       0

DEGREE DAYS
 HEATING
  YESTERDAY       36                 32      4       37
  MONTH TO DATE  157                195    -38      197
  SINCE DEC 1   1816               2202   -386     2055
  SINCE JUL 1   2704               3382   -678     3248

 COOLING
  YESTERDAY        0                  0      0        0
  MONTH TO DATE    0                  0      0        0
  SINCE DEC 1      0                  0      0        0
  SINCE JAN 1      0                  0      0        0
...........................................................


WIND (MPH)
  HIGHEST WIND SPEED     7   HIGHEST WIND DIRECTION     W (260)
  HIGHEST GUST SPEED    MM   HIGHEST GUST DIRECTION    MM
  AVERAGE WIND SPEED     1.0


SKY COVER
  AVERAGE SKY COVER 0.2


WEATHER CONDITIONS
 THE FOLLOWING WEATHER WAS RECORDED YESTERDAY.
  NO SIGNIFICANT WEATHER WAS OBSERVED.


RELATIVE HUMIDITY (PERCENT)
 HIGHEST    93           655 AM
 LOWEST     40           155 PM
 AVERAGE    67

..........................................................


THE BLACKSBURG VA CLIMATE NORMALS FOR TODAY
                         NORMAL    RECORD    YEAR
 MAXIMUM TEMPERATURE (F)   43        64      1990
 MINIMUM TEMPERATURE (F)   23         0      1978


SUNRISE AND SUNSET
FEBRUARY  7 2016......SUNRISE   720 AM EST   SUNSET   552 PM EST
FEBRUARY  8 2016......SUNRISE   719 AM EST   SUNSET   553 PM EST


-  INDICATES NEGATIVE NUMBERS.
R  INDICATES RECORD WAS SET OR TIED.
MM INDICATES DATA IS MISSING.
T  INDICATES TRACE AMOUNT.




$$
