000
CDUS41 KRNK 100853
CLIRNK


CLIMATE REPORT
NATIONAL WEATHER SERVICE BLACKSBURG VA
352 AM EST SAT DEC 10 2016


...................................

...THE BLACKSBURG VA CLIMATE SUMMARY FOR DECEMBER 9 2016...

CLIMATE NORMAL PERIOD 1981 TO 2010
CLIMATE RECORD PERIOD 1952 TO 2016


WEATHER ITEM   OBSERVED RECORD YEAR NORMAL DEPARTURE LAST
                VALUE   VALUE       VALUE  FROM      YEAR
                                           NORMAL
...........................................................
TEMPERATURE (F)
 YESTERDAY
  MAXIMUM         30     70    1980  45    -15       55
  MINIMUM         18      1    1995  25     -7       28
  AVERAGE         24                 35    -11       42

PRECIPITATION (IN)
  YESTERDAY        T      1.50 1973   0.10  -0.10     0.01
  MONTH TO DATE    1.67               0.92   0.75     1.75
  SINCE DEC 1      1.67               0.92   0.75     1.75
  SINCE JAN 1     40.62              38.86   1.76    45.73

SNOWFALL (IN)
  YESTERDAY        T                                  0.0
  MONTH TO DATE    T                                  0.0
  SINCE DEC 1      T                                  0.0
  SINCE JUL 1      T                                   T
  SNOW DEPTH       0

DEGREE DAYS
 HEATING
  YESTERDAY       41                 30     11       23
  MONTH TO DATE  252                258     -6      220
  SINCE DEC 1    252                258     -6      220
  SINCE JUL 1   1025               1438   -413     1108

 COOLING
  YESTERDAY        0                  0      0        0
  MONTH TO DATE    0                  0      0        0
  SINCE DEC 1      0                  0      0        0
  SINCE JAN 1    914                573    341      820
...........................................................


WIND (MPH)
  HIGHEST WIND SPEED    17   HIGHEST WIND DIRECTION    NW (310)
  HIGHEST GUST SPEED    24   HIGHEST GUST DIRECTION     W (290)
  AVERAGE WIND SPEED     8.9


SKY COVER
  AVERAGE SKY COVER 0.9


WEATHER CONDITIONS
 THE FOLLOWING WEATHER WAS RECORDED YESTERDAY.
  LIGHT SNOW


RELATIVE HUMIDITY (PERCENT)
 HIGHEST    68          1100 PM
 LOWEST     49           300 PM
 AVERAGE    59

..........................................................


THE BLACKSBURG VA CLIMATE NORMALS FOR TODAY
                         NORMAL    RECORD    YEAR
 MAXIMUM TEMPERATURE (F)   45        67      2007
 MINIMUM TEMPERATURE (F)   25         5      1995


SUNRISE AND SUNSET
DECEMBER 10 2016......SUNRISE   725 AM EST   SUNSET   504 PM EST
DECEMBER 11 2016......SUNRISE   726 AM EST   SUNSET   505 PM EST


-  INDICATES NEGATIVE NUMBERS.
R  INDICATES RECORD WAS SET OR TIED.
MM INDICATES DATA IS MISSING.
T  INDICATES TRACE AMOUNT.




$$
