000
CDUS41 KRNK 030645
CLIRNK


CLIMATE REPORT
NATIONAL WEATHER SERVICE BLACKSBURG VA
243 AM EDT TUE MAY 3 2016


...................................

...THE BLACKSBURG VA CLIMATE SUMMARY FOR MAY 2 2016...

CLIMATE NORMAL PERIOD 1981 TO 2010
CLIMATE RECORD PERIOD 1952 TO 2016


WEATHER ITEM   OBSERVED RECORD YEAR NORMAL DEPARTURE LAST
                VALUE   VALUE       VALUE  FROM      YEAR
                                           NORMAL
...........................................................
TEMPERATURE (F)
 YESTERDAY
  MAXIMUM         78     85    1962  68     10       67
  MINIMUM         54     29    1978  43     11       42
  AVERAGE         66                 56     10       55

PRECIPITATION (IN)
  YESTERDAY        0.61   1.13 1966   0.12   0.49     0.00
  MONTH TO DATE    1.71               0.24   1.47     0.91
  SINCE MAR 1      6.03               7.36  -1.33    10.78
  SINCE JAN 1     13.17              13.25  -0.08    14.20

SNOWFALL (IN)
  YESTERDAY        0.0                                0.0
  MONTH TO DATE    0.0                                0.0
  SINCE MAR 1      1.6                                4.4
  SINCE JUL 1     25.6                               27.8
  SNOW DEPTH       0

DEGREE DAYS
 HEATING
  YESTERDAY        0                 10    -10       10
  MONTH TO DATE    1                 20    -19       25
  SINCE MAR 1    848               1177   -329     1030
  SINCE JUL 1   4283               5225   -942     5156

 COOLING
  YESTERDAY        1                  0      1        0
  MONTH TO DATE    1                  0      1        0
  SINCE MAR 1     11                  3      8        0
  SINCE JAN 1     11                  3      8        0
...........................................................


WIND (MPH)
  HIGHEST WIND SPEED    17   HIGHEST WIND DIRECTION    NW (300)
  HIGHEST GUST SPEED    31   HIGHEST GUST DIRECTION    NW (300)
  AVERAGE WIND SPEED     3.5


SKY COVER
  AVERAGE SKY COVER 0.8


WEATHER CONDITIONS
 THE FOLLOWING WEATHER WAS RECORDED YESTERDAY.
  THUNDERSTORM
  HEAVY RAIN
  RAIN
  LIGHT RAIN
  FOG
  FOG W/VISIBILITY <= 1/4 MILE


RELATIVE HUMIDITY (PERCENT)
 HIGHEST   100           100 AM
 LOWEST     55           300 PM
 AVERAGE    78

..........................................................


THE BLACKSBURG VA CLIMATE NORMALS FOR TODAY
                         NORMAL    RECORD    YEAR
 MAXIMUM TEMPERATURE (F)   68        87      2012
 MINIMUM TEMPERATURE (F)   43        26      1981


SUNRISE AND SUNSET
MAY  3 2016...........SUNRISE   624 AM EDT   SUNSET   813 PM EDT
MAY  4 2016...........SUNRISE   623 AM EDT   SUNSET   814 PM EDT


-  INDICATES NEGATIVE NUMBERS.
R  INDICATES RECORD WAS SET OR TIED.
MM INDICATES DATA IS MISSING.
T  INDICATES TRACE AMOUNT.

$$

RAB
