000
CDUS46 KSGX 281420
CLIRNM


CLIMATE REPORT
NATIONAL WEATHER SERVICE SAN DIEGO, CA
720 AM PDT SUN AUG 28 2016


...................................

...THE RAMONA AIRPORT CA CLIMATE SUMMARY FOR AUGUST 27 2016...

CLIMATE NORMAL PERIOD 1981 TO 2010
CLIMATE RECORD PERIOD 1974 TO 2016


WEATHER ITEM   OBSERVED TIME   RECORD YEAR NORMAL DEPARTURE LAST
                VALUE   (LST)  VALUE       VALUE  FROM      YEAR
                                                  NORMAL
..................................................................
TEMPERATURE (F)
 YESTERDAY
  MAXIMUM         81    152 PM 105    2009  91    -10       97
  MINIMUM         57   1129 PM  43    1978  57      0       65
  AVERAGE         69                        74     -5       81

PRECIPITATION (IN)
  YESTERDAY        0.00          0.02 1994   0.00   0.00     0.00
  MONTH TO DATE    0.00                      0.12  -0.12      T
  SINCE OCT 1     13.19                     15.72  -2.53    12.02
  SINCE JAN 1      9.66                     11.58  -1.92     7.42

DEGREE DAYS
 HEATING
  YESTERDAY        0                         0      0        0
  MONTH TO DATE    0                         0      0        0
  SINCE JUN 1      4                        29    -25        8
  SINCE JUL 1      0                         2     -2        0

 COOLING
  YESTERDAY        4                         9     -5       16
  MONTH TO DATE  251                       242      9      279
  SINCE JUN 1    738                       550    188      692
  SINCE JAN 1    750                       577    173      727
..................................................................


WIND (MPH)
  RESULTANT WIND SPEED   3   RESULTANT WIND DIRECTION   W (290)
  HIGHEST WIND SPEED    16   HIGHEST WIND DIRECTION     W (280)
  HIGHEST GUST SPEED    21   HIGHEST GUST DIRECTION     W (270)
  AVERAGE WIND SPEED     4.6


SKY COVER
  POSSIBLE SUNSHINE  MM
  AVERAGE SKY COVER 0.5


WEATHER CONDITIONS
 THE FOLLOWING WEATHER WAS RECORDED YESTERDAY.
  NO SIGNIFICANT WEATHER WAS OBSERVED.


RELATIVE HUMIDITY (PERCENT)
 HIGHEST    87          1100 PM
 LOWEST     45           200 PM
 AVERAGE    66

..........................................................


THE RAMONA AIRPORT CA CLIMATE NORMALS FOR TODAY
                         NORMAL    RECORD    YEAR
 MAXIMUM TEMPERATURE (F)   91       105      1981
 MINIMUM TEMPERATURE (F)   57        41      1974


SUNRISE AND SUNSET
AUGUST 28 2016........SUNRISE   620 AM PDT   SUNSET   717 PM PDT
AUGUST 29 2016........SUNRISE   621 AM PDT   SUNSET   716 PM PDT


-  INDICATES NEGATIVE NUMBERS.
R  INDICATES RECORD WAS SET OR TIED.
MM INDICATES DATA IS MISSING.
T  INDICATES TRACE AMOUNT.




$$
