000
CDUS46 KSGX 310016
CLIRNM


CLIMATE REPORT
NATIONAL WEATHER SERVICE SAN DIEGO, CA
516 PM PDT MON MAR 30 2015


...................................

...THE RAMONA AIRPORT CA CLIMATE SUMMARY FOR MARCH 30 2015...
VALID TODAY AS OF 0500 PM LOCAL TIME.

CLIMATE NORMAL PERIOD 1981 TO 2010
CLIMATE RECORD PERIOD 1974 TO 2015


WEATHER ITEM   OBSERVED TIME   RECORD YEAR NORMAL DEPARTURE LAST
                VALUE   (LST)  VALUE       VALUE  FROM      YEAR
                                                  NORMAL
..................................................................
TEMPERATURE (F)
 TODAY
  MAXIMUM         82    134 PM  85    2004  68     14       66
  MINIMUM         40    535 AM  29    1977  40      0       41
  AVERAGE         61                        54      7       54

PRECIPITATION (IN)
  TODAY            0.00          0.25 1978   0.06  -0.06      T
  MONTH TO DATE    1.23                      3.03  -1.80     0.98
  SINCE OCT 1      7.44                     13.60  -6.16     6.77
  SINCE JAN 1      2.84                      9.46  -6.62     4.10

SNOWFALL (IN)
  TODAY            0.0
  MONTH TO DATE    0.0
  SINCE MAR 1      0.0
  SINCE JUL 1      0.0
  SNOW DEPTH       0

DEGREE DAYS
 HEATING
  TODAY            4                        11     -7       11
  MONTH TO DATE  187                       365   -178      231
  SINCE MAR 1    187                       365   -178      231
  SINCE JUL 1   1371                      2106   -735     1652

 COOLING
  TODAY            0                         0      0        0
  MONTH TO DATE    7                         0      7        0
  SINCE MAR 1      7                         0      7        0
  SINCE JAN 1      9                         1      8        0
..................................................................


WIND (MPH)
  RESULTANT WIND SPEED   4   RESULTANT WIND DIRECTION   W (290)
  HIGHEST WIND SPEED    15   HIGHEST WIND DIRECTION     W (280)
  HIGHEST GUST SPEED    19   HIGHEST GUST DIRECTION     W (270)
  AVERAGE WIND SPEED     4.4


SKY COVER
  POSSIBLE SUNSHINE  MM
  AVERAGE SKY COVER 0.0


WEATHER CONDITIONS
 THE FOLLOWING WEATHER WAS RECORDED TODAY.
  NO SIGNIFICANT WEATHER WAS OBSERVED.


RELATIVE HUMIDITY (PERCENT)
 HIGHEST    86          1200 AM
 LOWEST     21           900 AM
 AVERAGE    54

..........................................................


THE RAMONA AIRPORT CA CLIMATE NORMALS FOR TOMORROW
                         NORMAL    RECORD    YEAR
 MAXIMUM TEMPERATURE (F)   68        87      2011
 MINIMUM TEMPERATURE (F)   40        28      1977


SUNRISE AND SUNSET
MARCH 30 2015.........SUNRISE   638 AM PDT   SUNSET   706 PM PDT
MARCH 31 2015.........SUNRISE   637 AM PDT   SUNSET   707 PM PDT


-  INDICATES NEGATIVE NUMBERS.
R  INDICATES RECORD WAS SET OR TIED.
MM INDICATES DATA IS MISSING.
T  INDICATES TRACE AMOUNT.




$$
