000
CDUS46 KSGX 220154
CLIRNM


CLIMATE REPORT
NATIONAL WEATHER SERVICE SAN DIEGO, CA
554 PM PST TUE FEB 21 2017


...................................

...THE RAMONA AIRPORT CA CLIMATE SUMMARY FOR FEBRUARY 21 2017...
VALID TODAY AS OF 0500 PM LOCAL TIME.

CLIMATE NORMAL PERIOD 1981 TO 2010
CLIMATE RECORD PERIOD 1974 TO 2017


WEATHER ITEM   OBSERVED TIME   RECORD YEAR NORMAL DEPARTURE LAST
                VALUE   (LST)  VALUE       VALUE  FROM      YEAR
                                                  NORMAL
..................................................................
TEMPERATURE (F)
 TODAY
  MAXIMUM         74   1237 PM  83    1982  65      9       73
  MINIMUM         43    646 AM  29    2012  38      5       36
                                      2011
  AVERAGE         59                        51      8       55

PRECIPITATION (IN)
  TODAY            0.00          4.06 1980   0.13  -0.13     0.00
  MONTH TO DATE    2.00                      2.21  -0.21     0.11
  SINCE OCT 1     16.36                      9.67   6.69    10.18
  SINCE JAN 1      9.34                      5.53   3.81     6.65

DEGREE DAYS
 HEATING
  TODAY            6                        14     -8       10
  MONTH TO DATE  207                       302    -95      167
  SINCE DEC 1   1063                      1238   -175     1109
  SINCE JUL 1   1314                      1649   -335     1448

 COOLING
  TODAY            0                         0      0        0
  MONTH TO DATE    0                         0      0        5
  SINCE DEC 1      1                         1      0        5
  SINCE JAN 1      0                         1     -1        5
..................................................................


WIND (MPH)
  RESULTANT WIND SPEED   1   RESULTANT WIND DIRECTION   W (260)
  HIGHEST WIND SPEED    12   HIGHEST WIND DIRECTION    NW (310)
  HIGHEST GUST SPEED    20   HIGHEST GUST DIRECTION     W (290)
  AVERAGE WIND SPEED     2.7


SKY COVER
  POSSIBLE SUNSHINE  MM
  AVERAGE SKY COVER 0.3


WEATHER CONDITIONS
 THE FOLLOWING WEATHER WAS RECORDED TODAY.
  FOG


RELATIVE HUMIDITY (PERCENT)
 HIGHEST   100          1200 AM
 LOWEST     31           100 PM
 AVERAGE    66

..........................................................


THE RAMONA AIRPORT CA CLIMATE NORMALS FOR TOMORROW
                         NORMAL    RECORD    YEAR
 MAXIMUM TEMPERATURE (F)   65        82      1989
 MINIMUM TEMPERATURE (F)   38        22      2006


SUNRISE AND SUNSET
FEBRUARY 21 2017......SUNRISE   624 AM PST   SUNSET   538 PM PST
FEBRUARY 22 2017......SUNRISE   623 AM PST   SUNSET   539 PM PST


-  INDICATES NEGATIVE NUMBERS.
R  INDICATES RECORD WAS SET OR TIED.
MM INDICATES DATA IS MISSING.
T  INDICATES TRACE AMOUNT.




$$
