000
CDUS46 KSGX 281423
CLIRNM


CLIMATE REPORT
NATIONAL WEATHER SERVICE SAN DIEGO, CA
722 AM PDT WED SEP 28 2016


...................................

...THE RAMONA AIRPORT CA CLIMATE SUMMARY FOR SEPTEMBER 27 2016...

CLIMATE NORMAL PERIOD 1981 TO 2010
CLIMATE RECORD PERIOD 1974 TO 2016


WEATHER ITEM   OBSERVED TIME   RECORD YEAR NORMAL DEPARTURE LAST
                VALUE   (LST)  VALUE       VALUE  FROM      YEAR
                                                  NORMAL
..................................................................
TEMPERATURE (F)
 YESTERDAY
  MAXIMUM         MM        MM 108    2010  84     MM       95
  MINIMUM         MM        MM  41    2013  52     MM       57
  AVERAGE         MM                        68     MM       76

PRECIPITATION (IN)
  YESTERDAY        0.00          0.04 1982   0.01  -0.01     0.00
  MONTH TO DATE    0.50                      0.27   0.23     1.30
  SINCE OCT 1     13.69                     16.02  -2.33    13.32
  SINCE JAN 1     10.16                     11.88  -1.72     8.72

DEGREE DAYS
 HEATING
  YESTERDAY       MM                         1     MM        0
  MONTH TO DATE    8                         8      0        0
  SINCE SEP 1      8                         8      0        0
  SINCE JUL 1      8                        11     -3        0

 COOLING
  YESTERDAY       MM                         4     MM       11
  MONTH TO DATE  105                       169    -64      273
  SINCE SEP 1    105                       169    -64      273
  SINCE JAN 1    901                       782    119     1053
..................................................................


WIND (MPH)
  RESULTANT WIND SPEED  15   RESULTANT WIND DIRECTION   E (70)
  HIGHEST WIND SPEED    21   HIGHEST WIND DIRECTION    NE (50)
  HIGHEST GUST SPEED    MM   HIGHEST GUST DIRECTION    MM
  AVERAGE WIND SPEED    17.0


SKY COVER
  POSSIBLE SUNSHINE  MM
  AVERAGE SKY COVER 0.0


WEATHER CONDITIONS
 THE FOLLOWING WEATHER WAS RECORDED YESTERDAY.
  NO SIGNIFICANT WEATHER WAS OBSERVED.


RELATIVE HUMIDITY (PERCENT)
 HIGHEST    MM
 LOWEST     MM
 AVERAGE    MM

..........................................................


THE RAMONA AIRPORT CA CLIMATE NORMALS FOR TODAY
                         NORMAL    RECORD    YEAR
 MAXIMUM TEMPERATURE (F)   83       101      1999
 MINIMUM TEMPERATURE (F)   51        39      2013


SUNRISE AND SUNSET
SEPTEMBER 28 2016.....SUNRISE   640 AM PDT   SUNSET   635 PM PDT
SEPTEMBER 29 2016.....SUNRISE   641 AM PDT   SUNSET   634 PM PDT


-  INDICATES NEGATIVE NUMBERS.
R  INDICATES RECORD WAS SET OR TIED.
MM INDICATES DATA IS MISSING.
T  INDICATES TRACE AMOUNT.




$$
