000
CDUS46 KSGX 121231
CLIRNM


CLIMATE REPORT
NATIONAL WEATHER SERVICE SAN DIEGO, CA
430 AM PST TUE DEC 12 2017


...................................

...THE RAMONA AIRPORT CA CLIMATE SUMMARY FOR DECEMBER 11 2017...

CLIMATE NORMAL PERIOD 1981 TO 2010
CLIMATE RECORD PERIOD 1974 TO 2017


WEATHER ITEM   OBSERVED TIME   RECORD YEAR NORMAL DEPARTURE LAST
                VALUE   (LST)  VALUE       VALUE  FROM      YEAR
                                                  NORMAL
..................................................................
TEMPERATURE (F)
 YESTERDAY
  MAXIMUM         82R   141 PM  81    2010  65     17       65
  MINIMUM         47    659 AM  24    2011  34     13       46
  AVERAGE         65                        49     16       56

PRECIPITATION (IN)
  YESTERDAY        0.00          0.98 1984   0.05  -0.05     0.00
  MONTH TO DATE    0.00                      0.59  -0.59      T
  SINCE OCT 1      T                         2.50  -2.50     1.63
  SINCE JAN 1     15.94                     14.40   1.54    11.79

DEGREE DAYS
 HEATING
  YESTERDAY        0                        16    -16        9
  MONTH TO DATE   82                       163    -81      160
  SINCE DEC 1     82                       163    -81      160
  SINCE JUL 1    263                       574   -311      411

 COOLING
  YESTERDAY        0                         0      0        0
  MONTH TO DATE    1                         0      1        0
  SINCE DEC 1      1                         0      1        0
  SINCE JAN 1   1291                       850    441     1019
..................................................................


WIND (MPH)
  RESULTANT WIND SPEED   3   RESULTANT WIND DIRECTION  NE (50)
  HIGHEST WIND SPEED    15   HIGHEST WIND DIRECTION     N (20)
  HIGHEST GUST SPEED    19   HIGHEST GUST DIRECTION     E (90)
  AVERAGE WIND SPEED     5.7


SKY COVER
  POSSIBLE SUNSHINE  MM
  AVERAGE SKY COVER 0.0


WEATHER CONDITIONS
 THE FOLLOWING WEATHER WAS RECORDED YESTERDAY.
  NO SIGNIFICANT WEATHER WAS OBSERVED.


RELATIVE HUMIDITY (PERCENT)
 HIGHEST    31           300 AM
 LOWEST      5           100 PM
 AVERAGE    18

..........................................................


THE RAMONA AIRPORT CA CLIMATE NORMALS FOR TODAY
                         NORMAL    RECORD    YEAR
 MAXIMUM TEMPERATURE (F)   65        86      2010
 MINIMUM TEMPERATURE (F)   34        27      2012
                                             1998
                                             1985


SUNRISE AND SUNSET
DECEMBER 12 2017......SUNRISE   641 AM PST   SUNSET   442 PM PST
DECEMBER 13 2017......SUNRISE   642 AM PST   SUNSET   442 PM PST


-  INDICATES NEGATIVE NUMBERS.
R  INDICATES RECORD WAS SET OR TIED.
MM INDICATES DATA IS MISSING.
T  INDICATES TRACE AMOUNT.




$$
