000
CDUS46 KSGX 231523
CLIRNM


CLIMATE REPORT
NATIONAL WEATHER SERVICE SAN DIEGO, CA
722 AM PST MON JAN 23 2017


...................................

...THE RAMONA AIRPORT CA CLIMATE SUMMARY FOR JANUARY 22 2017...

CLIMATE NORMAL PERIOD 1981 TO 2010
CLIMATE RECORD PERIOD 1974 TO 2017


WEATHER ITEM   OBSERVED TIME   RECORD YEAR NORMAL DEPARTURE LAST
                VALUE   (LST)  VALUE       VALUE  FROM      YEAR
                                                  NORMAL
..................................................................
TEMPERATURE (F)
 YESTERDAY
  MAXIMUM         54    337 PM  82    2013  65    -11       73
                                      1994
  MINIMUM         38   1208 AM  23    2007  35      3       35
  AVERAGE         46                        50     -4       54

PRECIPITATION (IN)
  YESTERDAY        1.18R         1.02 1996   0.11   1.07     0.00
  MONTH TO DATE    6.11                      2.64   3.47     5.53
  SINCE OCT 1     13.13                      6.78   6.35     9.06
  SINCE JAN 1      6.11                      2.64   3.47     5.53

DEGREE DAYS
 HEATING
  YESTERDAY       19                        15      4       11
  MONTH TO DATE  324                       330     -6      326
  SINCE DEC 1    716                       807    -91      826
  SINCE JUL 1    967                      1218   -251     1165

 COOLING
  YESTERDAY        0                         0      0        0
  MONTH TO DATE    0                         0      0        0
  SINCE DEC 1      1                         0      1        0
  SINCE JAN 1      0                         0      0        0
..................................................................


WIND (MPH)
  RESULTANT WIND SPEED   8   RESULTANT WIND DIRECTION   S (180)
  HIGHEST WIND SPEED    29   HIGHEST WIND DIRECTION     S (180)
  HIGHEST GUST SPEED    44   HIGHEST GUST DIRECTION     S (170)
  AVERAGE WIND SPEED    11.4


SKY COVER
  POSSIBLE SUNSHINE  MM
  AVERAGE SKY COVER 0.9


WEATHER CONDITIONS
 THE FOLLOWING WEATHER WAS RECORDED YESTERDAY.
  RAIN
  FOG


RELATIVE HUMIDITY (PERCENT)
 HIGHEST   100          1200 AM
 LOWEST     71          1000 AM
 AVERAGE    86

..........................................................


THE RAMONA AIRPORT CA CLIMATE NORMALS FOR TODAY
                         NORMAL    RECORD    YEAR
 MAXIMUM TEMPERATURE (F)   65        82      1994
 MINIMUM TEMPERATURE (F)   35        23      2007


SUNRISE AND SUNSET
JANUARY 23 2017.......SUNRISE   648 AM PST   SUNSET   512 PM PST
JANUARY 24 2017.......SUNRISE   647 AM PST   SUNSET   513 PM PST


-  INDICATES NEGATIVE NUMBERS.
R  INDICATES RECORD WAS SET OR TIED.
MM INDICATES DATA IS MISSING.
T  INDICATES TRACE AMOUNT.




$$
