000
CDUS45 KREV 240851
CLIRNO


CLIMATE REPORT
NATIONAL WEATHER SERVICE RENO NV
149 AM PDT SAT JUN 24 2017


...................................

...THE RENO-TAHOE INTL AIRPORT NV CLIMATE SUMMARY FOR JUNE 23 2017...

CLIMATE NORMAL PERIOD 1981 TO 2010
CLIMATE RECORD PERIOD 1888 TO 2017


WEATHER ITEM   OBSERVED TIME   RECORD YEAR NORMAL DEPARTURE LAST
                VALUE   (LST)  VALUE       VALUE  FROM      YEAR
                                                  NORMAL
..................................................................
TEMPERATURE (F)
 YESTERDAY
  MAXIMUM         98    414 PM  99    2006  86     12       91
                                      1981
  MINIMUM         63    503 AM  31    1943  54      9       56
  AVERAGE         81                        70     11       74

PRECIPITATION (IN)
  YESTERDAY        0.00          0.44 1945   0.01  -0.01     0.00
  MONTH TO DATE    0.12                      0.43  -0.31      T
  SINCE OCT 1     15.06                      6.56   8.50     9.16
  SINCE JAN 1     11.27                      4.20   7.07     5.21

SNOWFALL (IN)
  YESTERDAY        0.0           0.0    MM   0.0    0.0      0.0
  MONTH TO DATE    0.0                       0.0    0.0      0.0
  SINCE JUN 1      0.0                       0.0    0.0      0.0
  SINCE JUL 1     27.0                      21.8    5.2     31.1
  SNOW DEPTH       0

DEGREE DAYS
 HEATING
  YESTERDAY        0                         1     -1        0
  MONTH TO DATE   45                        51     -6       15
  SINCE JUN 1     45                        51     -6       15
  SINCE JUL 1   4446                      4919   -473     4332

 COOLING
  YESTERDAY       16                         6     10        9
  MONTH TO DATE  181                        90     91      161
  SINCE JUN 1    181                        90     91      161
  SINCE JAN 1    235                       127    108      189
..................................................................


WIND (MPH)
  RESULTANT WIND SPEED   2   RESULTANT WIND DIRECTION  NE (30)
  HIGHEST WIND SPEED    16   HIGHEST WIND DIRECTION     N (20)
  HIGHEST GUST SPEED    21   HIGHEST GUST DIRECTION     N (20)
  AVERAGE WIND SPEED     4.3



WEATHER CONDITIONS
 THE FOLLOWING WEATHER WAS RECORDED YESTERDAY.
  NO SIGNIFICANT WEATHER WAS OBSERVED.


RELATIVE HUMIDITY (PERCENT)
 HIGHEST    43           500 AM
 LOWEST     11          1200 PM
 AVERAGE    27

..........................................................


THE RENO-TAHOE INTL AIRPORT NV CLIMATE NORMALS FOR TODAY
                         NORMAL    RECORD    YEAR
 MAXIMUM TEMPERATURE (F)   86       103      1988
 MINIMUM TEMPERATURE (F)   54        32      1943


SUNRISE AND SUNSET
JUNE 24 2017..........SUNRISE   533 AM PDT   SUNSET   830 PM PDT
JUNE 25 2017..........SUNRISE   533 AM PDT   SUNSET   830 PM PDT


-  INDICATES NEGATIVE NUMBERS.
R  INDICATES RECORD WAS SET OR TIED.
MM INDICATES DATA IS MISSING.
T  INDICATES TRACE AMOUNT.




$$
