000
CDUS45 KREV 280041
CLIRNO


CLIMATE REPORT
NATIONAL WEATHER SERVICE RENO NV
541 PM PDT MON JUL 27 2015


...................................

...THE RENO TAHOE AIRPORT NV CLIMATE SUMMARY FOR JULY 27 2015...
VALID TODAY AS OF 0500 PM LOCAL TIME.

CLIMATE NORMAL PERIOD 1981 TO 2010
CLIMATE RECORD PERIOD 1888 TO 2015


WEATHER ITEM   OBSERVED TIME   RECORD YEAR NORMAL DEPARTURE LAST
                VALUE   (LST)  VALUE       VALUE  FROM      YEAR
                                                  NORMAL
..................................................................
TEMPERATURE (F)
 TODAY
  MAXIMUM         85    357 PM 103    1980  94     -9       99
                                      1945
  MINIMUM         57    542 AM  39    1965  59     -2       64
  AVERAGE         71                        76     -5       82

PRECIPITATION (IN)
  TODAY            0.00          0.11 1941   0.00   0.00     0.00
  MONTH TO DATE    0.51                      0.15   0.36     0.20
  SINCE OCT 1      5.72                      6.79  -1.07     3.16
  SINCE JAN 1      4.30                      4.43  -0.13     2.20

SNOWFALL (IN)
  TODAY            0.0           0.0    MM   0.0    0.0      0.0
  MONTH TO DATE    0.0                       0.0    0.0      0.0
  SINCE JUN 1      0.0                       T      0.0      0.0
  SINCE JUL 1      0.0                       0.0    0.0      0.0
  SNOW DEPTH       0

DEGREE DAYS
 HEATING
  TODAY            0                         0      0        0
  MONTH TO DATE    1                         0      1        0
  SINCE JUN 1      8                        56    -48       10
  SINCE JUL 1      1                         0      1        0

 COOLING
  TODAY            6                        11     -5       17
  MONTH TO DATE  273                       270      3      429
  SINCE JUN 1    558                       406    152      641
  SINCE JAN 1    592                       443    149      688
..................................................................


WIND (MPH)
  RESULTANT WIND SPEED   3   RESULTANT WIND DIRECTION  NE (30)
  HIGHEST WIND SPEED    17   HIGHEST WIND DIRECTION     N (360)
  HIGHEST GUST SPEED    22   HIGHEST GUST DIRECTION     N (360)
  AVERAGE WIND SPEED     5.6



WEATHER CONDITIONS
 THE FOLLOWING WEATHER WAS RECORDED TODAY.
  NO SIGNIFICANT WEATHER WAS OBSERVED.


RELATIVE HUMIDITY (PERCENT)
 HIGHEST    51           500 AM
 LOWEST     15           400 PM
 AVERAGE    33

..........................................................


THE RENO TAHOE AIRPORT NV CLIMATE NORMALS FOR TOMORROW
                         NORMAL    RECORD    YEAR
 MAXIMUM TEMPERATURE (F)   94       102      1971
 MINIMUM TEMPERATURE (F)   59        38      1965


SUNRISE AND SUNSET
JULY 27 2015..........SUNRISE   554 AM PDT   SUNSET   817 PM PDT
JULY 28 2015..........SUNRISE   555 AM PDT   SUNSET   816 PM PDT


-  INDICATES NEGATIVE NUMBERS.
R  INDICATES RECORD WAS SET OR TIED.
MM INDICATES DATA IS MISSING.
T  INDICATES TRACE AMOUNT.




$$
