000
CDUS45 KREV 290843
CLIRNO


CLIMATE REPORT
NATIONAL WEATHER SERVICE RENO NV
1242 AM PST SAT NOV 29 2014


...................................

...THE RENO TAHOE AIRPORT NV CLIMATE SUMMARY FOR NOVEMBER 28 2014...

CLIMATE NORMAL PERIOD 1981 TO 2010
CLIMATE RECORD PERIOD 1888 TO 2014


WEATHER ITEM   OBSERVED TIME   RECORD YEAR NORMAL DEPARTURE LAST
                VALUE   (LST)  VALUE       VALUE  FROM      YEAR
                                                  NORMAL
..................................................................
TEMPERATURE (F)
 YESTERDAY
  MAXIMUM         67   1230 PM  69    1949  50     17       51
  MINIMUM         39    459 AM   6    1919  28     11       28
  AVERAGE         53                        38     15       40

PRECIPITATION (IN)
  YESTERDAY        0.00          0.66 1970   0.03  -0.03     0.00
  MONTH TO DATE    0.19                      0.76  -0.57     0.49
  SINCE OCT 1      0.37                      1.27  -0.90     0.55
  SINCE JAN 1      3.94                      6.31  -2.37     3.61

SNOWFALL (IN)
  YESTERDAY        0.0           0.6  1981   0.1   -0.1      0.0
                                      1933
  MONTH TO DATE    0.0                       2.9   -2.9      0.4
  SINCE SEP 1      0.0                       3.3   -3.3      0.4
  SINCE JUL 1      0.0                       3.3   -3.3      0.4
  SNOW DEPTH       0

DEGREE DAYS
 HEATING
  YESTERDAY       12                        26    -14       25
  MONTH TO DATE  532                       614    -82      568
  SINCE SEP 1    783                      1040   -257     1069
  SINCE JUL 1    787                      1050   -263     1069

 COOLING
  YESTERDAY        0                         0      0        0
  MONTH TO DATE    0                         0      0        0
  SINCE SEP 1    175                        93     82      141
  SINCE JAN 1   1211                       839    372     1174
..................................................................


WIND (MPH)
  RESULTANT WIND SPEED   4   RESULTANT WIND DIRECTION  SW (220)
  HIGHEST WIND SPEED    35   HIGHEST WIND DIRECTION     W (250)
  HIGHEST GUST SPEED    47   HIGHEST GUST DIRECTION    SW (240)
  AVERAGE WIND SPEED    13.8



WEATHER CONDITIONS
 THE FOLLOWING WEATHER WAS RECORDED YESTERDAY.
  NO SIGNIFICANT WEATHER WAS OBSERVED.


RELATIVE HUMIDITY (PERCENT)
 HIGHEST    33           100 AM
 LOWEST      3          1100 AM
 AVERAGE    18

..........................................................


THE RENO TAHOE AIRPORT NV CLIMATE NORMALS FOR TODAY
                         NORMAL    RECORD    YEAR
 MAXIMUM TEMPERATURE (F)   49        68      1995
                                             1940
 MINIMUM TEMPERATURE (F)   27         4      2004


SUNRISE AND SUNSET
NOVEMBER 29 2014......SUNRISE   658 AM PST   SUNSET   436 PM PST
NOVEMBER 30 2014......SUNRISE   659 AM PST   SUNSET   436 PM PST


-  INDICATES NEGATIVE NUMBERS.
R  INDICATES RECORD WAS SET OR TIED.
MM INDICATES DATA IS MISSING.
T  INDICATES TRACE AMOUNT.




$$
