000
CDUS45 KREV 110838
CLIRNO


CLIMATE REPORT
NATIONAL WEATHER SERVICE RENO NV
1237 AM PST MON DEC 11 2017


...................................

...THE RENO-TAHOE INTL AIRPORT NV CLIMATE SUMMARY FOR DECEMBER 10 2017...

CLIMATE NORMAL PERIOD 1981 TO 2010
CLIMATE RECORD PERIOD 1888 TO 2017


WEATHER ITEM   OBSERVED TIME   RECORD YEAR NORMAL DEPARTURE LAST
                VALUE   (LST)  VALUE       VALUE  FROM      YEAR
                                                  NORMAL
..................................................................
TEMPERATURE (F)
 YESTERDAY
  MAXIMUM         48    338 PM  67    1993  46      2       56
  MINIMUM         18    659 AM -11    1972  25     -7       40
  AVERAGE         33                        36     -3       48

PRECIPITATION (IN)
  YESTERDAY        0.00          1.13 1929   0.03  -0.03     0.35
  MONTH TO DATE    0.06                      0.31  -0.25     0.39
  SINCE OCT 1      1.52                      1.64  -0.12     2.97
  SINCE JAN 1     13.68                      6.68   7.00     8.22

SNOWFALL (IN)
  YESTERDAY        0.0           3.7  1914   0.1   -0.1      0.0
  MONTH TO DATE    0.3                       1.1   -0.8      0.8
  SINCE DEC 1      0.3                       1.1   -0.8      0.8
  SINCE JUL 1      0.3                       4.6   -4.3      1.4
  SNOW DEPTH       0

DEGREE DAYS
 HEATING
  YESTERDAY       32                        29      3       17
  MONTH TO DATE  296                       284     12      259
  SINCE DEC 1    296                       284     12      259
  SINCE JUL 1   1236                      1387   -151     1137

 COOLING
  YESTERDAY        0                         0      0        0
  MONTH TO DATE    0                         0      0        0
  SINCE DEC 1      0                         0      0        0
  SINCE JAN 1   1401                       839    562     1088
..................................................................


WIND (MPH)
  RESULTANT WIND SPEED   1   RESULTANT WIND DIRECTION  SW (230)
  HIGHEST WIND SPEED     7   HIGHEST WIND DIRECTION     W (290)
  HIGHEST GUST SPEED    12   HIGHEST GUST DIRECTION     W (290)
  AVERAGE WIND SPEED     0.9



WEATHER CONDITIONS
 THE FOLLOWING WEATHER WAS RECORDED YESTERDAY.
  NO SIGNIFICANT WEATHER WAS OBSERVED.


RELATIVE HUMIDITY (PERCENT)
 HIGHEST    84           800 AM
 LOWEST     33           200 PM
 AVERAGE    59

..........................................................


THE RENO-TAHOE INTL AIRPORT NV CLIMATE NORMALS FOR TODAY
                         NORMAL    RECORD    YEAR
 MAXIMUM TEMPERATURE (F)   46        64      2012
 MINIMUM TEMPERATURE (F)   25       -15      1972


SUNRISE AND SUNSET
DECEMBER 11 2017......SUNRISE   710 AM PST   SUNSET   435 PM PST
DECEMBER 12 2017......SUNRISE   710 AM PST   SUNSET   436 PM PST


-  INDICATES NEGATIVE NUMBERS.
R  INDICATES RECORD WAS SET OR TIED.
MM INDICATES DATA IS MISSING.
T  INDICATES TRACE AMOUNT.




$$
