000
CDUS45 KREV 190855
CLIRNO


CLIMATE REPORT
NATIONAL WEATHER SERVICE RENO NV
1255 AM PST MON FEB 19 2018


...................................

...THE RENO-TAHOE INTL AIRPORT NV CLIMATE SUMMARY FOR FEBRUARY 18 2018...

CLIMATE NORMAL PERIOD 1981 TO 2010
CLIMATE RECORD PERIOD 1888 TO 2018


WEATHER ITEM   OBSERVED TIME   RECORD YEAR NORMAL DEPARTURE LAST
                VALUE   (LST)  VALUE       VALUE  FROM      YEAR
                                                  NORMAL
..................................................................
TEMPERATURE (F)
 YESTERDAY
  MAXIMUM         52    104 AM  70    2015  52      0       53
  MINIMUM         26   1159 PM   1    1917  29     -3       33
  AVERAGE         39                        41     -2       43

PRECIPITATION (IN)
  YESTERDAY        0.06          0.83 1986   0.04   0.02     0.01
  MONTH TO DATE    0.12                      0.62  -0.50     1.16
  SINCE OCT 1      2.36                      4.01  -1.65    10.52
  SINCE JAN 1      0.79                      1.65  -0.86     6.73

SNOWFALL (IN)
  YESTERDAY       MM             6.9  2011   0.2   MM        0.0
  MONTH TO DATE    1.5                       3.1   -1.6       T
  SINCE DEC 1      2.5                      13.6  -11.1     19.7
  SINCE JUL 1      2.5                      17.1  -14.6     20.3
  SNOW DEPTH       0

DEGREE DAYS
 HEATING
  YESTERDAY       26                        24      2       22
  MONTH TO DATE  401                       470    -69      365
  SINCE DEC 1   1973                      2304   -331     2205
  SINCE JUL 1   2913                      3407   -494     3083

 COOLING
  YESTERDAY        0                         0      0        0
  MONTH TO DATE    0                         0      0        0
  SINCE DEC 1      0                         0      0        0
  SINCE JAN 1      0                         0      0        0
..................................................................


WIND (MPH)
  RESULTANT WIND SPEED  13   RESULTANT WIND DIRECTION   W (270)
  HIGHEST WIND SPEED    35   HIGHEST WIND DIRECTION     W (250)
  HIGHEST GUST SPEED    48   HIGHEST GUST DIRECTION     W (270)
  AVERAGE WIND SPEED    15.4



WEATHER CONDITIONS
 THE FOLLOWING WEATHER WAS RECORDED YESTERDAY.
  HEAVY SNOW
  SNOW
  LIGHT SNOW
  FOG


RELATIVE HUMIDITY (PERCENT)
 HIGHEST    53           800 PM
 LOWEST     18           100 PM
 AVERAGE    36

..........................................................


THE RENO-TAHOE INTL AIRPORT NV CLIMATE NORMALS FOR TODAY
                         NORMAL    RECORD    YEAR
 MAXIMUM TEMPERATURE (F)   52        72      1965
 MINIMUM TEMPERATURE (F)   30        -7      1990


SUNRISE AND SUNSET
FEBRUARY 19 2018......SUNRISE   646 AM PST   SUNSET   540 PM PST
FEBRUARY 20 2018......SUNRISE   645 AM PST   SUNSET   542 PM PST


-  INDICATES NEGATIVE NUMBERS.
R  INDICATES RECORD WAS SET OR TIED.
MM INDICATES DATA IS MISSING.
T  INDICATES TRACE AMOUNT.




$$
