000
CDUS45 KREV 240844
CLIRNO


CLIMATE REPORT
NATIONAL WEATHER SERVICE RENO NV
143 AM PDT THU AUG 24 2017


...................................

...THE RENO-TAHOE INTL AIRPORT NV CLIMATE SUMMARY FOR AUGUST 23 2017...

CLIMATE NORMAL PERIOD 1981 TO 2010
CLIMATE RECORD PERIOD 1888 TO 2017


WEATHER ITEM   OBSERVED TIME   RECORD YEAR NORMAL DEPARTURE LAST
                VALUE   (LST)  VALUE       VALUE  FROM      YEAR
                                                  NORMAL
..................................................................
TEMPERATURE (F)
 YESTERDAY
  MAXIMUM         91    225 PM  98    1969  89      2       92
                                      1942
                                      1931
  MINIMUM         56    518 AM  30    1960  55      1       55
  AVERAGE         74                        72      2       74

PRECIPITATION (IN)
  YESTERDAY        0.00          0.46 1939   0.01  -0.01     0.00
  MONTH TO DATE    0.16                      0.19  -0.03     0.04
  SINCE OCT 1     15.26                      7.01   8.25     9.20
  SINCE JAN 1     11.47                      4.65   6.82     5.25

SNOWFALL (IN)
  YESTERDAY        0.0           0.0    MM   0.0    0.0      0.0
  MONTH TO DATE    0.0                       0.0    0.0      0.0
  SINCE JUN 1      0.0                       T      0.0      0.0
  SINCE JUL 1      0.0                       0.0    0.0      0.0
  SNOW DEPTH       0

DEGREE DAYS
 HEATING
  YESTERDAY        0                         0      0        0
  MONTH TO DATE    0                         0      0        0
  SINCE JUN 1     45                        61    -16       15
  SINCE JUL 1      0                         5     -5        0

 COOLING
  YESTERDAY        9                         7      2        9
  MONTH TO DATE  313                       209    104      270
  SINCE JUN 1   1077                       659    418      893
  SINCE JAN 1   1131                       696    435      921
..................................................................


WIND (MPH)
  RESULTANT WIND SPEED   3   RESULTANT WIND DIRECTION  NW (310)
  HIGHEST WIND SPEED    15   HIGHEST WIND DIRECTION     N (340)
  HIGHEST GUST SPEED    21   HIGHEST GUST DIRECTION     W (280)
  AVERAGE WIND SPEED     4.6



WEATHER CONDITIONS
 THE FOLLOWING WEATHER WAS RECORDED YESTERDAY.
  NO SIGNIFICANT WEATHER WAS OBSERVED.


RELATIVE HUMIDITY (PERCENT)
 HIGHEST    77           500 AM
 LOWEST     17           400 PM
 AVERAGE    47

..........................................................


THE RENO-TAHOE INTL AIRPORT NV CLIMATE NORMALS FOR TODAY
                         NORMAL    RECORD    YEAR
 MAXIMUM TEMPERATURE (F)   89        98      2011
                                             1985
 MINIMUM TEMPERATURE (F)   54        33      1962
                                             1944


SUNRISE AND SUNSET
AUGUST 24 2017........SUNRISE   620 AM PDT   SUNSET   742 PM PDT
AUGUST 25 2017........SUNRISE   621 AM PDT   SUNSET   740 PM PDT


-  INDICATES NEGATIVE NUMBERS.
R  INDICATES RECORD WAS SET OR TIED.
MM INDICATES DATA IS MISSING.
T  INDICATES TRACE AMOUNT.




$$
