000
CDUS45 KREV 280854
CLIRNO


CLIMATE REPORT
NATIONAL WEATHER SERVICE RENO NV
1252 AM PST TUE FEB 28 2017


...................................

...THE RENO TAHOE AIRPORT NV CLIMATE SUMMARY FOR FEBRUARY 27 2017...

CLIMATE NORMAL PERIOD 1981 TO 2010
CLIMATE RECORD PERIOD 1888 TO 2017


WEATHER ITEM   OBSERVED TIME   RECORD YEAR NORMAL DEPARTURE LAST
                VALUE   (LST)  VALUE       VALUE  FROM      YEAR
                                                  NORMAL
..................................................................
TEMPERATURE (F)
 YESTERDAY
  MAXIMUM         43    334 PM  74    1986  54    -11       66
  MINIMUM         29    706 AM -12    1962  31     -2       42
  AVERAGE         36                        43     -7       54

PRECIPITATION (IN)
  YESTERDAY        T             0.55 2006   0.04  -0.04     0.00
                                      1898
  MONTH TO DATE    3.42                      0.98   2.44     0.42
  SINCE OCT 1     12.78                      4.37   8.41     6.07
  SINCE JAN 1      8.99                      2.01   6.98     2.12

SNOWFALL (IN)
  YESTERDAY        T             4.7  1955   0.2   -0.2      0.0
  MONTH TO DATE    3.8                       4.8   -1.0      1.2
  SINCE DEC 1     23.5                      15.3    8.2     19.0
  SINCE JUL 1     24.1                      18.8    5.3     24.1
  SNOW DEPTH       0

DEGREE DAYS
 HEATING
  YESTERDAY       29                        22      7       11
  MONTH TO DATE  625                       679    -54      578
  SINCE DEC 1   2465                      2513    -48     2313
  SINCE JUL 1   3343                      3616   -273     3306

 COOLING
  YESTERDAY        0                         0      0        0
  MONTH TO DATE    0                         0      0        0
  SINCE DEC 1      0                         0      0        0
  SINCE JAN 1      0                         0      0        0
..................................................................


WIND (MPH)
  RESULTANT WIND SPEED  10   RESULTANT WIND DIRECTION  NW (300)
  HIGHEST WIND SPEED    20   HIGHEST WIND DIRECTION    NW (300)
  HIGHEST GUST SPEED    25   HIGHEST GUST DIRECTION     W (290)
  AVERAGE WIND SPEED    10.3



WEATHER CONDITIONS
 THE FOLLOWING WEATHER WAS RECORDED YESTERDAY.
  NO SIGNIFICANT WEATHER WAS OBSERVED.


RELATIVE HUMIDITY (PERCENT)
 HIGHEST    69           645 AM
 LOWEST     22           220 PM
 AVERAGE    46

..........................................................


THE RENO TAHOE AIRPORT NV CLIMATE NORMALS FOR TODAY
                         NORMAL    RECORD    YEAR
 MAXIMUM TEMPERATURE (F)   55        75      1986
 MINIMUM TEMPERATURE (F)   31        -7      1955


SUNRISE AND SUNSET
FEBRUARY 28 2017......SUNRISE   633 AM PST   SUNSET   551 PM PST
MARCH  1 2017.........SUNRISE   632 AM PST   SUNSET   552 PM PST


-  INDICATES NEGATIVE NUMBERS.
R  INDICATES RECORD WAS SET OR TIED.
MM INDICATES DATA IS MISSING.
T  INDICATES TRACE AMOUNT.




$$
