000
CDUS45 KREV 060847
CLIRNO


CLIMATE REPORT
NATIONAL WEATHER SERVICE RENO NV
1246 AM PST FRI MAR 6 2015


...................................

...THE RENO TAHOE AIRPORT NV CLIMATE SUMMARY FOR MARCH 5 2015...

CLIMATE NORMAL PERIOD 1981 TO 2010
CLIMATE RECORD PERIOD 1888 TO 2015


WEATHER ITEM   OBSERVED TIME   RECORD YEAR NORMAL DEPARTURE LAST
                VALUE   (LST)  VALUE       VALUE  FROM      YEAR
                                                  NORMAL
..................................................................
TEMPERATURE (F)
 YESTERDAY
  MAXIMUM         62    302 PM  79    1972  56      6       65
  MINIMUM         25    655 AM  10    1976  32     -7       44
                                      1945
  AVERAGE         44                        44      0       55

PRECIPITATION (IN)
  YESTERDAY        0.00          0.44 1994   0.04  -0.04     0.01
  MONTH TO DATE    0.01                      0.18  -0.17     0.01
  SINCE OCT 1      2.92                      4.59  -1.67     2.04
  SINCE JAN 1      1.50                      2.23  -0.73     1.08

SNOWFALL (IN)
  YESTERDAY        0.0           2.3  1971   0.1   -0.1      0.0
  MONTH TO DATE    0.0                       0.6   -0.6      0.0
  SINCE MAR 1      0.0                       0.6   -0.6      0.0
  SINCE JUL 1      2.7                      19.6  -16.9      6.2
  SNOW DEPTH       0

DEGREE DAYS
 HEATING
  YESTERDAY       21                        21      0       10
  MONTH TO DATE  128                       107     21       86
  SINCE MAR 1    128                       107     21       86
  SINCE JUL 1   2993                      3745   -752     3670

 COOLING
  YESTERDAY        0                         0      0        0
  MONTH TO DATE    0                         0      0        0
  SINCE MAR 1      0                         0      0        0
  SINCE JAN 1      0                         0      0        0
..................................................................


WIND (MPH)
  RESULTANT WIND SPEED   1   RESULTANT WIND DIRECTION   N (20)
  HIGHEST WIND SPEED    10   HIGHEST WIND DIRECTION     N (360)
  HIGHEST GUST SPEED    12   HIGHEST GUST DIRECTION    NE (40)
  AVERAGE WIND SPEED     2.5



WEATHER CONDITIONS
 THE FOLLOWING WEATHER WAS RECORDED YESTERDAY.
  NO SIGNIFICANT WEATHER WAS OBSERVED.


RELATIVE HUMIDITY (PERCENT)
 HIGHEST    75           500 AM
 LOWEST     15           300 PM
 AVERAGE    45

..........................................................


THE RENO TAHOE AIRPORT NV CLIMATE NORMALS FOR TODAY
                         NORMAL    RECORD    YEAR
 MAXIMUM TEMPERATURE (F)   56        75      1972
 MINIMUM TEMPERATURE (F)   32        11      1971


SUNRISE AND SUNSET
MARCH  6 2015.........SUNRISE   625 AM PST   SUNSET   557 PM PST
MARCH  7 2015.........SUNRISE   623 AM PST   SUNSET   558 PM PST


-  INDICATES NEGATIVE NUMBERS.
R  INDICATES RECORD WAS SET OR TIED.
MM INDICATES DATA IS MISSING.
T  INDICATES TRACE AMOUNT.




$$
