000
CDUS45 KREV 261108
CLIRNO


CLIMATE REPORT
NATIONAL WEATHER SERVICE RENO NV
407 AM PDT WED APR 26 2017


...................................

...THE RENO-TAHOE INTL AIRPORT NV CLIMATE SUMMARY FOR APRIL 25 2017...

CLIMATE NORMAL PERIOD 1981 TO 2010
CLIMATE RECORD PERIOD 1888 TO 2017


WEATHER ITEM   OBSERVED TIME   RECORD YEAR NORMAL DEPARTURE LAST
                VALUE   (LST)  VALUE       VALUE  FROM      YEAR
                                                  NORMAL
..................................................................
TEMPERATURE (F)
 YESTERDAY
  MAXIMUM         66    317 PM  84    1927  67     -1       54
  MINIMUM         41    547 AM  19    1944  40      1       37
  AVERAGE         54                        53      1       46

PRECIPITATION (IN)
  YESTERDAY        0.00          1.56 1952   0.01  -0.01      T
  MONTH TO DATE    0.65                      0.39   0.26     0.78
  SINCE OCT 1     14.30                      5.56   8.74     7.82
  SINCE JAN 1     10.51                      3.20   7.31     3.87

SNOWFALL (IN)
  YESTERDAY        0.0           0.8  1971   0.0    0.0       T
                                      1955
  MONTH TO DATE    T                         0.4   -0.4       T
  SINCE MAR 1      2.9                       2.4    0.5      6.8
  SINCE JUL 1     27.0                      21.4    5.6     30.9
  SNOW DEPTH       0

DEGREE DAYS
 HEATING
  YESTERDAY       11                        12     -1       19
  MONTH TO DATE  338                       371    -33      231
  SINCE MAR 1    839                       969   -130      742
  SINCE JUL 1   4212                      4607   -395     4079

 COOLING
  YESTERDAY        0                         0      0        0
  MONTH TO DATE    0                         0      0        0
  SINCE MAR 1      0                         0      0        0
  SINCE JAN 1      0                         0      0        0
..................................................................


WIND (MPH)
  RESULTANT WIND SPEED   6   RESULTANT WIND DIRECTION  NW (320)
  HIGHEST WIND SPEED    24   HIGHEST WIND DIRECTION     W (290)
  HIGHEST GUST SPEED    36   HIGHEST GUST DIRECTION     W (280)
  AVERAGE WIND SPEED     9.4



WEATHER CONDITIONS
 THE FOLLOWING WEATHER WAS RECORDED YESTERDAY.
  NO SIGNIFICANT WEATHER WAS OBSERVED.


RELATIVE HUMIDITY (PERCENT)
 HIGHEST    57           300 AM
 LOWEST     22           300 PM
 AVERAGE    40

..........................................................


THE RENO-TAHOE INTL AIRPORT NV CLIMATE NORMALS FOR TODAY
                         NORMAL    RECORD    YEAR
 MAXIMUM TEMPERATURE (F)   67        87      1987
 MINIMUM TEMPERATURE (F)   40        21      1985


SUNRISE AND SUNSET
APRIL 26 2017.........SUNRISE   606 AM PDT   SUNSET   748 PM PDT
APRIL 27 2017.........SUNRISE   605 AM PDT   SUNSET   749 PM PDT


-  INDICATES NEGATIVE NUMBERS.
R  INDICATES RECORD WAS SET OR TIED.
MM INDICATES DATA IS MISSING.
T  INDICATES TRACE AMOUNT.




$$
