000
CDUS41 KRNK 222114
CLIROA


CLIMATE REPORT
NATIONAL WEATHER SERVICE BLACKSBURG VA
513 PM EDT FRI MAY 22 2015


...................................

...THE ROANOKE VA CLIMATE SUMMARY FOR MAY 22 2015...
VALID TODAY AS OF 0500 PM LOCAL TIME.

CLIMATE NORMAL PERIOD 1981 TO 2010
CLIMATE RECORD PERIOD 1912 TO 2015


WEATHER ITEM   OBSERVED TIME   RECORD YEAR NORMAL DEPARTURE LAST
                VALUE   (LST)  VALUE       VALUE  FROM      YEAR
                                                  NORMAL
..................................................................
TEMPERATURE (F)
 TODAY
  MAXIMUM         73    358 PM  99    1941  77     -4       85
  MINIMUM         48    533 AM  33    2002  55     -7       66
  AVERAGE         61                        66     -5       76

PRECIPITATION (IN)
  TODAY            0.00          1.31 1955   0.14  -0.14     0.00
  MONTH TO DATE    1.09                      2.75  -1.66     2.21
  SINCE MAR 1     10.40                      9.58   0.82     9.15
  SINCE JAN 1     14.32                     15.39  -1.07    15.43

SNOWFALL (IN)
  TODAY            0.0
  MONTH TO DATE    0.0
  SINCE MAR 1      1.9
  SINCE JUL 1     21.7
  SNOW DEPTH       0

DEGREE DAYS
 HEATING
  TODAY            4                         2      2        0
  MONTH TO DATE   33                        85    -52       54
  SINCE MAR 1    813                       912    -99      964
  SINCE JUL 1   4242                      4117    125     4366

 COOLING
  TODAY            0                         3     -3       11
  MONTH TO DATE   99                        49     50       78
  SINCE MAR 1    105                        78     27       90
  SINCE JAN 1    105                        78     27       90
..................................................................


WIND (MPH)
  HIGHEST WIND SPEED    23   HIGHEST WIND DIRECTION    NW (330)
  HIGHEST GUST SPEED    33   HIGHEST GUST DIRECTION    NW (330)
  AVERAGE WIND SPEED    11.1


SKY COVER
  POSSIBLE SUNSHINE  MM
  AVERAGE SKY COVER 0.2


WEATHER CONDITIONS
 THE FOLLOWING WEATHER WAS RECORDED TODAY.
  NO SIGNIFICANT WEATHER WAS OBSERVED.


RELATIVE HUMIDITY (PERCENT)
 HIGHEST    66          1200 AM
 LOWEST     34           300 PM
 AVERAGE    50

..........................................................


THE ROANOKE VA CLIMATE NORMALS FOR TOMORROW
                         NORMAL    RECORD    YEAR
 MAXIMUM TEMPERATURE (F)   77        97      1941
 MINIMUM TEMPERATURE (F)   55        39      2002


SUNRISE AND SUNSET
MAY 22 2015...........SUNRISE   606 AM EDT   SUNSET   827 PM EDT
MAY 23 2015...........SUNRISE   605 AM EDT   SUNSET   828 PM EDT


-  INDICATES NEGATIVE NUMBERS.
R  INDICATES RECORD WAS SET OR TIED.
MM INDICATES DATA IS MISSING.
T  INDICATES TRACE AMOUNT.




$$
