000
CDUS41 KRNK 280630
CLIROA


CLIMATE REPORT
NATIONAL WEATHER SERVICE BLACKSBURG VA
225 AM EDT SUN AUG 28 2016


...................................

...THE ROANOKE VA CLIMATE SUMMARY FOR AUGUST 27 2016...

CLIMATE NORMAL PERIOD 1981 TO 2010
CLIMATE RECORD PERIOD 1912 TO 2016


WEATHER ITEM   OBSERVED TIME   RECORD YEAR NORMAL DEPARTURE LAST
                VALUE   (LST)  VALUE       VALUE  FROM      YEAR
                                                  NORMAL
..................................................................
TEMPERATURE (F)
 YESTERDAY
  MAXIMUM         91    358 PM  98    1932  85      6       81
  MINIMUM         71    609 AM  46    1917  64      7       60
  AVERAGE         81                        74      7       71

PRECIPITATION (IN)
  YESTERDAY        0.00          3.83 2008   0.12  -0.12     0.00
  MONTH TO DATE    3.65                      3.08   0.57     3.09
  SINCE JUN 1     15.23                     10.95   4.28    16.45
  SINCE JAN 1     32.96                     27.65   5.31    31.43

SNOWFALL (IN)
  YESTERDAY        0.0                                       0.0
  MONTH TO DATE    0.0                                       0.0
  SINCE JUN 1      0.0                                        T
  SINCE JUL 1      0.0                                       0.0
  SNOW DEPTH       0

DEGREE DAYS
 HEATING
  YESTERDAY        0                         0      0        0
  MONTH TO DATE    0                         0      0        0
  SINCE JUN 1      0                        11    -11        7
  SINCE JUL 1      0                         0      0        0

 COOLING
  YESTERDAY       16                         9      7        6
  MONTH TO DATE  343                       287     56      293
  SINCE JUN 1   1068                       894    174     1011
  SINCE JAN 1   1193                      1010    183     1179
..................................................................


WIND (MPH)
  HIGHEST WIND SPEED    13   HIGHEST WIND DIRECTION    SE (120)
  HIGHEST GUST SPEED    17   HIGHEST GUST DIRECTION     E (110)
  AVERAGE WIND SPEED     4.6


SKY COVER
  AVERAGE SKY COVER 0.3


WEATHER CONDITIONS
 THE FOLLOWING WEATHER WAS RECORDED YESTERDAY.
  NO SIGNIFICANT WEATHER WAS OBSERVED.


RELATIVE HUMIDITY (PERCENT)
 HIGHEST   100           300 AM
 LOWEST     55           300 PM
 AVERAGE    78

..........................................................


THE ROANOKE VA CLIMATE NORMALS FOR TODAY
                         NORMAL    RECORD    YEAR
 MAXIMUM TEMPERATURE (F)   84        98      1948
 MINIMUM TEMPERATURE (F)   63        49      1986
                                             1968
                                             1945


SUNRISE AND SUNSET
AUGUST 28 2016........SUNRISE   647 AM EDT   SUNSET   754 PM EDT
AUGUST 29 2016........SUNRISE   648 AM EDT   SUNSET   752 PM EDT


-  INDICATES NEGATIVE NUMBERS.
R  INDICATES RECORD WAS SET OR TIED.
MM INDICATES DATA IS MISSING.
T  INDICATES TRACE AMOUNT.




$$
