000
CDUS41 KRNK 281027
CLIROA


CLIMATE REPORT
NATIONAL WEATHER SERVICE BLACKSBURG VA
525 AM EST SAT FEB 28 2015


...................................

...THE ROANOKE VA CLIMATE SUMMARY FOR FEBRUARY 27 2015...

CLIMATE NORMAL PERIOD 1981 TO 2010
CLIMATE RECORD PERIOD 1912 TO 2015


WEATHER ITEM   OBSERVED TIME   RECORD YEAR NORMAL DEPARTURE LAST
                VALUE   (LST)  VALUE       VALUE  FROM      YEAR
                                                  NORMAL
..................................................................
TEMPERATURE (F)
 YESTERDAY
  MAXIMUM         35   1257 PM  76    1944  53    -18       44
  MINIMUM         22   1159 PM   9    1963  32    -10       20
                                      1934
  AVERAGE         29                        42    -13       32

PRECIPITATION (IN)
  YESTERDAY        0.00          0.98 1982   0.10  -0.10     0.00
  MONTH TO DATE    2.61                      2.79  -0.18     4.47
  SINCE DEC 1      6.46                      8.65  -2.19    10.66
  SINCE JAN 1      3.92                      5.71  -1.79     6.28

SNOWFALL (IN)
  YESTERDAY        0.0
  MONTH TO DATE   19.1
  SINCE DEC 1     19.3
  SINCE JUL 1     19.8
  SNOW DEPTH       5

DEGREE DAYS
 HEATING
  YESTERDAY       36                        23     13       33
  MONTH TO DATE  917                       690    227      726
  SINCE DEC 1   2511                      2378    133     2492
  SINCE JUL 1   3389                      3182    207     3364

 COOLING
  YESTERDAY        0                         0      0        0
  MONTH TO DATE    0                         0      0        0
  SINCE DEC 1      0                         0      0        0
  SINCE JAN 1      0                         0      0        0
..................................................................


WIND (MPH)
  HIGHEST WIND SPEED    20   HIGHEST WIND DIRECTION    NW (330)
  HIGHEST GUST SPEED    24   HIGHEST GUST DIRECTION    NW (330)
  AVERAGE WIND SPEED    10.5


SKY COVER
  POSSIBLE SUNSHINE  MM
  AVERAGE SKY COVER 0.3


WEATHER CONDITIONS
 THE FOLLOWING WEATHER WAS RECORDED YESTERDAY.
  NO SIGNIFICANT WEATHER WAS OBSERVED.


RELATIVE HUMIDITY (PERCENT)
 HIGHEST    63           100 AM
 LOWEST     38           100 PM
 AVERAGE    51

..........................................................


THE ROANOKE VA CLIMATE NORMALS FOR TODAY
                         NORMAL    RECORD    YEAR
 MAXIMUM TEMPERATURE (F)   53        83      1918
 MINIMUM TEMPERATURE (F)   32        -1      1934


SUNRISE AND SUNSET
FEBRUARY 28 2015......SUNRISE   653 AM EST   SUNSET   613 PM EST
MARCH  1 2015.........SUNRISE   651 AM EST   SUNSET   614 PM EST


-  INDICATES NEGATIVE NUMBERS.
R  INDICATES RECORD WAS SET OR TIED.
MM INDICATES DATA IS MISSING.
T  INDICATES TRACE AMOUNT.




$$
