000
CDUS41 KRNK 272106
CLIROA


CLIMATE REPORT
NATIONAL WEATHER SERVICE BLACKSBURG VA
504 PM EDT FRI MAY 27 2016


...................................

...THE ROANOKE VA CLIMATE SUMMARY FOR MAY 27 2016...
VALID TODAY AS OF 0500 PM LOCAL TIME.

CLIMATE NORMAL PERIOD 1981 TO 2010
CLIMATE RECORD PERIOD 1912 TO 2016


WEATHER ITEM   OBSERVED TIME   RECORD YEAR NORMAL DEPARTURE LAST
                VALUE   (LST)  VALUE       VALUE  FROM      YEAR
                                                  NORMAL
..................................................................
TEMPERATURE (F)
 TODAY
  MAXIMUM         86   1236 PM  95    1941  78      8       87
                                      1937
  MINIMUM         64    343 AM  34    1925  57      7       65
  AVERAGE         75                        68      7       76

PRECIPITATION (IN)
  TODAY            0.00          2.92 1960   0.15  -0.15      T
  MONTH TO DATE    5.70                      3.47   2.23     1.09
  SINCE MAR 1      9.08                     10.30  -1.22    10.40
  SINCE JAN 1     17.31                     16.11   1.20    14.32

SNOWFALL (IN)
  TODAY            0.0                                       0.0
  MONTH TO DATE    0.0                                       0.0
  SINCE MAR 1      1.0                                       1.9
  SINCE JUL 1     23.0                                      21.7
  SNOW DEPTH       0

DEGREE DAYS
 HEATING
  TODAY            0                         2     -2        0
  MONTH TO DATE   92                        95     -3       35
  SINCE MAR 1    671                       922   -251      815
  SINCE JUL 1   3505                      4127   -622     4244

 COOLING
  TODAY           10                         4      6       11
  MONTH TO DATE   47                        69    -22      123
  SINCE MAR 1     96                        98     -2      129
  SINCE JAN 1     96                        98     -2      129
..................................................................


WIND (MPH)
  HIGHEST WIND SPEED    10   HIGHEST WIND DIRECTION     S (190)
  HIGHEST GUST SPEED    22   HIGHEST GUST DIRECTION    SE (130)
  AVERAGE WIND SPEED     4.4


SKY COVER
  AVERAGE SKY COVER 0.3


WEATHER CONDITIONS
 THE FOLLOWING WEATHER WAS RECORDED TODAY.
  NO SIGNIFICANT WEATHER WAS OBSERVED.


RELATIVE HUMIDITY (PERCENT)
 HIGHEST    93          1200 AM
 LOWEST     37           100 PM
 AVERAGE    65

..........................................................


THE ROANOKE VA CLIMATE NORMALS FOR TOMORROW
                         NORMAL    RECORD    YEAR
 MAXIMUM TEMPERATURE (F)   79        98      1941
 MINIMUM TEMPERATURE (F)   57        39      1994


SUNRISE AND SUNSET
MAY 27 2016...........SUNRISE   603 AM EDT   SUNSET   832 PM EDT
MAY 28 2016...........SUNRISE   602 AM EDT   SUNSET   832 PM EDT


-  INDICATES NEGATIVE NUMBERS.
R  INDICATES RECORD WAS SET OR TIED.
MM INDICATES DATA IS MISSING.
T  INDICATES TRACE AMOUNT.


$$

PW
