000
CDUS41 KRNK 310635
CLIROA


CLIMATE REPORT
NATIONAL WEATHER SERVICE BLACKSBURG VA
234 AM EDT FRI JUL 31 2015


...................................

...THE ROANOKE VA CLIMATE SUMMARY FOR JULY 30 2015...

CLIMATE NORMAL PERIOD 1981 TO 2010
CLIMATE RECORD PERIOD 1912 TO 2015


WEATHER ITEM   OBSERVED TIME   RECORD YEAR NORMAL DEPARTURE LAST
                VALUE   (LST)  VALUE       VALUE  FROM      YEAR
                                                  NORMAL
..................................................................
TEMPERATURE (F)
 YESTERDAY
  MAXIMUM         94    402 PM 101    1931  87      7       77
  MINIMUM         71   1157 PM  54    1997  66      5       55
  AVERAGE         83                        77      6       66

PRECIPITATION (IN)
  YESTERDAY        T             2.14 1966   0.13  -0.13     0.00
  MONTH TO DATE    4.29                      3.91   0.38     3.40
  SINCE JUN 1     13.36                      7.74   5.62     6.45
  SINCE JAN 1     28.34                     24.44   3.90    22.05

SNOWFALL (IN)
  YESTERDAY        0.0                                       0.0
  MONTH TO DATE    0.0                                       0.0
  SINCE JUN 1      T                                         0.0
  SINCE JUL 1      0.0                                       0.0
  SNOW DEPTH       0

DEGREE DAYS
 HEATING
  YESTERDAY        0                         0      0        0
  MONTH TO DATE    0                         0      0        0
  SINCE JUN 1      7                        11     -4        0
  SINCE JUL 1      0                         0      0        0

 COOLING
  YESTERDAY       18                        12      6        1
  MONTH TO DATE  380                       355     25      299
  SINCE JUN 1    706                       601    105      596
  SINCE JAN 1    874                       717    157      745
..................................................................


WIND (MPH)
  HIGHEST WIND SPEED    17   HIGHEST WIND DIRECTION    NW (310)
  HIGHEST GUST SPEED    23   HIGHEST GUST DIRECTION    NW (300)
  AVERAGE WIND SPEED     6.9


SKY COVER
  AVERAGE SKY COVER 0.4


WEATHER CONDITIONS
 THE FOLLOWING WEATHER WAS RECORDED YESTERDAY.
  LIGHT RAIN


RELATIVE HUMIDITY (PERCENT)
 HIGHEST   100          1200 AM
 LOWEST     41           300 PM
 AVERAGE    71

..........................................................


THE ROANOKE VA CLIMATE NORMALS FOR TODAY
                         NORMAL    RECORD    YEAR
 MAXIMUM TEMPERATURE (F)   87       101      1953
 MINIMUM TEMPERATURE (F)   66        49      1914


SUNRISE AND SUNSET
JULY 31 2015..........SUNRISE   623 AM EDT   SUNSET   829 PM EDT
AUGUST  1 2015........SUNRISE   624 AM EDT   SUNSET   828 PM EDT


-  INDICATES NEGATIVE NUMBERS.
R  INDICATES RECORD WAS SET OR TIED.
MM INDICATES DATA IS MISSING.
T  INDICATES TRACE AMOUNT.




$$
