000
CDUS41 KRNK 270653
CLIROA


CLIMATE REPORT
NATIONAL WEATHER SERVICE BLACKSBURG VA
252 AM EDT MON MAR 27 2017


...................................

...THE ROANOKE VA CLIMATE SUMMARY FOR MARCH 26 2017...

CLIMATE NORMAL PERIOD 1981 TO 2010
CLIMATE RECORD PERIOD 1912 TO 2017


WEATHER ITEM   OBSERVED TIME   RECORD YEAR NORMAL DEPARTURE LAST
                VALUE   (LST)  VALUE       VALUE  FROM      YEAR
                                                  NORMAL
..................................................................
TEMPERATURE (F)
 YESTERDAY
  MAXIMUM         67   1243 PM  86    1929  61      6       58
  MINIMUM         52    421 AM  17    1955  40     12       42
  AVERAGE         60                        50     10       50

PRECIPITATION (IN)
  YESTERDAY        0.07          1.46 1978   0.12  -0.05     0.00
  MONTH TO DATE    1.04                      2.85  -1.81     1.87
  SINCE MAR 1      1.04                      2.85  -1.81     1.87
  SINCE JAN 1      5.68                      8.66  -2.98    10.10

SNOWFALL (IN)
  YESTERDAY        0.0                                       0.0
  MONTH TO DATE    0.1                                       1.0
  SINCE MAR 1      0.1                                       1.0
  SINCE JUL 1      4.6                                      23.0
  SNOW DEPTH       0

DEGREE DAYS
 HEATING
  YESTERDAY        5                        15    -10       15
  MONTH TO DATE  487                       483      4      293
  SINCE MAR 1    487                       483      4      293
  SINCE JUL 1   2951                      3688   -737     3127

 COOLING
  YESTERDAY        0                         0      0        0
  MONTH TO DATE    0                         0      0       10
  SINCE MAR 1      0                         0      0       10
  SINCE JAN 1      0                         0      0       10
..................................................................


WIND (MPH)
  HIGHEST WIND SPEED    15   HIGHEST WIND DIRECTION     S (160)
  HIGHEST GUST SPEED    19   HIGHEST GUST DIRECTION    SE (150)
  AVERAGE WIND SPEED     6.6


SKY COVER
  AVERAGE SKY COVER 0.8


WEATHER CONDITIONS
 THE FOLLOWING WEATHER WAS RECORDED YESTERDAY.
  RAIN
  LIGHT RAIN
  FOG


RELATIVE HUMIDITY (PERCENT)
 HIGHEST    93           800 PM
 LOWEST     58           100 PM
 AVERAGE    76

..........................................................


THE ROANOKE VA CLIMATE NORMALS FOR TODAY
                         NORMAL    RECORD    YEAR
 MAXIMUM TEMPERATURE (F)   62        85      1921
 MINIMUM TEMPERATURE (F)   40        18      1955


SUNRISE AND SUNSET
MARCH 27 2017.........SUNRISE   713 AM EDT   SUNSET   738 PM EDT
MARCH 28 2017.........SUNRISE   711 AM EDT   SUNSET   739 PM EDT


-  INDICATES NEGATIVE NUMBERS.
R  INDICATES RECORD WAS SET OR TIED.
MM INDICATES DATA IS MISSING.
T  INDICATES TRACE AMOUNT.




$$
