000
CDUS41 KBUF 251022
CLIROC


CLIMATE REPORT
NATIONAL WEATHER SERVICE BUFFALO NY
521 AM EST SUN FEB 25 2018


...................................

...THE ROCHESTER NY CLIMATE SUMMARY FOR FEBRUARY 24 2018...

CLIMATE NORMAL PERIOD 1981 TO 2010
CLIMATE RECORD PERIOD 1871 TO 2018


WEATHER ITEM   OBSERVED TIME   RECORD YEAR NORMAL DEPARTURE LAST
                VALUE   (LST)  VALUE       VALUE  FROM      YEAR
                                                  NORMAL
..................................................................
TEMPERATURE (F)
 YESTERDAY
  MAXIMUM         46   1233 AM  70    1906  36     10       64
  MINIMUM         37   1159 PM  -9    2015  20     17       40
                                      1889
  AVERAGE         42                        28     14       52

PRECIPITATION (IN)
  YESTERDAY        T             0.86 2016   0.07  -0.07     0.35
  MONTH TO DATE    1.86                      1.64   0.22     1.99
  SINCE DEC 1      7.21                      6.68   0.53     7.65
  SINCE JAN 1      4.97                      4.05   0.92     4.74

SNOWFALL (IN)
  YESTERDAY        0.0           8.1  1962   0.8   -0.8      0.0
  MONTH TO DATE   15.7                      18.5   -2.8     14.4
  SINCE DEC 1     83.3                      68.5   14.8     55.5
  SINCE JUL 1     85.9                      75.9   10.0     71.4
  SNOW DEPTH       0

DEGREE DAYS
 HEATING
  YESTERDAY       23                        37    -14       13
  MONTH TO DATE  791                       936   -145      728
  SINCE DEC 1   3226                      3272    -46     2799
  SINCE JUL 1   4317                      4640   -323     3777

 COOLING
  YESTERDAY        0                         0      0        0
  MONTH TO DATE    0                         0      0        0
  SINCE DEC 1      0                         0      0        0
  SINCE JAN 1      0                         0      0        0
..................................................................


WIND (MPH)
  HIGHEST WIND SPEED    16   HIGHEST WIND DIRECTION    NW (320)
  HIGHEST GUST SPEED    20   HIGHEST GUST DIRECTION    NW (320)
  AVERAGE WIND SPEED     7.7


SKY COVER
  AVERAGE SKY COVER 0.9


WEATHER CONDITIONS
 THE FOLLOWING WEATHER WAS RECORDED YESTERDAY.
  LIGHT RAIN


RELATIVE HUMIDITY (PERCENT)
 HIGHEST    92           200 AM
 LOWEST     64           300 PM
 AVERAGE    78

..........................................................


THE ROCHESTER NY CLIMATE NORMALS FOR TODAY
                         NORMAL    RECORD    YEAR
 MAXIMUM TEMPERATURE (F)   36        67      1957
 MINIMUM TEMPERATURE (F)   20        -8      1894


SUNRISE AND SUNSET
FEBRUARY 25 2018......SUNRISE   653 AM EST   SUNSET   555 PM EST
FEBRUARY 26 2018......SUNRISE   652 AM EST   SUNSET   556 PM EST


-  INDICATES NEGATIVE NUMBERS.
R  INDICATES RECORD WAS SET OR TIED.
MM INDICATES DATA IS MISSING.
T  INDICATES TRACE AMOUNT.




$$
