587
CDUS41 KBUF 250705
CLIROC


CLIMATE REPORT
NATIONAL WEATHER SERVICE BUFFALO NY
305 AM EDT THU MAY 25 2017


...................................

...THE ROCHESTER NY CLIMATE SUMMARY FOR MAY 24 2017...

CLIMATE NORMAL PERIOD 1981 TO 2010
CLIMATE RECORD PERIOD 1871 TO 2017


WEATHER ITEM   OBSERVED TIME   RECORD YEAR NORMAL DEPARTURE LAST
                VALUE   (LST)  VALUE       VALUE  FROM      YEAR
                                                  NORMAL
..................................................................
TEMPERATURE (F)
 YESTERDAY
  MAXIMUM         78    417 PM  91    2007  70      8       83
  MINIMUM         55    533 AM  31    1956  49      6       50
  AVERAGE         67                        59      8       67

PRECIPITATION (IN)
  YESTERDAY        0.00          0.98 2004   0.10  -0.10     0.00
  MONTH TO DATE    3.51                      2.22   1.29     1.38
  SINCE MAR 1     13.12                      7.45   5.67     4.76
  SINCE JAN 1     18.20                     11.81   6.39    10.06

SNOWFALL (IN)
  YESTERDAY        0.0           T    1925   0.0    0.0      0.0
  MONTH TO DATE    0.0                       0.4   -0.4       T
  SINCE MAR 1     35.5                      20.6   14.9     12.0
  SINCE JUL 1    107.1                      99.5    7.6     63.7
  SNOW DEPTH       0

DEGREE DAYS
 HEATING
  YESTERDAY        0                         7     -7        0
  MONTH TO DATE  252                       235     17      255
  SINCE MAR 1   1651                      1752   -101     1691
  SINCE JUL 1   5519                      6538  -1019     5608

 COOLING
  YESTERDAY        2                         1      1        2
  MONTH TO DATE   18                        15      3        2
  SINCE MAR 1     32                        19     13        2
  SINCE JAN 1     32                        19     13        2
..................................................................


WIND (MPH)
  HIGHEST WIND SPEED    22   HIGHEST WIND DIRECTION    SE (130)
  HIGHEST GUST SPEED    28   HIGHEST GUST DIRECTION    SE (120)
  AVERAGE WIND SPEED     9.1


SKY COVER
  AVERAGE SKY COVER 0.8


WEATHER CONDITIONS
 THE FOLLOWING WEATHER WAS RECORDED YESTERDAY.
  NO SIGNIFICANT WEATHER WAS OBSERVED.


RELATIVE HUMIDITY (PERCENT)
 HIGHEST    83           200 AM
 LOWEST     31           400 PM
 AVERAGE    57

..........................................................


THE ROCHESTER NY CLIMATE NORMALS FOR TODAY
                         NORMAL    RECORD    YEAR
 MAXIMUM TEMPERATURE (F)   70        88      2012
                                             2007
                                             1904
 MINIMUM TEMPERATURE (F)   49        32      1956


SUNRISE AND SUNSET
MAY 25 2017...........SUNRISE   538 AM EDT   SUNSET   838 PM EDT
MAY 26 2017...........SUNRISE   537 AM EDT   SUNSET   839 PM EDT


-  INDICATES NEGATIVE NUMBERS.
R  INDICATES RECORD WAS SET OR TIED.
MM INDICATES DATA IS MISSING.
T  INDICATES TRACE AMOUNT.




$$
