000
CDUS41 KBUF 101032
CLIROC


CLIMATE REPORT
NATIONAL WEATHER SERVICE BUFFALO NY
530 AM EST SAT DEC 10 2016


...................................

...THE ROCHESTER NY CLIMATE SUMMARY FOR DECEMBER 9 2016...

CLIMATE NORMAL PERIOD 1981 TO 2010
CLIMATE RECORD PERIOD 1871 TO 2016


WEATHER ITEM   OBSERVED TIME   RECORD YEAR NORMAL DEPARTURE LAST
                VALUE   (LST)  VALUE       VALUE  FROM      YEAR
                                                  NORMAL
..................................................................
TEMPERATURE (F)
 YESTERDAY
  MAXIMUM         30   1242 AM  63    1966  38     -8       55
  MINIMUM         24   1153 PM   2    2002  26     -2       36
  AVERAGE         27                        32     -5       46

PRECIPITATION (IN)
  YESTERDAY        0.09          1.19 1975   0.09   0.00      T
  MONTH TO DATE    0.82                      0.82   0.00     0.58
  SINCE DEC 1      0.82                      0.82   0.00     0.58
  SINCE JAN 1     28.63                     32.46  -3.83    34.53

SNOWFALL (IN)
  YESTERDAY        3.2           7.5  1981   0.7    2.5      0.0
  MONTH TO DATE    4.9                       5.3   -0.4       T
  SINCE DEC 1      4.9                       5.3   -0.4       T
  SINCE JUL 1     20.8                      12.7    8.1      1.2
  SNOW DEPTH       2

DEGREE DAYS
 HEATING
  YESTERDAY       38                        33      5       19
  MONTH TO DATE  260                       285    -25      218
  SINCE DEC 1    260                       285    -25      218
  SINCE JUL 1   1238                      1653   -415     1258

 COOLING
  YESTERDAY        0                         0      0        0
  MONTH TO DATE    0                         0      0        0
  SINCE DEC 1      0                         0      0        0
  SINCE JAN 1    978                       539    439      698
..................................................................


WIND (MPH)
  HIGHEST WIND SPEED    22   HIGHEST WIND DIRECTION     W (280)
  HIGHEST GUST SPEED    29   HIGHEST GUST DIRECTION     W (280)
  AVERAGE WIND SPEED    10.0


SKY COVER
  AVERAGE SKY COVER 0.9


WEATHER CONDITIONS
 THE FOLLOWING WEATHER WAS RECORDED YESTERDAY.
  SNOW
  LIGHT SNOW
  FOG
  BLOWING SNOW


RELATIVE HUMIDITY (PERCENT)
 HIGHEST    92           300 AM
 LOWEST     53           200 PM
 AVERAGE    73

..........................................................


THE ROCHESTER NY CLIMATE NORMALS FOR TODAY
                         NORMAL    RECORD    YEAR
 MAXIMUM TEMPERATURE (F)   38        67      1911
 MINIMUM TEMPERATURE (F)   25        -1      1977


SUNRISE AND SUNSET
DECEMBER 10 2016......SUNRISE   732 AM EST   SUNSET   436 PM EST
DECEMBER 11 2016......SUNRISE   733 AM EST   SUNSET   436 PM EST


-  INDICATES NEGATIVE NUMBERS.
R  INDICATES RECORD WAS SET OR TIED.
MM INDICATES DATA IS MISSING.
T  INDICATES TRACE AMOUNT.




$$
