000
CDUS41 KBUF 050705
CLIROC


CLIMATE REPORT
NATIONAL WEATHER SERVICE BUFFALO NY
305 AM EDT THU MAY 5 2016


...................................

...THE ROCHESTER NY CLIMATE SUMMARY FOR MAY 4 2016...

CLIMATE NORMAL PERIOD 1981 TO 2010
CLIMATE RECORD PERIOD 1871 TO 2016


WEATHER ITEM   OBSERVED TIME   RECORD YEAR NORMAL DEPARTURE LAST
                VALUE   (LST)  VALUE       VALUE  FROM      YEAR
                                                  NORMAL
..................................................................
TEMPERATURE (F)
 YESTERDAY
  MAXIMUM         61    350 PM  91    1949  64     -3       83
  MINIMUM         40    524 AM  30    1926  43     -3       54
                                      1911
  AVERAGE         51                        53     -2       69

PRECIPITATION (IN)
  YESTERDAY        T             2.47 1893   0.10  -0.10      T
  MONTH TO DATE    0.76                      0.37   0.39      T
  SINCE MAR 1      4.14                      5.60  -1.46     4.04
  SINCE JAN 1      9.44                      9.96  -0.52     8.29

SNOWFALL (IN)
  YESTERDAY       MM             T    1966   0.0   MM        0.0
  MONTH TO DATE    0.0                       0.1   -0.1      0.0
  SINCE MAR 1     12.0                      20.3   -8.3     13.3
  SINCE JUL 1     63.7                      99.2  -35.5    101.9
  SNOW DEPTH       0

DEGREE DAYS
 HEATING
  YESTERDAY       14                        12      2        0
  MONTH TO DATE   67                        51     16       17
  SINCE MAR 1   1503                      1568    -65     1609
  SINCE JUL 1   5420                      6354   -934     6703

 COOLING
  YESTERDAY        0                         0      0        4
  MONTH TO DATE    0                         0      0        4
  SINCE MAR 1      0                         4     -4        4
  SINCE JAN 1      0                         4     -4        4
..................................................................


WIND (MPH)
  HIGHEST WIND SPEED    16   HIGHEST WIND DIRECTION    NE (60)
  HIGHEST GUST SPEED    23   HIGHEST GUST DIRECTION    NE (30)
  AVERAGE WIND SPEED     5.7


SKY COVER
  AVERAGE SKY COVER 0.8


WEATHER CONDITIONS
 THE FOLLOWING WEATHER WAS RECORDED YESTERDAY.
  LIGHT RAIN


RELATIVE HUMIDITY (PERCENT)
 HIGHEST    93           400 AM
 LOWEST     47          1000 AM
 AVERAGE    70

..........................................................


THE ROCHESTER NY CLIMATE NORMALS FOR TODAY
                         NORMAL    RECORD    YEAR
 MAXIMUM TEMPERATURE (F)   64        88      1949
 MINIMUM TEMPERATURE (F)   43        29      1974


SUNRISE AND SUNSET
MAY  5 2016...........SUNRISE   558 AM EDT   SUNSET   817 PM EDT
MAY  6 2016...........SUNRISE   557 AM EDT   SUNSET   818 PM EDT


-  INDICATES NEGATIVE NUMBERS.
R  INDICATES RECORD WAS SET OR TIED.
MM INDICATES DATA IS MISSING.
T  INDICATES TRACE AMOUNT.




$$
