000
CDUS45 KABQ 030826
CLIROW


CLIMATE REPORT
NATIONAL WEATHER SERVICE ALBUQUERQUE NM
226 AM MDT THU SEP 3 2015


...................................

...THE ROSWELL NM CLIMATE SUMMARY FOR SEPTEMBER 2 2015...

CLIMATE NORMAL PERIOD 1981 TO 2010
CLIMATE RECORD PERIOD 1893 TO 2015


WEATHER ITEM   OBSERVED TIME   RECORD YEAR NORMAL DEPARTURE
                VALUE   (LST)  VALUE       VALUE  FROM
                                                  NORMAL
...............................................................
TEMPERATURE (F)
 YESTERDAY
  MAXIMUM         99    159 PM 101    2014  90      9
  MINIMUM         64    531 AM  40    1899  63      1
  AVERAGE         82                        76      6

PRECIPITATION (IN)
  YESTERDAY        0.00          1.97 1902   0.06  -0.06
  MONTH TO DATE    0.00                      0.11  -0.11
  SINCE SEP 1      0.00                      0.11  -0.11
  SINCE JAN 1     12.21                      9.04   3.17

SNOWFALL (IN)
  YESTERDAY        0.0
  MONTH TO DATE    0.0
  SINCE SEP 1      0.0
  SINCE JUL 1      0.0

DEGREE DAYS
 HEATING
  YESTERDAY        0                         0      0
  MONTH TO DATE    0                         0      0
  SINCE SEP 1      0                         0      0
  SINCE JUL 1      0                         0      0

 COOLING
  YESTERDAY       17                        11      6
  MONTH TO DATE   33                        23     10
  SINCE SEP 1     33                        23     10
  SINCE JAN 1   1645                      1547     98
...............................................................


WIND (MPH)
  HIGHEST WIND SPEED    20   HIGHEST WIND DIRECTION     S (180)
  HIGHEST GUST SPEED    28   HIGHEST GUST DIRECTION    SE (120)
  AVERAGE WIND SPEED     8.9


SKY COVER
  AVERAGE SKY COVER 0.0


WEATHER CONDITIONS
 THE FOLLOWING WEATHER WAS RECORDED YESTERDAY.
  NO SIGNIFICANT WEATHER WAS OBSERVED.


RELATIVE HUMIDITY (PERCENT)
 HIGHEST    63           400 AM
 LOWEST     15           400 PM
 AVERAGE    39

..........................................................


THE ROSWELL NM CLIMATE NORMALS FOR TODAY
                         NORMAL    RECORD    YEAR
 MAXIMUM TEMPERATURE (F)   89       102      2012
 MINIMUM TEMPERATURE (F)   63        50      1955


SUNRISE AND SUNSET
SEPTEMBER  3 2015.....SUNRISE   634 AM MDT   SUNSET   721 PM MDT
SEPTEMBER  4 2015.....SUNRISE   634 AM MDT   SUNSET   720 PM MDT


-  INDICATES NEGATIVE NUMBERS.
R  INDICATES RECORD WAS SET OR TIED.
MM INDICATES DATA IS MISSING.
T  INDICATES TRACE AMOUNT.




$$
