744
CDUS45 KABQ 220828
CLIROW


CLIMATE REPORT
NATIONAL WEATHER SERVICE ALBUQUERQUE NM
227 AM MDT THU JUN 22 2017


...................................

...THE ROSWELL NM CLIMATE SUMMARY FOR JUNE 21 2017...

CLIMATE NORMAL PERIOD 1981 TO 2010
CLIMATE RECORD PERIOD 1893 TO 2017


WEATHER ITEM   OBSERVED TIME   RECORD YEAR NORMAL DEPARTURE
                VALUE   (LST)  VALUE       VALUE  FROM
                                                  NORMAL
...............................................................
TEMPERATURE (F)
 YESTERDAY
  MAXIMUM        106    345 PM 109    1981  94     12
  MINIMUM         72    525 AM  53    1912  65      7
  AVERAGE         89                        80      9

PRECIPITATION (IN)
  YESTERDAY        0.01          0.72 1999   0.07  -0.06
  MONTH TO DATE    0.45                      1.08  -0.63
  SINCE JUN 1      0.45                      1.08  -0.63
  SINCE JAN 1      4.01                      4.25  -0.24

SNOWFALL (IN)
  YESTERDAY        0.0
  MONTH TO DATE    0.0
  SINCE JUN 1      0.0
  SINCE JUL 1      2.5

DEGREE DAYS
 HEATING
  YESTERDAY        0                         0      0
  MONTH TO DATE    0                         0      0
  SINCE JUN 1      0                         0      0
  SINCE JUL 1   2442                      3287   -845

 COOLING
  YESTERDAY       24                        14     10
  MONTH TO DATE  346                       261     85
  SINCE JUN 1    346                       261     85
  SINCE JAN 1    627                       486    141
...............................................................


WIND (MPH)
  HIGHEST WIND SPEED    33   HIGHEST WIND DIRECTION    SW (240)
  HIGHEST GUST SPEED    42   HIGHEST GUST DIRECTION     W (260)
  AVERAGE WIND SPEED    12.7


SKY COVER
  AVERAGE SKY COVER 0.0


WEATHER CONDITIONS
 THE FOLLOWING WEATHER WAS RECORDED YESTERDAY.
  THUNDERSTORM
  LIGHT RAIN


RELATIVE HUMIDITY (PERCENT)
 HIGHEST    46           500 AM
 LOWEST     14           400 PM
 AVERAGE    30

..........................................................


THE ROSWELL NM CLIMATE NORMALS FOR TODAY
                         NORMAL    RECORD    YEAR
 MAXIMUM TEMPERATURE (F)   94       106      2016
                                             2013
 MINIMUM TEMPERATURE (F)   65        52      1907


SUNRISE AND SUNSET
JUNE 22 2017..........SUNRISE   549 AM MDT   SUNSET   811 PM MDT
JUNE 23 2017..........SUNRISE   550 AM MDT   SUNSET   811 PM MDT


-  INDICATES NEGATIVE NUMBERS.
R  INDICATES RECORD WAS SET OR TIED.
MM INDICATES DATA IS MISSING.
T  INDICATES TRACE AMOUNT.




$$
