000
CDUS45 KABQ 300839
CLIROW


CLIMATE REPORT
NATIONAL WEATHER SERVICE ALBUQUERQUE NM
239 AM MDT TUE JUN 30 2015


...................................

...THE ROSWELL NM CLIMATE SUMMARY FOR JUNE 29 2015...

CLIMATE NORMAL PERIOD 1981 TO 2010
CLIMATE RECORD PERIOD 1893 TO 2015


WEATHER ITEM   OBSERVED TIME   RECORD YEAR NORMAL DEPARTURE
                VALUE   (LST)  VALUE       VALUE  FROM
                                                  NORMAL
...............................................................
TEMPERATURE (F)
 YESTERDAY
  MAXIMUM         98    440 PM 108    1957  95      3
  MINIMUM         63    519 AM  54    1948  66     -3
  AVERAGE         81                        80      1

PRECIPITATION (IN)
  YESTERDAY        T             3.05 1981   0.08  -0.08
  MONTH TO DATE    2.90                      1.64   1.26
  SINCE JUN 1      2.90                      1.64   1.26
  SINCE JAN 1     10.59                      4.81   5.78

SNOWFALL (IN)
  YESTERDAY        0.0
  MONTH TO DATE    0.0
  SINCE JUN 1      0.0
  SINCE JUL 1     16.2

DEGREE DAYS
 HEATING
  YESTERDAY        0                         0      0
  MONTH TO DATE    0                         0      0
  SINCE JUN 1      0                         0      0
  SINCE JUL 1   3233                      3287    -54

 COOLING
  YESTERDAY       16                        15      1
  MONTH TO DATE  395                       381     14
  SINCE JUN 1    395                       381     14
  SINCE JAN 1    502                       606   -104
...............................................................


WIND (MPH)
  HIGHEST WIND SPEED    26   HIGHEST WIND DIRECTION     E (110)
  HIGHEST GUST SPEED    35   HIGHEST GUST DIRECTION    SE (120)
  AVERAGE WIND SPEED     6.6


SKY COVER
  AVERAGE SKY COVER 0.0


WEATHER CONDITIONS
 THE FOLLOWING WEATHER WAS RECORDED YESTERDAY.
  LIGHT RAIN


RELATIVE HUMIDITY (PERCENT)
 HIGHEST    73          1000 PM
 LOWEST     20           400 PM
 AVERAGE    47

..........................................................


THE ROSWELL NM CLIMATE NORMALS FOR TODAY
                         NORMAL    RECORD    YEAR
 MAXIMUM TEMPERATURE (F)   95       108      1994
 MINIMUM TEMPERATURE (F)   66        57      1968


SUNRISE AND SUNSET
JUNE 30 2015..........SUNRISE   552 AM MDT   SUNSET   812 PM MDT
JULY  1 2015..........SUNRISE   552 AM MDT   SUNSET   812 PM MDT


-  INDICATES NEGATIVE NUMBERS.
R  INDICATES RECORD WAS SET OR TIED.
MM INDICATES DATA IS MISSING.
T  INDICATES TRACE AMOUNT.




$$
