000
CDUS43 KARX 290637
CLIRST


CLIMATE REPORT
NATIONAL WEATHER SERVICE LA CROSSE WI
1236 AM CST THU JAN 29 2015


...................................

...THE ROCHESTER MN CLIMATE SUMMARY FOR JANUARY 28 2015...

CLIMATE NORMAL PERIOD 1981 TO 2010
CLIMATE RECORD PERIOD 1886 TO 2015


WEATHER ITEM   OBSERVED TIME   RECORD YEAR NORMAL DEPARTURE LAST
                VALUE   (LST)  VALUE       VALUE  FROM      YEAR
                                                  NORMAL
..................................................................
TEMPERATURE (F)
 YESTERDAY
  MAXIMUM         33    614 PM  49    1931  24      9       -1
  MINIMUM         24    928 AM -33    1915   8     16      -16
  AVERAGE         29                        16     13       -8

PRECIPITATION (IN)
  YESTERDAY        T             0.38 1968   0.03  -0.03     0.00
  MONTH TO DATE    0.49                      0.78  -0.29     0.82
  SINCE DEC 1      1.51                      2.01  -0.50     1.92
  SINCE JAN 1      0.49                      0.78  -0.29     0.82

SNOWFALL (IN)
  YESTERDAY        0.0           4.6  1947   0.4   -0.4      0.0
  MONTH TO DATE    8.5                      10.8   -2.3     12.0
  SINCE JUL 1     25.9                      30.2   -4.3     26.4
  SNOW DEPTH       2

DEGREE DAYS
 HEATING
  YESTERDAY       36                        49    -13       73
  MONTH TO DATE 1349                      1385    -36     1630
  SINCE JUL 1   4569                      4463    106     4924

 COOLING
  YESTERDAY        0                         0      0        0
  MONTH TO DATE    0                         0      0        0
  SINCE JAN 1      0                         0      0        0
..................................................................


WIND (MPH)
  HIGHEST WIND SPEED    25   HIGHEST WIND DIRECTION    SE (150)
  HIGHEST GUST SPEED    32   HIGHEST GUST DIRECTION     S (160)
  AVERAGE WIND SPEED    15.4


SKY COVER
  POSSIBLE SUNSHINE  MM
  AVERAGE SKY COVER 1.0


WEATHER CONDITIONS
 THE FOLLOWING WEATHER WAS RECORDED YESTERDAY.
  FOG
  HAZE


RELATIVE HUMIDITY (PERCENT)
 HIGHEST    92          1200 AM
 LOWEST     78           700 PM
 AVERAGE    85

..........................................................


THE ROCHESTER MN CLIMATE NORMALS FOR TODAY
                         NORMAL    RECORD    YEAR
 MAXIMUM TEMPERATURE (F)   24        44      1944
 MINIMUM TEMPERATURE (F)    8       -33      1951


SUNRISE AND SUNSET
JANUARY 29 2015.......SUNRISE   731 AM CST   SUNSET   516 PM CST
JANUARY 30 2015.......SUNRISE   729 AM CST   SUNSET   518 PM CST


-  INDICATES NEGATIVE NUMBERS.
R  INDICATES RECORD WAS SET OR TIED.
MM INDICATES DATA IS MISSING.
T  INDICATES TRACE AMOUNT.




$$
