000
CDUS43 KARX 220653
CLIRST


CLIMATE REPORT
NATIONAL WEATHER SERVICE LA CROSSE WI
1251 AM CST MON JAN 22 2018


...................................

...THE ROCHESTER MN CLIMATE SUMMARY FOR JANUARY 21 2018...

CLIMATE NORMAL PERIOD 1981 TO 2010
CLIMATE RECORD PERIOD 1886 TO 2018


WEATHER ITEM   OBSERVED TIME   RECORD YEAR NORMAL DEPARTURE LAST
                VALUE   (LST)  VALUE       VALUE  FROM      YEAR
                                                  NORMAL
..................................................................
TEMPERATURE (F)
 YESTERDAY
  MAXIMUM         39    112 PM  45    1968  24     15       36
  MINIMUM         26    833 AM -39    1888   7     19       33
  AVERAGE         33                        15     18       35

PRECIPITATION (IN)
  YESTERDAY        T             0.48 2005   0.03  -0.03     0.25
  MONTH TO DATE    0.49                      0.58  -0.09     1.31
  SINCE DEC 1      1.00                      1.81  -0.81     3.38
  SINCE JAN 1      0.49                      0.58  -0.09     1.31

SNOWFALL (IN)
  YESTERDAY        0.0           8.5  2005   0.4   -0.4      0.0
  MONTH TO DATE    7.7                       7.9   -0.2      3.7
  SINCE JUL 1     18.2                      27.3   -9.1     24.4
  SNOW DEPTH       1

DEGREE DAYS
 HEATING
  YESTERDAY       32                        50    -18       30
  MONTH TO DATE 1121                      1041     80     1038
  SINCE JUL 1   4151                      4119     32     3609

 COOLING
  YESTERDAY        0                         0      0        0
  MONTH TO DATE    0                         0      0        0
  SINCE JAN 1      0                         0      0        0
..................................................................


WIND (MPH)
  HIGHEST WIND SPEED    16   HIGHEST WIND DIRECTION    NE (40)
  HIGHEST GUST SPEED    22   HIGHEST GUST DIRECTION    NE (50)
  AVERAGE WIND SPEED     8.1


SKY COVER
  POSSIBLE SUNSHINE  MM
  AVERAGE SKY COVER 0.4


WEATHER CONDITIONS
 THE FOLLOWING WEATHER WAS RECORDED YESTERDAY.
  FOG
  FOG W/VISIBILITY <= 1/4 MILE
  HAZE


RELATIVE HUMIDITY (PERCENT)
 HIGHEST   100           300 AM
 LOWEST     76           200 PM
 AVERAGE    88

..........................................................


THE ROCHESTER MN CLIMATE NORMALS FOR TODAY
                         NORMAL    RECORD    YEAR
 MAXIMUM TEMPERATURE (F)   24        46      1964
 MINIMUM TEMPERATURE (F)    7       -37      1888


SUNRISE AND SUNSET
JANUARY 22 2018.......SUNRISE   737 AM CST   SUNSET   507 PM CST
JANUARY 23 2018.......SUNRISE   736 AM CST   SUNSET   508 PM CST


-  INDICATES NEGATIVE NUMBERS.
R  INDICATES RECORD WAS SET OR TIED.
MM INDICATES DATA IS MISSING.
T  INDICATES TRACE AMOUNT.




$$
