000
CDUS43 KARX 290657
CLIRST


CLIMATE REPORT
NATIONAL WEATHER SERVICE LA CROSSE WI
156 AM CDT MON MAY 29 2017


...................................

...THE ROCHESTER MN CLIMATE SUMMARY FOR MAY 28 2017...

CLIMATE NORMAL PERIOD 1981 TO 2010
CLIMATE RECORD PERIOD 1886 TO 2017


WEATHER ITEM   OBSERVED TIME   RECORD YEAR NORMAL DEPARTURE LAST
                VALUE   (LST)  VALUE       VALUE  FROM      YEAR
                                                  NORMAL
..................................................................
TEMPERATURE (F)
 YESTERDAY
  MAXIMUM         72    509 PM  95    2006  72      0       74
  MINIMUM         51    443 AM  31    1932  51      0       61
  AVERAGE         62                        62      0       68

PRECIPITATION (IN)
  YESTERDAY        0.00          1.60 1939   0.13  -0.13     0.20
  MONTH TO DATE    3.06                      3.25  -0.19     4.04
  SINCE MAR 1     10.48                      8.37   2.11     9.74
  SINCE JAN 1     14.26                     10.06   4.20    11.14

SNOWFALL (IN)
  YESTERDAY        0.0           T    1947   0.0    0.0      0.0
  MONTH TO DATE    0.0                       0.2   -0.2      0.0
  SINCE JUL 1     52.7                      52.1    0.6     47.9
  SNOW DEPTH       0

DEGREE DAYS
 HEATING
  YESTERDAY        3                         5     -2        0
  MONTH TO DATE  263                       232     31      229
  SINCE JUL 1   6847                      7657   -810     6775

 COOLING
  YESTERDAY        0                         2     -2        3
  MONTH TO DATE   20                        23     -3       35
  SINCE JAN 1     20                        27     -7       36
..................................................................


WIND (MPH)
  HIGHEST WIND SPEED    28   HIGHEST WIND DIRECTION    NW (310)
  HIGHEST GUST SPEED    36   HIGHEST GUST DIRECTION    NW (320)
  AVERAGE WIND SPEED    15.2


SKY COVER
  POSSIBLE SUNSHINE  MM
  AVERAGE SKY COVER 0.3


WEATHER CONDITIONS
 THE FOLLOWING WEATHER WAS RECORDED YESTERDAY.
  NO SIGNIFICANT WEATHER WAS OBSERVED.


RELATIVE HUMIDITY (PERCENT)
 HIGHEST    89           400 AM
 LOWEST     34           600 PM
 AVERAGE    62

..........................................................


THE ROCHESTER MN CLIMATE NORMALS FOR TODAY
                         NORMAL    RECORD    YEAR
 MAXIMUM TEMPERATURE (F)   73        95      2006
 MINIMUM TEMPERATURE (F)   52        33      1965
                                             1947


SUNRISE AND SUNSET
MAY 29 2017...........SUNRISE   532 AM CDT   SUNSET   843 PM CDT
MAY 30 2017...........SUNRISE   531 AM CDT   SUNSET   844 PM CDT


-  INDICATES NEGATIVE NUMBERS.
R  INDICATES RECORD WAS SET OR TIED.
MM INDICATES DATA IS MISSING.
T  INDICATES TRACE AMOUNT.




$$
