000
CDUS45 KCYS 020728
CLIRWL


CLIMATE REPORT
NATIONAL WEATHER SERVICE CHEYENNE WY
127 AM MDT THU OCT 2 2014


...................................

...THE RAWLINS WY AIRPORT CLIMATE SUMMARY FOR OCTOBER 1 2014...

CLIMATE NORMAL PERIOD 1981 TO 2010
CLIMATE RECORD PERIOD 1951 TO 2014


WEATHER ITEM   OBSERVED TIME   RECORD YEAR NORMAL DEPARTURE LAST
                VALUE   (LST)  VALUE       VALUE  FROM      YEAR
                                                  NORMAL
..................................................................
TEMPERATURE (F)
 YESTERDAY
  MAXIMUM         51    407 PM  81    1997  63    -12       71
                                      1992
                                      1957
  MINIMUM         33   1159 PM  18    1985  35     -2       39
  AVERAGE         42                        49     -7       55

PRECIPITATION (IN)
  YESTERDAY        0.00          0.29 2002   0.03  -0.03     0.00
  MONTH TO DATE    0.00                      0.03  -0.03     0.00
  SINCE JAN 1      5.78                      7.55  -1.77     6.24

DEGREE DAYS
 HEATING
  YESTERDAY       23                        16      7       10
  MONTH TO DATE   23                        16      7       10
  SINCE SEP 1    244                       309    -65      217
  SINCE JUL 1    344                       402    -58      225

 COOLING
  YESTERDAY        0                         0      0        0
  MONTH TO DATE    0                         0      0        0
  SINCE SEP 1      2                         5     -3       49
  SINCE JAN 1    211                       186     25      371
..................................................................


WIND (MPH)
  HIGHEST WIND SPEED    23   HIGHEST WIND DIRECTION    NW (330)
  HIGHEST GUST SPEED    28   HIGHEST GUST DIRECTION     W (250)
  AVERAGE WIND SPEED    12.1


SKY COVER
  AVERAGE SKY COVER 0.4


WEATHER CONDITIONS
 THE FOLLOWING WEATHER WAS RECORDED YESTERDAY.
  NO SIGNIFICANT WEATHER WAS OBSERVED.


RELATIVE HUMIDITY (PERCENT)
 HIGHEST    92           500 AM
 LOWEST     32           400 PM
 AVERAGE    62

..........................................................


THE RAWLINS WY AIRPORT CLIMATE NORMALS FOR TODAY
                         NORMAL    RECORD    YEAR
 MAXIMUM TEMPERATURE (F)   63        79      1997
 MINIMUM TEMPERATURE (F)   34        19      1977


SUNRISE AND SUNSET
OCTOBER  2 2014.......SUNRISE   707 AM MDT   SUNSET   649 PM MDT
OCTOBER  3 2014.......SUNRISE   708 AM MDT   SUNSET   647 PM MDT


-  INDICATES NEGATIVE NUMBERS.
R  INDICATES RECORD WAS SET OR TIED.
MM INDICATES DATA IS MISSING.
T  INDICATES TRACE AMOUNT.




$$
