000
CDUS45 KCYS 302133
CLIRWL


CLIMATE REPORT
NATIONAL WEATHER SERVICE CHEYENNE WY
331 PM MDT SAT MAY 30 2015


...................................

...THE RAWLINS WY AIRPORT CLIMATE SUMMARY FOR MAY 30 2015...
VALID AS OF 0300 PM LOCAL TIME.

CLIMATE NORMAL PERIOD 1981 TO 2010
CLIMATE RECORD PERIOD 1951 TO 2015


WEATHER ITEM   OBSERVED TIME   RECORD YEAR NORMAL DEPARTURE LAST
                VALUE   (LST)  VALUE       VALUE  FROM      YEAR
                                                  NORMAL
..................................................................
TEMPERATURE (F)
 TODAY
  MAXIMUM         70    152 PM  87    2002  69      1       61
  MINIMUM         35    454 AM  26    2006  39     -4       49
  AVERAGE         53                        54     -1       55

PRECIPITATION (IN)
  TODAY            0.00          0.51 1971   0.04  -0.04     0.03
  MONTH TO DATE    4.29                      1.36   2.93     0.87
  SINCE JAN 1      6.19                      3.87   2.32     2.51

DEGREE DAYS
 HEATING
  TODAY           12                        11      1       10
  MONTH TO DATE  515                       472     43      415
  SINCE MAR 1   2032                      2234   -202     2066
  SINCE JUL 1   7263                      8191   -928     7830

 COOLING
  TODAY            0                         0      0        0
  MONTH TO DATE    0                         0      0        2
  SINCE MAR 1      0                         0      0        2
  SINCE JAN 1      0                         0      0        2
..................................................................


WIND (MPH)
  HIGHEST WIND SPEED    22   HIGHEST WIND DIRECTION    SW (230)
  HIGHEST GUST SPEED    31   HIGHEST GUST DIRECTION    SW (230)
  AVERAGE WIND SPEED     5.2


SKY COVER
  AVERAGE SKY COVER 0.1


WEATHER CONDITIONS
 THE FOLLOWING WEATHER WAS RECORDED TODAY.
  FOG


RELATIVE HUMIDITY (PERCENT)
 HIGHEST    92           100 AM
 LOWEST     27           100 PM
 AVERAGE    60

..........................................................


THE RAWLINS WY AIRPORT CLIMATE NORMALS FOR TOMORROW
                         NORMAL    RECORD    YEAR
 MAXIMUM TEMPERATURE (F)   69        88      2002
 MINIMUM TEMPERATURE (F)   39        27      1985


SUNRISE AND SUNSET
MAY 30 2015...........SUNRISE   537 AM MDT   SUNSET   836 PM MDT
MAY 31 2015...........SUNRISE   537 AM MDT   SUNSET   836 PM MDT


-  INDICATES NEGATIVE NUMBERS.
R  INDICATES RECORD WAS SET OR TIED.
MM INDICATES DATA IS MISSING.
T  INDICATES TRACE AMOUNT.




$$
