000
CDUS45 KCYS 082227
CLIRWL


CLIMATE REPORT
NATIONAL WEATHER SERVICE CHEYENNE WY
326 PM MST THU DEC 8 2016


...................................

...THE RAWLINS WY AIRPORT CLIMATE SUMMARY FOR DECEMBER 8 2016...
VALID AS OF 0300 PM LOCAL TIME.

CLIMATE NORMAL PERIOD 1981 TO 2010
CLIMATE RECORD PERIOD 1951 TO 2016


WEATHER ITEM   OBSERVED TIME   RECORD YEAR NORMAL DEPARTURE LAST
                VALUE   (LST)  VALUE       VALUE  FROM      YEAR
                                                  NORMAL
..................................................................
TEMPERATURE (F)
 TODAY
  MAXIMUM         19    159 PM  49    2006  31    -12       46
                                      1981
                                      1965
  MINIMUM        -18R   734 AM -18    1956  12    -30       36
  AVERAGE          1                        22    -21       41

PRECIPITATION (IN)
  TODAY            0.00          0.22 1985   0.02  -0.02     0.00
  MONTH TO DATE    0.03                      0.11  -0.08     0.00
  SINCE JAN 1      7.69                      8.93  -1.24    10.07

DEGREE DAYS
 HEATING
  TODAY           64                        43     21       24
  MONTH TO DATE  419                       340     79      289
  SINCE DEC 1    419                       340     79      289
  SINCE JUL 1   2162                      2446   -284     1986

 COOLING
  TODAY            0                         0      0        0
  MONTH TO DATE    0                         0      0        0
  SINCE DEC 1      0                         0      0        0
  SINCE JAN 1    235                       186     49      214
..................................................................


WIND (MPH)
  HIGHEST WIND SPEED     7   HIGHEST WIND DIRECTION    SE (140)
  HIGHEST GUST SPEED     9   HIGHEST GUST DIRECTION    SE (130)
  AVERAGE WIND SPEED     1.7


SKY COVER
  AVERAGE SKY COVER 0.0


WEATHER CONDITIONS
 THE FOLLOWING WEATHER WAS RECORDED TODAY.
  NO SIGNIFICANT WEATHER WAS OBSERVED.


RELATIVE HUMIDITY (PERCENT)
 HIGHEST    82           900 AM
 LOWEST     47           200 PM
 AVERAGE    65

..........................................................


THE RAWLINS WY AIRPORT CLIMATE NORMALS FOR TOMORROW
                         NORMAL    RECORD    YEAR
 MAXIMUM TEMPERATURE (F)   31        54      1981
 MINIMUM TEMPERATURE (F)   12       -24      1972


SUNRISE AND SUNSET
DECEMBER  8 2016......SUNRISE   724 AM MST   SUNSET   438 PM MST
DECEMBER  9 2016......SUNRISE   725 AM MST   SUNSET   438 PM MST


-  INDICATES NEGATIVE NUMBERS.
R  INDICATES RECORD WAS SET OR TIED.
MM INDICATES DATA IS MISSING.
T  INDICATES TRACE AMOUNT.




$$
