000
CDUS45 KCYS 282221
CLIRWL


CLIMATE REPORT
NATIONAL WEATHER SERVICE CHEYENNE WY
321 PM MST FRI NOV 28 2014


...................................

...THE RAWLINS WY AIRPORT CLIMATE SUMMARY FOR NOVEMBER 28 2014...
VALID AS OF 0300 PM LOCAL TIME.

CLIMATE NORMAL PERIOD 1981 TO 2010
CLIMATE RECORD PERIOD 1951 TO 2014


WEATHER ITEM   OBSERVED TIME   RECORD YEAR NORMAL DEPARTURE LAST
                VALUE   (LST)  VALUE       VALUE  FROM      YEAR
                                                  NORMAL
..................................................................
TEMPERATURE (F)
 TODAY
  MAXIMUM         52    159 PM  55    1999  34     18       45
                                      1998
  MINIMUM         40    152 AM -14    1952  15     25       15
  AVERAGE         46                        24     22       30

PRECIPITATION (IN)
  TODAY            0.00          0.31 1983   0.01  -0.01     0.00
  MONTH TO DATE    0.58                      0.52   0.06     0.17
  SINCE JAN 1      6.54                      8.79  -2.25     7.82

DEGREE DAYS
 HEATING
  TODAY           19                        41    -22       35
  MONTH TO DATE  996                       964     32      934
  SINCE SEP 1   1734                      1930   -196     1915
  SINCE JUL 1   1834                      2023   -189     1923

 COOLING
  TODAY            0                         0      0        0
  MONTH TO DATE    0                         0      0        0
  SINCE SEP 1      2                         5     -3       49
  SINCE JAN 1    211                       186     25      371
..................................................................


WIND (MPH)
  HIGHEST WIND SPEED    32   HIGHEST WIND DIRECTION     W (250)
  HIGHEST GUST SPEED    42   HIGHEST GUST DIRECTION    SW (240)
  AVERAGE WIND SPEED    21.0


SKY COVER
  AVERAGE SKY COVER 0.0


WEATHER CONDITIONS
 THE FOLLOWING WEATHER WAS RECORDED TODAY.
  NO SIGNIFICANT WEATHER WAS OBSERVED.


RELATIVE HUMIDITY (PERCENT)
 HIGHEST    41           100 AM
 LOWEST     20           300 PM
 AVERAGE    31

..........................................................


THE RAWLINS WY AIRPORT CLIMATE NORMALS FOR TOMORROW
                         NORMAL    RECORD    YEAR
 MAXIMUM TEMPERATURE (F)   34        59      1999
 MINIMUM TEMPERATURE (F)   14       -13      1979


SUNRISE AND SUNSET
NOVEMBER 28 2014......SUNRISE   713 AM MST   SUNSET   440 PM MST
NOVEMBER 29 2014......SUNRISE   715 AM MST   SUNSET   440 PM MST


-  INDICATES NEGATIVE NUMBERS.
R  INDICATES RECORD WAS SET OR TIED.
MM INDICATES DATA IS MISSING.
T  INDICATES TRACE AMOUNT.




$$
