000
CDUS45 KCYS 282128
CLIRWL


CLIMATE REPORT
NATIONAL WEATHER SERVICE CHEYENNE WY
328 PM MDT SAT MAY 28 2016


...................................

...THE RAWLINS WY AIRPORT CLIMATE SUMMARY FOR MAY 28 2016...
VALID AS OF 0300 PM LOCAL TIME.

CLIMATE NORMAL PERIOD 1981 TO 2010
CLIMATE RECORD PERIOD 1951 TO 2016


WEATHER ITEM   OBSERVED TIME   RECORD YEAR NORMAL DEPARTURE LAST
                VALUE   (LST)  VALUE       VALUE  FROM      YEAR
                                                  NORMAL
..................................................................
TEMPERATURE (F)
 TODAY
  MAXIMUM         64    159 PM  86    2003  68     -4       63
  MINIMUM         43    521 AM  24    1995  38      5       45
  AVERAGE         54                        53      1       54

PRECIPITATION (IN)
  TODAY            0.00          1.01 1975   0.05  -0.05     0.03
  MONTH TO DATE    0.31                      1.27  -0.96     3.86
  SINCE JAN 1      5.81                      3.78   2.03     5.76

DEGREE DAYS
 HEATING
  TODAY           11                        12     -1       11
  MONTH TO DATE  475                       449     26      488
  SINCE MAR 1   2104                      2211   -107     2005
  SINCE JUL 1   7576                      8168   -592     7236

 COOLING
  TODAY            0                         0      0        0
  MONTH TO DATE    0                         0      0        0
  SINCE MAR 1      0                         0      0        0
  SINCE JAN 1      0                         0      0        0
..................................................................


WIND (MPH)
  HIGHEST WIND SPEED    23   HIGHEST WIND DIRECTION     W (280)
  HIGHEST GUST SPEED    32   HIGHEST GUST DIRECTION    SW (240)
  AVERAGE WIND SPEED    14.7


SKY COVER
  AVERAGE SKY COVER 0.4


WEATHER CONDITIONS
 THE FOLLOWING WEATHER WAS RECORDED TODAY.
  NO SIGNIFICANT WEATHER WAS OBSERVED.


RELATIVE HUMIDITY (PERCENT)
 HIGHEST    76           400 AM
 LOWEST     27           200 PM
 AVERAGE    52

..........................................................


THE RAWLINS WY AIRPORT CLIMATE NORMALS FOR TOMORROW
                         NORMAL    RECORD    YEAR
 MAXIMUM TEMPERATURE (F)   68        85      2003
 MINIMUM TEMPERATURE (F)   39        25      1954


SUNRISE AND SUNSET
MAY 28 2016...........SUNRISE   538 AM MDT   SUNSET   835 PM MDT
MAY 29 2016...........SUNRISE   538 AM MDT   SUNSET   835 PM MDT


-  INDICATES NEGATIVE NUMBERS.
R  INDICATES RECORD WAS SET OR TIED.
MM INDICATES DATA IS MISSING.
T  INDICATES TRACE AMOUNT.




$$
