339
CDUS45 KCYS 040326
CLIRWL


CLIMATE REPORT
NATIONAL WEATHER SERVICE CHEYENNE WY
926 PM MDT TUE MAY 3 2016


...................................

...THE RAWLINS WY AIRPORT CLIMATE SUMMARY FOR MAY 3 2016...
VALID TODAY AS OF 0900 PM LOCAL TIME.

CLIMATE NORMAL PERIOD 1981 TO 2010
CLIMATE RECORD PERIOD 1951 TO 2016


WEATHER ITEM   OBSERVED TIME   RECORD YEAR NORMAL DEPARTURE LAST
                VALUE   (LST)  VALUE       VALUE  FROM      YEAR
                                                  NORMAL
..................................................................
TEMPERATURE (F)
 TODAY
  MAXIMUM         65    459 PM  79    2000  59      6       70
  MINIMUM         28    521 AM  18    2008  31     -3       41
  AVERAGE         47                        45      2       56

PRECIPITATION (IN)
  TODAY            0.00          1.32 1995   0.05  -0.05     0.07
  MONTH TO DATE    0.00                      0.13  -0.13     0.07
  SINCE JAN 1      3.67                      2.64   1.03     1.97

DEGREE DAYS
 HEATING
  TODAY           18                        20     -2        9
  MONTH TO DATE   73                        60     13       28
  SINCE MAR 1   1702                      1822   -120     1545
  SINCE JUL 1   7174                      7779   -605     6776

 COOLING
  TODAY            0                         0      0        0
  MONTH TO DATE    0                         0      0        0
  SINCE MAR 1      0                         0      0        0
  SINCE JAN 1      0                         0      0        0
..................................................................


WIND (MPH)
  HIGHEST WIND SPEED    12   HIGHEST WIND DIRECTION    NW (310)
  HIGHEST GUST SPEED    18   HIGHEST GUST DIRECTION     N (350)
  AVERAGE WIND SPEED     5.3


SKY COVER
  AVERAGE SKY COVER 0.0


WEATHER CONDITIONS
 THE FOLLOWING WEATHER WAS RECORDED TODAY.
  NO SIGNIFICANT WEATHER WAS OBSERVED.


RELATIVE HUMIDITY (PERCENT)
 HIGHEST    85           500 AM
 LOWEST     20           400 PM
 AVERAGE    53

..........................................................


THE RAWLINS WY AIRPORT CLIMATE NORMALS FOR TOMORROW
                         NORMAL    RECORD    YEAR
 MAXIMUM TEMPERATURE (F)   60        79      2000
 MINIMUM TEMPERATURE (F)   32        23      2011
                                             2010


SUNRISE AND SUNSET
MAY  3 2016...........SUNRISE   602 AM MDT   SUNSET   810 PM MDT
MAY  4 2016...........SUNRISE   601 AM MDT   SUNSET   811 PM MDT


-  INDICATES NEGATIVE NUMBERS.
R  INDICATES RECORD WAS SET OR TIED.
MM INDICATES DATA IS MISSING.
T  INDICATES TRACE AMOUNT.




$$
