000
CDUS45 KCYS 210742
CLIRWL


CLIMATE REPORT
NATIONAL WEATHER SERVICE CHEYENNE WY
131 AM MDT MON APR 21 2014


...................................

...THE RAWLINS WY AIRPORT CLIMATE SUMMARY FOR APRIL 20 2014...

CLIMATE NORMAL PERIOD 1981 TO 2010
CLIMATE RECORD PERIOD 1951 TO 2014


WEATHER ITEM   OBSERVED TIME   RECORD YEAR NORMAL DEPARTURE LAST
                VALUE   (LST)  VALUE       VALUE  FROM      YEAR
                                                  NORMAL
..................................................................
TEMPERATURE (F)
 YESTERDAY
  MAXIMUM         67    308 PM  75    1994  55     12       47
                                      1989
  MINIMUM         39   1159 PM  -8    1966  28     11       32
  AVERAGE         53                        41     12       40

PRECIPITATION (IN)
  YESTERDAY        0.00          0.52 1973   0.04  -0.04     0.09
  MONTH TO DATE    0.38                      0.67  -0.29     0.82
  SINCE JAN 1      1.43                      2.13  -0.70     1.50

DEGREE DAYS
 HEATING
  YESTERDAY       12                        24    -12       25
  MONTH TO DATE  482                       526    -44      652
  SINCE MAR 1   1423                      1541   -118     1644
  SINCE JUL 1   7187                      7498   -311     7245

 COOLING
  YESTERDAY        0                         0      0        0
  MONTH TO DATE    0                         0      0        0
  SINCE MAR 1      0                         0      0        0
  SINCE JAN 1      0                         0      0        0
..................................................................


WIND (MPH)
  HIGHEST WIND SPEED    25   HIGHEST WIND DIRECTION     W (290)
  HIGHEST GUST SPEED    38   HIGHEST GUST DIRECTION     W (290)
  AVERAGE WIND SPEED    12.5


SKY COVER
  AVERAGE SKY COVER 0.2


WEATHER CONDITIONS
 THE FOLLOWING WEATHER WAS RECORDED YESTERDAY.
  NO SIGNIFICANT WEATHER WAS OBSERVED.


RELATIVE HUMIDITY (PERCENT)
 HIGHEST    73           200 AM
 LOWEST     16           300 PM
 AVERAGE    45

..........................................................


THE RAWLINS WY AIRPORT CLIMATE NORMALS FOR TODAY
                         NORMAL    RECORD    YEAR
 MAXIMUM TEMPERATURE (F)   55        75      1989
 MINIMUM TEMPERATURE (F)   28         9      1982


SUNRISE AND SUNSET
APRIL 21 2014.........SUNRISE   619 AM MDT   SUNSET   756 PM MDT
APRIL 22 2014.........SUNRISE   618 AM MDT   SUNSET   757 PM MDT


-  INDICATES NEGATIVE NUMBERS.
R  INDICATES RECORD WAS SET OR TIED.
MM INDICATES DATA IS MISSING.
T  INDICATES TRACE AMOUNT.




$$
