000
CDUS45 KPIH 230734
CLIRXE


CLIMATE REPORT
NATIONAL WEATHER SERVICE POCATELLO ID
1232 AM MST SUN NOV 23 2014


...................................

...THE REXBURG ID CLIMATE SUMMARY FOR NOVEMBER 22 2014...

CLIMATE NORMAL PERIOD 1981 TO 2010
CLIMATE RECORD PERIOD 1998 TO 2014


WEATHER ITEM   OBSERVED TIME   RECORD YEAR NORMAL DEPARTURE LAST
                VALUE   (LST)  VALUE       VALUE  FROM      YEAR
                                                  NORMAL
..................................................................
TEMPERATURE (F)
 YESTERDAY
  MAXIMUM         39    111 PM  51    2002  36      3       37
  MINIMUM         31   1042 PM   2    2003  18     13        9
  AVERAGE         35                        27      8       23

PRECIPITATION (IN)
  YESTERDAY        0.31         MM      MM   0.04   0.27     0.00
  MONTH TO DATE    0.86                      0.82   0.04     0.31
  SINCE OCT 1      0.92                      1.93  -1.01     1.22
  SINCE JAN 1     15.02                     11.81   3.21     7.66

SNOWFALL (IN)
  YESTERDAY       MM
  MONTH TO DATE   MM
  SINCE SEP 1     MM
  SINCE JUL 1     MM
  SNOW DEPTH      MM

DEGREE DAYS
 HEATING
  YESTERDAY       30                        38     -8       42
  MONTH TO DATE  834                       708    126      648
  SINCE SEP 1   1517                      1622   -105     1489
  SINCE JUL 1   1591                      1695   -104     1489

 COOLING
  YESTERDAY        0                         0      0        0
  MONTH TO DATE    0                         0      0        0
  SINCE SEP 1     12                         6      6       39
  SINCE JAN 1    234                       208     26      452
..................................................................


WIND (MPH)
  HIGHEST WIND SPEED    25   HIGHEST WIND DIRECTION    SW (220)
  HIGHEST GUST SPEED    34   HIGHEST GUST DIRECTION    SW (230)
  AVERAGE WIND SPEED    11.7


SKY COVER
  POSSIBLE SUNSHINE  MM
  AVERAGE SKY COVER 0.8


WEATHER CONDITIONS
 THE FOLLOWING WEATHER WAS RECORDED YESTERDAY.
  THUNDERSTORM
  LIGHT RAIN
  SNOW
  LIGHT SNOW
  FOG


RELATIVE HUMIDITY (PERCENT)
 HIGHEST    92           700 PM
 LOWEST     59           100 AM
 AVERAGE    76

..........................................................


THE REXBURG ID CLIMATE NORMALS FOR TODAY
                         NORMAL    RECORD    YEAR
 MAXIMUM TEMPERATURE (F)   36        52      2011
 MINIMUM TEMPERATURE (F)   18         2      2003


SUNRISE AND SUNSET
NOVEMBER 23 2014......SUNRISE   732 AM MST   SUNSET   455 PM MST
NOVEMBER 24 2014......SUNRISE   733 AM MST   SUNSET   454 PM MST


-  INDICATES NEGATIVE NUMBERS.
R  INDICATES RECORD WAS SET OR TIED.
MM INDICATES DATA IS MISSING.
T  INDICATES TRACE AMOUNT.




$$
