000
CDUS45 KPIH 200733
CLIRXE


CLIMATE REPORT
NATIONAL WEATHER SERVICE POCATELLO ID
133 AM MDT SAT SEP 20 2014


...................................

...THE REXBURG ID CLIMATE SUMMARY FOR SEPTEMBER 19 2014...

CLIMATE NORMAL PERIOD 1981 TO 2010
CLIMATE RECORD PERIOD 1998 TO 2014


WEATHER ITEM   OBSERVED TIME   RECORD YEAR NORMAL DEPARTURE LAST
                VALUE   (LST)  VALUE       VALUE  FROM      YEAR
                                                  NORMAL
..................................................................
TEMPERATURE (F)
 YESTERDAY
  MAXIMUM         78    434 PM  85    2009  70      8       MM
  MINIMUM         46    658 AM  28    2003  39      7       34
  AVERAGE         62                        54      8       MM

PRECIPITATION (IN)
  YESTERDAY        0.00         MM      MM   0.04  -0.04     0.00
  MONTH TO DATE    0.27                      0.56  -0.29     0.80
  SINCE OCT 1     13.40                     12.69   0.71     9.47
  SINCE JAN 1     11.54                      9.48   2.06     6.08

SNOWFALL (IN)
  YESTERDAY       MM
  MONTH TO DATE   MM
  SINCE SEP 1     MM
  SINCE JUL 1     MM
  SNOW DEPTH      MM

DEGREE DAYS
 HEATING
  YESTERDAY        3                        11     -8       MM
  MONTH TO DATE  134                       142     -8       19
  SINCE SEP 1    134                       142     -8       19
  SINCE JUL 1    208                       215     -7       19

 COOLING
  YESTERDAY        0                         0      0       MM
  MONTH TO DATE    7                         5      2       39
  SINCE SEP 1      7                         5      2       39
  SINCE JAN 1    229                       207     22      452
..................................................................


WIND (MPH)
  HIGHEST WIND SPEED    17   HIGHEST WIND DIRECTION    SW (230)
  HIGHEST GUST SPEED    24   HIGHEST GUST DIRECTION    SW (220)
  AVERAGE WIND SPEED     7.8


SKY COVER
  POSSIBLE SUNSHINE  MM
  AVERAGE SKY COVER 0.0


WEATHER CONDITIONS
 THE FOLLOWING WEATHER WAS RECORDED YESTERDAY.
  NO SIGNIFICANT WEATHER WAS OBSERVED.


RELATIVE HUMIDITY (PERCENT)
 HIGHEST    93           400 AM
 LOWEST     22           400 PM
 AVERAGE    58

..........................................................


THE REXBURG ID CLIMATE NORMALS FOR TODAY
                         NORMAL    RECORD    YEAR
 MAXIMUM TEMPERATURE (F)   70        81      2005
 MINIMUM TEMPERATURE (F)   38        32      2003


SUNRISE AND SUNSET
SEPTEMBER 20 2014.....SUNRISE   712 AM MDT   SUNSET   728 PM MDT
SEPTEMBER 21 2014.....SUNRISE   713 AM MDT   SUNSET   726 PM MDT


-  INDICATES NEGATIVE NUMBERS.
R  INDICATES RECORD WAS SET OR TIED.
MM INDICATES DATA IS MISSING.
T  INDICATES TRACE AMOUNT.




$$
