945
CDUS45 KPIH 270738
CLIRXE


CLIMATE REPORT
NATIONAL WEATHER SERVICE POCATELLO ID
136 AM MDT SAT AUG 27 2016


...................................

...THE REXBURG ID CLIMATE SUMMARY FOR AUGUST 26 2016...

CLIMATE NORMAL PERIOD 1981 TO 2010
CLIMATE RECORD PERIOD 1998 TO 2016


WEATHER ITEM   OBSERVED TIME   RECORD YEAR NORMAL DEPARTURE LAST
                VALUE   (LST)  VALUE       VALUE  FROM      YEAR
                                                  NORMAL
..................................................................
TEMPERATURE (F)
 YESTERDAY
  MAXIMUM         77    429 PM  94    2011  81     -4       79
                                      2010
  MINIMUM         51    655 AM  39    2005  47      4       57
  AVERAGE         64                        64      0       68

PRECIPITATION (IN)
  YESTERDAY        0.00         MM      MM   0.04  -0.04     0.00
  MONTH TO DATE    0.04                      0.76  -0.72     0.53
  SINCE OCT 1      9.11                     11.93  -2.82     9.89
  SINCE JAN 1      5.95                      8.72  -2.77     7.12

SNOWFALL (IN)
  YESTERDAY       MM
  MONTH TO DATE   MM
  SINCE JUN 1     MM
  SINCE JUL 1     MM
  SNOW DEPTH      MM

DEGREE DAYS
 HEATING
  YESTERDAY        1                         2     -1        0
  MONTH TO DATE   28                        25      3       26
  SINCE JUN 1    132                       227    -95      110
  SINCE JUL 1     62                        55      7       70

 COOLING
  YESTERDAY        0                         1     -1        3
  MONTH TO DATE   63                        80    -17       89
  SINCE JUN 1    235                       190     45      274
  SINCE JAN 1    235                       194     41      274
..................................................................


WIND (MPH)
  HIGHEST WIND SPEED    16   HIGHEST WIND DIRECTION    SW (210)
  HIGHEST GUST SPEED    22   HIGHEST GUST DIRECTION    NE (30)
  AVERAGE WIND SPEED     8.3


SKY COVER
  POSSIBLE SUNSHINE  MM
  AVERAGE SKY COVER 0.1


WEATHER CONDITIONS
 THE FOLLOWING WEATHER WAS RECORDED YESTERDAY.
  NO SIGNIFICANT WEATHER WAS OBSERVED.


RELATIVE HUMIDITY (PERCENT)
 HIGHEST    59           600 AM
 LOWEST     19           200 PM
 AVERAGE    39

..........................................................


THE REXBURG ID CLIMATE NORMALS FOR TODAY
                         NORMAL    RECORD    YEAR
 MAXIMUM TEMPERATURE (F)   81        91      2011
                                             2001
 MINIMUM TEMPERATURE (F)   46        38      2004


SUNRISE AND SUNSET
AUGUST 27 2016........SUNRISE   646 AM MDT   SUNSET   811 PM MDT
AUGUST 28 2016........SUNRISE   647 AM MDT   SUNSET   809 PM MDT


-  INDICATES NEGATIVE NUMBERS.
R  INDICATES RECORD WAS SET OR TIED.
MM INDICATES DATA IS MISSING.
T  INDICATES TRACE AMOUNT.




$$
