000
CDUS45 KPIH 012330
CLIRXE


CLIMATE REPORT
NATIONAL WEATHER SERVICE POCATELLO ID
528 PM MDT WED OCT 1 2014


...................................

...THE REXBURG ID CLIMATE SUMMARY FOR OCTOBER 1 2014...
VALID TODAY AS OF 0500 PM LOCAL TIME.

CLIMATE NORMAL PERIOD 1981 TO 2010
CLIMATE RECORD PERIOD 1998 TO 2014


WEATHER ITEM   OBSERVED TIME   RECORD YEAR NORMAL DEPARTURE LAST
                VALUE   (LST)  VALUE       VALUE  FROM      YEAR
                                                  NORMAL
..................................................................
TEMPERATURE (F)
 TODAY
  MAXIMUM         53    359 PM  83    2011  65    -12       65
                                      2010
  MINIMUM         36    704 AM  28    2002  35      1       33
  AVERAGE         45                        50     -5       49

PRECIPITATION (IN)
  TODAY            0.01         MM      MM   0.04  -0.03     0.00
  MONTH TO DATE    0.01                      0.04  -0.03     0.00
  SINCE OCT 1      0.01                      0.04  -0.03     0.00
  SINCE JAN 1     14.11                      9.92   4.19     6.44

SNOWFALL (IN)
  TODAY           MM
  MONTH TO DATE   MM
  SINCE SEP 1     MM
  SINCE JUL 1     MM
  SNOW DEPTH      MM

DEGREE DAYS
 HEATING
  TODAY           20                        15      5       16
  MONTH TO DATE   20                        15      5       16
  SINCE SEP 1    218                       300    -82      163
  SINCE JUL 1    292                       373    -81      163

 COOLING
  TODAY            0                         0      0        0
  MONTH TO DATE    0                         0      0        0
  SINCE SEP 1     12                         6      6       39
  SINCE JAN 1    234                       208     26      452
..................................................................


WIND (MPH)
  HIGHEST WIND SPEED    13   HIGHEST WIND DIRECTION     E (70)
  HIGHEST GUST SPEED    17   HIGHEST GUST DIRECTION     E (80)
  AVERAGE WIND SPEED     5.6


SKY COVER
  POSSIBLE SUNSHINE  MM
  AVERAGE SKY COVER 0.6


WEATHER CONDITIONS
 THE FOLLOWING WEATHER WAS RECORDED TODAY.
  NO SIGNIFICANT WEATHER WAS OBSERVED.


RELATIVE HUMIDITY (PERCENT)
 HIGHEST    93           200 AM
 LOWEST     44           200 PM
 AVERAGE    69

..........................................................


THE REXBURG ID CLIMATE NORMALS FOR TOMORROW
                         NORMAL    RECORD    YEAR
 MAXIMUM TEMPERATURE (F)   64        85      2010
 MINIMUM TEMPERATURE (F)   35        25      2009


SUNRISE AND SUNSET
OCTOBER  1 2014.......SUNRISE   725 AM MDT   SUNSET   708 PM MDT
OCTOBER  2 2014.......SUNRISE   726 AM MDT   SUNSET   706 PM MDT


-  INDICATES NEGATIVE NUMBERS.
R  INDICATES RECORD WAS SET OR TIED.
MM INDICATES DATA IS MISSING.
T  INDICATES TRACE AMOUNT.




$$
