000
CDUS45 KPIH 240753
CLIRXE


CLIMATE REPORT
NATIONAL WEATHER SERVICE POCATELLO ID
1249 AM MST FRI FEB 24 2017


...................................

...THE REXBURG ID CLIMATE SUMMARY FOR FEBRUARY 23 2017...

CLIMATE NORMAL PERIOD 1981 TO 2010
CLIMATE RECORD PERIOD 1998 TO 2017


WEATHER ITEM   OBSERVED TIME   RECORD YEAR NORMAL DEPARTURE LAST
                VALUE   (LST)  VALUE       VALUE  FROM      YEAR
                                                  NORMAL
..................................................................
TEMPERATURE (F)
 YESTERDAY
  MAXIMUM         30    126 PM  44    2000  35     -5       31
  MINIMUM         23   1159 PM  -4    2010  14      9        9
  AVERAGE         27                        25      2       20

PRECIPITATION (IN)
  YESTERDAY        0.03         MM      MM   0.03   0.00     0.00
  MONTH TO DATE    1.04                      0.68   0.36     0.12
  SINCE OCT 1      7.94                      4.63   3.31     4.91
  SINCE JAN 1      2.18                      1.42   0.76     1.75

SNOWFALL (IN)
  YESTERDAY       MM
  MONTH TO DATE   MM
  SINCE DEC 1     MM
  SINCE JUL 1     MM
  SNOW DEPTH       0

DEGREE DAYS
 HEATING
  YESTERDAY       38                        40     -2       45
  MONTH TO DATE  781                      1000   -219      929
  SINCE DEC 1   3918                      3765    153     3631
  SINCE JUL 1   5565                      5777   -212     5365

 COOLING
  YESTERDAY        0                         0      0        0
  MONTH TO DATE    0                         0      0        0
  SINCE DEC 1      0                         0      0        0
  SINCE JAN 1      0                         0      0        0
..................................................................


WIND (MPH)
  HIGHEST WIND SPEED    16   HIGHEST WIND DIRECTION     S (190)
  HIGHEST GUST SPEED    22   HIGHEST GUST DIRECTION     S (180)
  AVERAGE WIND SPEED     9.2


SKY COVER
  POSSIBLE SUNSHINE  MM
  AVERAGE SKY COVER 0.8


WEATHER CONDITIONS
 THE FOLLOWING WEATHER WAS RECORDED YESTERDAY.
  LIGHT SNOW
  FOG


RELATIVE HUMIDITY (PERCENT)
 HIGHEST   100           600 PM
 LOWEST     63           300 AM
 AVERAGE    82

..........................................................


THE REXBURG ID CLIMATE NORMALS FOR TODAY
                         NORMAL    RECORD    YEAR
 MAXIMUM TEMPERATURE (F)   35        50      2014
 MINIMUM TEMPERATURE (F)   15        -4      2013


SUNRISE AND SUNSET
FEBRUARY 24 2017......SUNRISE   712 AM MST   SUNSET   610 PM MST
FEBRUARY 25 2017......SUNRISE   710 AM MST   SUNSET   611 PM MST


-  INDICATES NEGATIVE NUMBERS.
R  INDICATES RECORD WAS SET OR TIED.
MM INDICATES DATA IS MISSING.
T  INDICATES TRACE AMOUNT.




$$
