000
CDUS45 KPIH 210731
CLIRXE


CLIMATE REPORT
NATIONAL WEATHER SERVICE POCATELLO ID
130 AM MDT MON APR 21 2014


...................................

...THE REXBURG ID CLIMATE SUMMARY FOR APRIL 20 2014...

CLIMATE NORMAL PERIOD 1981 TO 2010
CLIMATE RECORD PERIOD 1998 TO 2014


WEATHER ITEM   OBSERVED TIME   RECORD YEAR NORMAL DEPARTURE LAST
                VALUE   (LST)  VALUE       VALUE  FROM      YEAR
                                                  NORMAL
..................................................................
TEMPERATURE (F)
 YESTERDAY
  MAXIMUM         63    307 PM  75    2010  58      5       53
  MINIMUM         43   1116 PM  21    2011  32     11       38
  AVERAGE         53                        45      8       46

PRECIPITATION (IN)
  YESTERDAY        0.00         MM      MM   0.05  -0.05     0.16
  MONTH TO DATE    0.35                      0.95  -0.60     0.57
  SINCE OCT 1      5.25                      6.79  -1.54     6.40
  SINCE JAN 1      3.39                      3.58  -0.19     3.01

SNOWFALL (IN)
  YESTERDAY       MM
  MONTH TO DATE   MM
  SINCE MAR 1     MM
  SINCE JUL 1     MM
  SNOW DEPTH      MM

DEGREE DAYS
 HEATING
  YESTERDAY       12                        20     -8       19
  MONTH TO DATE  418                       450    -32      478
  SINCE MAR 1   1279                      1406   -127     1471
  SINCE JUL 1   7094                      7379   -285     7138

 COOLING
  YESTERDAY        0                         0      0        0
  MONTH TO DATE    0                         0      0        0
  SINCE MAR 1      0                         0      0        0
  SINCE JAN 1      0                         0      0        0
..................................................................


WIND (MPH)
  HIGHEST WIND SPEED    25   HIGHEST WIND DIRECTION    SW (210)
  HIGHEST GUST SPEED    34   HIGHEST GUST DIRECTION     S (200)
  AVERAGE WIND SPEED    12.6


SKY COVER
  POSSIBLE SUNSHINE  MM
  AVERAGE SKY COVER 0.1


WEATHER CONDITIONS
 THE FOLLOWING WEATHER WAS RECORDED YESTERDAY.
  NO SIGNIFICANT WEATHER WAS OBSERVED.


RELATIVE HUMIDITY (PERCENT)
 HIGHEST    53           700 AM
 LOWEST     16           600 PM
 AVERAGE    35

..........................................................


THE REXBURG ID CLIMATE NORMALS FOR TODAY
                         NORMAL    RECORD    YEAR
 MAXIMUM TEMPERATURE (F)   58        76      2012
 MINIMUM TEMPERATURE (F)   32        19      2008


SUNRISE AND SUNSET
APRIL 21 2014.........SUNRISE   634 AM MDT   SUNSET   818 PM MDT
APRIL 22 2014.........SUNRISE   633 AM MDT   SUNSET   819 PM MDT


-  INDICATES NEGATIVE NUMBERS.
R  INDICATES RECORD WAS SET OR TIED.
MM INDICATES DATA IS MISSING.
T  INDICATES TRACE AMOUNT.




$$
