000
CDUS45 KPIH 230737
CLIRXE


CLIMATE REPORT
NATIONAL WEATHER SERVICE POCATELLO ID
133 AM MDT WED AUG 23 2017


...................................

...THE REXBURG ID CLIMATE SUMMARY FOR AUGUST 22 2017...

CLIMATE NORMAL PERIOD 1981 TO 2010
CLIMATE RECORD PERIOD 1998 TO 2017


WEATHER ITEM   OBSERVED TIME   RECORD YEAR NORMAL DEPARTURE LAST
                VALUE   (LST)  VALUE       VALUE  FROM      YEAR
                                                  NORMAL
..................................................................
TEMPERATURE (F)
 YESTERDAY
  MAXIMUM         87    457 PM  92    2011  83      4       84
                                      2006
  MINIMUM         45    619 AM  41    2008  48     -3       49
  AVERAGE         66                        65      1       67

PRECIPITATION (IN)
  YESTERDAY        0.00         MM      MM   0.03  -0.03     0.00
  MONTH TO DATE    0.02                      0.62  -0.60     0.04
  SINCE OCT 1     14.12                     11.79   2.33     9.11
  SINCE JAN 1      8.36                      8.58  -0.22     5.95

SNOWFALL (IN)
  YESTERDAY       MM
  MONTH TO DATE   MM
  SINCE JUN 1     MM
  SINCE JUL 1     MM
  SNOW DEPTH      MM

DEGREE DAYS
 HEATING
  YESTERDAY        0                         2     -2        0
  MONTH TO DATE   12                        17     -5       10
  SINCE JUN 1    132                       219    -87      114
  SINCE JUL 1     13                        47    -34       44

 COOLING
  YESTERDAY        1                         2     -1        2
  MONTH TO DATE   51                        74    -23       63
  SINCE JUN 1    279                       184     95      235
  SINCE JAN 1    280                       188     92      235
..................................................................


WIND (MPH)
  HIGHEST WIND SPEED    12   HIGHEST WIND DIRECTION     S (190)
  HIGHEST GUST SPEED    16   HIGHEST GUST DIRECTION    SW (210)
  AVERAGE WIND SPEED     3.1


SKY COVER
  POSSIBLE SUNSHINE  MM
  AVERAGE SKY COVER 0.0


WEATHER CONDITIONS
 THE FOLLOWING WEATHER WAS RECORDED YESTERDAY.
  NO SIGNIFICANT WEATHER WAS OBSERVED.


RELATIVE HUMIDITY (PERCENT)
 HIGHEST    83           500 AM
 LOWEST     13           400 PM
 AVERAGE    48

..........................................................


THE REXBURG ID CLIMATE NORMALS FOR TODAY
                         NORMAL    RECORD    YEAR
 MAXIMUM TEMPERATURE (F)   82        91      2006
                                             2000
 MINIMUM TEMPERATURE (F)   48        38      2015
                                             2008


SUNRISE AND SUNSET
AUGUST 23 2017........SUNRISE   641 AM MDT   SUNSET   818 PM MDT
AUGUST 24 2017........SUNRISE   642 AM MDT   SUNSET   816 PM MDT


-  INDICATES NEGATIVE NUMBERS.
R  INDICATES RECORD WAS SET OR TIED.
MM INDICATES DATA IS MISSING.
T  INDICATES TRACE AMOUNT.




$$
