000
CDUS45 KPIH 210731
CLIRXE


CLIMATE REPORT
NATIONAL WEATHER SERVICE POCATELLO ID
130 AM MDT SAT OCT 21 2017


...................................

...THE REXBURG ID CLIMATE SUMMARY FOR OCTOBER 20 2017...

CLIMATE NORMAL PERIOD 1981 TO 2010
CLIMATE RECORD PERIOD 1998 TO 2017


WEATHER ITEM   OBSERVED TIME   RECORD YEAR NORMAL DEPARTURE LAST
                VALUE   (LST)  VALUE       VALUE  FROM      YEAR
                                                  NORMAL
..................................................................
TEMPERATURE (F)
 YESTERDAY
  MAXIMUM         55    954 AM  77    2003  57     -2       51
  MINIMUM         32   1109 PM  23    1999  30      2       27
  AVERAGE         44                        43      1       39

PRECIPITATION (IN)
  YESTERDAY        0.17         MM      MM   0.03   0.14     0.00
  MONTH TO DATE    0.39                      0.74  -0.35     1.97
  SINCE OCT 1      0.39                      0.74  -0.35     1.97
  SINCE JAN 1     10.75                     10.62   0.13     9.70

SNOWFALL (IN)
  YESTERDAY       MM
  MONTH TO DATE   MM
  SINCE SEP 1     MM
  SINCE JUL 1     MM
  SNOW DEPTH      MM

DEGREE DAYS
 HEATING
  YESTERDAY       21                        22     -1       26
  MONTH TO DATE  461                       364     97      371
  SINCE SEP 1    747                       649     98      627
  SINCE JUL 1    760                       722     38      691

 COOLING
  YESTERDAY        0                         0      0        0
  MONTH TO DATE    0                         0      0        0
  SINCE SEP 1     38                         6     32       14
  SINCE JAN 1    347                       208    139      261
..................................................................


WIND (MPH)
  HIGHEST WIND SPEED    35   HIGHEST WIND DIRECTION    SW (220)
  HIGHEST GUST SPEED    51   HIGHEST GUST DIRECTION    SW (220)
  AVERAGE WIND SPEED    11.4


SKY COVER
  POSSIBLE SUNSHINE  MM
  AVERAGE SKY COVER 0.5


WEATHER CONDITIONS
 THE FOLLOWING WEATHER WAS RECORDED YESTERDAY.
  RAIN
  LIGHT RAIN
  FREEZING RAIN
  LIGHT SNOW
  FOG
  HAZE


RELATIVE HUMIDITY (PERCENT)
 HIGHEST   100           700 PM
 LOWEST     31          1200 AM
 AVERAGE    66

..........................................................


THE REXBURG ID CLIMATE NORMALS FOR TODAY
                         NORMAL    RECORD    YEAR
 MAXIMUM TEMPERATURE (F)   56        75      2003
 MINIMUM TEMPERATURE (F)   30        23      1998


SUNRISE AND SUNSET
OCTOBER 21 2017.......SUNRISE   750 AM MDT   SUNSET   633 PM MDT
OCTOBER 22 2017.......SUNRISE   751 AM MDT   SUNSET   632 PM MDT


-  INDICATES NEGATIVE NUMBERS.
R  INDICATES RECORD WAS SET OR TIED.
MM INDICATES DATA IS MISSING.
T  INDICATES TRACE AMOUNT.




$$
