000
CDUS45 KPIH 170732
CLIRXE


CLIMATE REPORT
NATIONAL WEATHER SERVICE POCATELLO ID
1230 AM MST WED DEC 17 2014


...................................

...THE REXBURG ID CLIMATE SUMMARY FOR DECEMBER 16 2014...

CLIMATE NORMAL PERIOD 1981 TO 2010
CLIMATE RECORD PERIOD 1998 TO 2014


WEATHER ITEM   OBSERVED TIME   RECORD YEAR NORMAL DEPARTURE LAST
                VALUE   (LST)  VALUE       VALUE  FROM      YEAR
                                                  NORMAL
..................................................................
TEMPERATURE (F)
 YESTERDAY
  MAXIMUM         36    233 PM  40    2002  28      8       26
  MINIMUM         21   1208 AM  -2    2000  12      9        2
  AVERAGE         29                        20      9       14

PRECIPITATION (IN)
  YESTERDAY        0.09         MM      MM   0.03   0.06     0.00
  MONTH TO DATE    0.38                      0.41  -0.03     0.42
  SINCE OCT 1      1.31                      2.56  -1.25     1.64
  SINCE JAN 1     15.41                     12.44   2.97     8.08

SNOWFALL (IN)
  YESTERDAY       MM
  MONTH TO DATE   MM
  SINCE DEC 1     MM
  SINCE JUL 1     MM
  SNOW DEPTH      MM

DEGREE DAYS
 HEATING
  YESTERDAY       36                        45     -9       51
  MONTH TO DATE  490                       695   -205      876
  SINCE DEC 1    490                       695   -205      876
  SINCE JUL 1   2300                      2707   -407     2639

 COOLING
  YESTERDAY        0                         0      0        0
  MONTH TO DATE    0                         0      0        0
  SINCE DEC 1      0                         0      0        0
  SINCE JAN 1    234                       208     26      452
..................................................................


WIND (MPH)
  HIGHEST WIND SPEED    12   HIGHEST WIND DIRECTION    NE (60)
  HIGHEST GUST SPEED    15   HIGHEST GUST DIRECTION    NE (60)
  AVERAGE WIND SPEED     4.2


SKY COVER
  POSSIBLE SUNSHINE  MM
  AVERAGE SKY COVER 1.0


WEATHER CONDITIONS
 THE FOLLOWING WEATHER WAS RECORDED YESTERDAY.
  LIGHT SNOW
  FOG


RELATIVE HUMIDITY (PERCENT)
 HIGHEST   100           700 PM
 LOWEST     69          1200 PM
 AVERAGE    85

..........................................................


THE REXBURG ID CLIMATE NORMALS FOR TODAY
                         NORMAL    RECORD    YEAR
 MAXIMUM TEMPERATURE (F)   28        38      2012
 MINIMUM TEMPERATURE (F)   12        -1      2010


SUNRISE AND SUNSET
DECEMBER 17 2014......SUNRISE   756 AM MST   SUNSET   451 PM MST
DECEMBER 18 2014......SUNRISE   756 AM MST   SUNSET   451 PM MST


-  INDICATES NEGATIVE NUMBERS.
R  INDICATES RECORD WAS SET OR TIED.
MM INDICATES DATA IS MISSING.
T  INDICATES TRACE AMOUNT.




$$
