000
CDUS46 KSTO 160842
CLISAC

CLIMATE REPORT
NATIONAL WEATHER SERVICE SACRAMENTO, CA
1241 AM PST SAT DEC 16 2017


...................................

...THE SACRAMENTO EXEC. AIRPORT CA CLIMATE SUMMARY FOR DECEMBER 15 2017...

CLIMATE NORMAL PERIOD 1981 TO 2010
CLIMATE RECORD PERIOD 1930 TO 2017


WEATHER ITEM   OBSERVED TIME   RECORD YEAR NORMAL DEPARTURE LAST
                VALUE   (LST)  VALUE       VALUE  FROM      YEAR
                                                  NORMAL
..................................................................
TEMPERATURE (F)
 YESTERDAY
  MAXIMUM         60    151 PM  68    1958  54      6       59
  MINIMUM         33    603 AM  25    1965  38     -5       51
  AVERAGE         47

PRECIPITATION (IN)
  YESTERDAY        0.00          2.12 2016   0.10  -0.10     2.12
  MONTH TO DATE    0.03                      1.45  -1.42     3.34
  SINCE OCT 1      2.31                      4.48  -2.17     9.18
  SINCE JAN 1     25.94                     16.72   9.22    21.93

SNOWFALL (IN)
  YESTERDAY        0.0           0.0  2001   0.0             0.0
  MONTH TO DATE    0.0                       0.0             0.0
  SINCE DEC 1      0.0                       0.0             0.0
  SINCE JUL 1      0.0                       0.0             0.0

DEGREE DAYS
 HEATING
  YESTERDAY       18

 COOLING
  YESTERDAY        0
..................................................................


WIND (MPH)
  RESULTANT WIND SPEED   1   RESULTANT WIND DIRECTION  NW (310)
  HIGHEST WIND SPEED     8   HIGHEST WIND DIRECTION     W (290)
  HIGHEST GUST SPEED     9   HIGHEST GUST DIRECTION     W (290)


SKY COVER
  POSSIBLE SUNSHINE  MM
  AVERAGE SKY COVER 0.1


WEATHER CONDITIONS
 THE FOLLOWING WEATHER WAS RECORDED YESTERDAY.
  FOG
  FOG W/VISIBILITY <= 1/4 MILE
  HAZE


RELATIVE HUMIDITY (PERCENT)
 HIGHEST   100
 LOWEST     57
 AVERAGE    79

..........................................................


THE SACRAMENTO EXEC. AIRPORT CA CLIMATE NORMALS FOR TODAY
                         NORMAL    RECORD    YEAR
 MAXIMUM TEMPERATURE (F)   53        68      1958
 MINIMUM TEMPERATURE (F)   38        25      1967


SUNRISE AND SUNSET
DECEMBER 16 2017......SUNRISE   717 AM PST   SUNSET   447 PM PST
DECEMBER 17 2017......SUNRISE   718 AM PST   SUNSET   447 PM PST


-  INDICATES NEGATIVE NUMBERS.
R  INDICATES RECORD WAS SET OR TIED.
MM INDICATES DATA IS MISSING.
T  INDICATES TRACE AMOUNT.

&&
....................................................................

SACRAMENTO CITY CLIMATE DATA FOR FRIDAY DECEMBER 15 2017

HIGH...   61  RECORD HIGH    72 IN 1958    NORMAL    HIGH   54
LOW....   38  RECORD LOW     26 IN 1932    NORMAL    LOW    40

RAIN SINCE MIDNIGHT....  0.00   RECORD THIS DATE....... 2.28 IN 2016
TOTAL THIS MONTH.......  0.03   NORMAL SINCE OCT 1ST..........  5.04
TOTAL SINCE OCT 1ST....  2.62   PERCENT OF NORMAL..............  52%

$$
