000
CDUS46 KSTO 260840
CLISAC

CLIMATE REPORT
NATIONAL WEATHER SERVICE SACRAMENTO, CA
140 AM PDT MON JUN 26 2017


...................................

...THE SACRAMENTO EXEC. AIRPORT CA CLIMATE SUMMARY FOR JUNE 25 2017...

CLIMATE NORMAL PERIOD 1981 TO 2010
CLIMATE RECORD PERIOD 1930 TO 2017


WEATHER ITEM   OBSERVED TIME   RECORD YEAR NORMAL DEPARTURE LAST
                VALUE   (LST)  VALUE       VALUE  FROM      YEAR
                                                  NORMAL
..................................................................
TEMPERATURE (F)
 YESTERDAY
  MAXIMUM         87    157 PM 106    1995  89     -2       99
  MINIMUM         59   1159 PM  48    1950  57      2       57
  AVERAGE         73

PRECIPITATION (IN)
  YESTERDAY        0.00          0.11 2013   0.00   0.00     0.00
  MONTH TO DATE    0.10                      0.20  -0.10      T
  SINCE OCT 1     33.08                     18.17  14.91    16.19
  SINCE JAN 1     23.63                     11.89  11.74    12.75

SNOWFALL (IN)
  YESTERDAY        0.0          MM      MM   0.0             0.0
  MONTH TO DATE    0.0                       0.0             0.0
  SINCE JUN 1      0.0                       0.0             0.0
  SINCE JUL 1      0.0                       0.0             0.0

DEGREE DAYS
 HEATING
  YESTERDAY        0

 COOLING
  YESTERDAY        8
..................................................................


WIND (MPH)
  RESULTANT WIND SPEED   9   RESULTANT WIND DIRECTION   S (190)
  HIGHEST WIND SPEED    17   HIGHEST WIND DIRECTION    SW (210)
  HIGHEST GUST SPEED    23   HIGHEST GUST DIRECTION     S (200)


SKY COVER
  POSSIBLE SUNSHINE  MM
  AVERAGE SKY COVER 0.0


WEATHER CONDITIONS
 THE FOLLOWING WEATHER WAS RECORDED YESTERDAY.
  NO SIGNIFICANT WEATHER WAS OBSERVED.


RELATIVE HUMIDITY (PERCENT)
 HIGHEST    87
 LOWEST     42
 AVERAGE    65

..........................................................


THE SACRAMENTO EXEC. AIRPORT CA CLIMATE NORMALS FOR TODAY
                         NORMAL    RECORD    YEAR
 MAXIMUM TEMPERATURE (F)   90       106      1973
 MINIMUM TEMPERATURE (F)   57        49      1980
                                             1974
                                             1965


SUNRISE AND SUNSET
JUNE 26 2017..........SUNRISE   544 AM PDT   SUNSET   834 PM PDT
JUNE 27 2017..........SUNRISE   544 AM PDT   SUNSET   834 PM PDT


-  INDICATES NEGATIVE NUMBERS.
R  INDICATES RECORD WAS SET OR TIED.
MM INDICATES DATA IS MISSING.
T  INDICATES TRACE AMOUNT.

&&
....................................................................

SACRAMENTO CITY CLIMATE DATA FOR SUNDAY JUNE 25 2017

HIGH...   89  RECORD HIGH   111 IN 1925    NORMAL    HIGH   90
LOW....   61  RECORD LOW     48 IN 1901    NORMAL    LOW    60

RAIN SINCE MIDNIGHT....  0.00   RECORD THIS DATE....... 0.13 IN 2001
TOTAL THIS MONTH.......  0.18   NORMAL SINCE OCT 1ST.........  19.88
TOTAL SINCE OCT 1ST.... 33.94   PERCENT OF NORMAL.............  171%

$$
