000
CDUS46 KSTO 211445
CLISAC

CLIMATE REPORT
NATIONAL WEATHER SERVICE SACRAMENTO, CA
743 AM PDT THU AUG 21 2014


...................................

...THE SACRAMENTO EXEC. AIRPORT CA CLIMATE SUMMARY FOR AUGUST 20 2014...

CLIMATE NORMAL PERIOD 1981 TO 2010
CLIMATE RECORD PERIOD 1930 TO 2014


WEATHER ITEM   OBSERVED TIME   RECORD YEAR NORMAL DEPARTURE LAST
                VALUE   (LST)  VALUE       VALUE  FROM      YEAR
                                                  NORMAL
..................................................................
TEMPERATURE (F)
 YESTERDAY
  MAXIMUM         78    339 PM 105    1950  91    -13       94
  MINIMUM         61    608 AM  52    2002  58      3       64
  AVERAGE         70

PRECIPITATION (IN)
  YESTERDAY        0.00          0.32 1997   0.00   0.00     0.00
  MONTH TO DATE    T                         0.02  -0.02      T
  SINCE JUL 1      0.01                      0.02  -0.01      T
  SINCE JAN 1      7.90                     11.92  -4.02     3.91

SNOWFALL (IN)
  YESTERDAY        0.0          MM      MM   0.0             0.0
  MONTH TO DATE    0.0                       0.0             0.0
  SINCE JUN 1      0.0                       0.0             0.0
  SINCE JUL 1      0.0                       0.0             0.0

DEGREE DAYS
 HEATING
  YESTERDAY        0

 COOLING
  YESTERDAY        5
..................................................................


WIND (MPH)
  RESULTANT WIND SPEED  11   RESULTANT WIND DIRECTION  SW (210)
  HIGHEST WIND SPEED    20   HIGHEST WIND DIRECTION    SW (230)
  HIGHEST GUST SPEED    28   HIGHEST GUST DIRECTION    SW (230)


SKY COVER
  POSSIBLE SUNSHINE  MM
  AVERAGE SKY COVER 0.0


WEATHER CONDITIONS
 THE FOLLOWING WEATHER WAS RECORDED YESTERDAY.
  NO SIGNIFICANT WEATHER WAS OBSERVED.


RELATIVE HUMIDITY (PERCENT)
 HIGHEST    90
 LOWEST     50
 AVERAGE    70

..........................................................


THE SACRAMENTO EXEC. AIRPORT CA CLIMATE NORMALS FOR TODAY
                         NORMAL    RECORD    YEAR
 MAXIMUM TEMPERATURE (F)   91       103      1969
 MINIMUM TEMPERATURE (F)   58        50      1970


SUNRISE AND SUNSET
AUGUST 21 2014........SUNRISE   626 AM PDT   SUNSET   752 PM PDT
AUGUST 22 2014........SUNRISE   627 AM PDT   SUNSET   750 PM PDT


-  INDICATES NEGATIVE NUMBERS.
R  INDICATES RECORD WAS SET OR TIED.
MM INDICATES DATA IS MISSING.
T  INDICATES TRACE AMOUNT.


&&
....................................................................

SACRAMENTO CITY CLIMATE DATA FOR WEDNESDAY AUGUST 20 2014

HIGH...   81  RECORD HIGH   106 IN 1950    NORMAL    HIGH   92
LOW....   62  RECORD LOW     48 IN 1914    NORMAL    LOW    61

RAIN SINCE MIDNIGHT....  0.00   RECORD THIS DATE.......  0.2 IN 1997
TOTAL THIS MONTH.......  0.00   NORMAL SEASON TO DATE.........  0.02
TOTAL SINCE JULY 1ST...  0.02   PERCENT OF NORMAL.............  100%


$$
