000
CDUS46 KSTO 191438
CLISAC

CLIMATE REPORT
NATIONAL WEATHER SERVICE SACRAMENTO, CA
737 AM PDT FRI SEP 19 2014


...................................

...THE SACRAMENTO EXEC. AIRPORT CA CLIMATE SUMMARY FOR SEPTEMBER 18 2014...

CLIMATE NORMAL PERIOD 1981 TO 2010
CLIMATE RECORD PERIOD 1930 TO 2014


WEATHER ITEM   OBSERVED TIME   RECORD YEAR NORMAL DEPARTURE LAST
                VALUE   (LST)  VALUE       VALUE  FROM      YEAR
                                                  NORMAL
..................................................................
TEMPERATURE (F)
 YESTERDAY
  MAXIMUM         84    214 PM 101    2000  87     -3       87
                                      1984
  MINIMUM         64   1159 PM  43    1965  56      8       57
  AVERAGE         74

PRECIPITATION (IN)
  YESTERDAY        0.00          1.53 1959   0.01  -0.01     0.00
  MONTH TO DATE    0.00                      0.14  -0.14     0.10
  SINCE JUL 1      0.01                      0.19  -0.18     0.10
  SINCE JAN 1      7.90                     12.09  -4.19     4.01

SNOWFALL (IN)
  YESTERDAY        0.0          MM      MM   0.0             0.0
  MONTH TO DATE    0.0                       0.0             0.0
  SINCE SEP 1      0.0                       0.0             0.0
  SINCE JUL 1      0.0                       0.0             0.0

DEGREE DAYS
 HEATING
  YESTERDAY        0

 COOLING
  YESTERDAY        9
..................................................................


WIND (MPH)
  RESULTANT WIND SPEED   5   RESULTANT WIND DIRECTION  SW (240)
  HIGHEST WIND SPEED    15   HIGHEST WIND DIRECTION    SW (240)
  HIGHEST GUST SPEED    20   HIGHEST GUST DIRECTION    SW (230)


SKY COVER
  POSSIBLE SUNSHINE  MM
  AVERAGE SKY COVER 0.5


WEATHER CONDITIONS
 THE FOLLOWING WEATHER WAS RECORDED YESTERDAY.
  NO SIGNIFICANT WEATHER WAS OBSERVED.


RELATIVE HUMIDITY (PERCENT)
 HIGHEST    87
 LOWEST     40
 AVERAGE    64

..........................................................


THE SACRAMENTO EXEC. AIRPORT CA CLIMATE NORMALS FOR TODAY
                         NORMAL    RECORD    YEAR
 MAXIMUM TEMPERATURE (F)   87       101      2000
 MINIMUM TEMPERATURE (F)   55        44      1947


SUNRISE AND SUNSET
SEPTEMBER 19 2014.....SUNRISE   651 AM PDT   SUNSET   708 PM PDT
SEPTEMBER 20 2014.....SUNRISE   652 AM PDT   SUNSET   706 PM PDT


-  INDICATES NEGATIVE NUMBERS.
R  INDICATES RECORD WAS SET OR TIED.
MM INDICATES DATA IS MISSING.
T  INDICATES TRACE AMOUNT.


&&
....................................................................

SACRAMENTO CITY CLIMATE DATA FOR THURSDAY SEPTEMBER 18 2014

HIGH...   84  RECORD HIGH   104 IN 1984    NORMAL    HIGH   88
LOW....   67  RECORD LOW     44 IN 1882    NORMAL    LOW    58

RAIN SINCE MIDNIGHT....  0.00   RECORD THIS DATE....... 1.46 IN 1959
TOTAL THIS MONTH.......  0.00   NORMAL SEASON TO DATE.........  0.19
TOTAL SINCE JULY 1ST...  0.02   PERCENT OF NORMAL.............   10%


$$
NNNN
