000
CDUS46 KSGX 280019
CLISAN


CLIMATE REPORT
NATIONAL WEATHER SERVICE SAN DIEGO, CA
519 PM PDT TUE SEP 27 2016


...................................

...THE SAN DIEGO/LINDBERGH FIELD CA CLIMATE SUMMARY FOR SEPTEMBER 27 2016...
VALID TODAY AS OF 0500 PM LOCAL TIME.

CLIMATE NORMAL PERIOD 1981 TO 2010
CLIMATE RECORD PERIOD 1874 TO 2016


WEATHER ITEM   OBSERVED TIME   RECORD YEAR NORMAL DEPARTURE LAST
                VALUE   (LST)  VALUE       VALUE  FROM      YEAR
                                                  NORMAL
..................................................................
TEMPERATURE (F)
 TODAY
  MAXIMUM         92    932 AM 104    1963  75     17       83
  MINIMUM         80    535 AM  52    1908  64     16       72
  AVERAGE         86                        69     17       78

PRECIPITATION (IN)
  TODAY            0.00          0.15 1890   0.01  -0.01     0.00
  MONTH TO DATE    0.32                      0.12   0.20     1.24
  SINCE OCT 1      8.18                     10.31  -2.13    11.91
  SINCE JAN 1      5.33                      7.20  -1.87     7.04

DEGREE DAYS
 HEATING
  TODAY            0                         0      0        0
  MONTH TO DATE    0                         0      0        0
  SINCE SEP 1      0                         0      0        0
  SINCE JUL 1      0                         1     -1        0

 COOLING
  TODAY           21                         4     17       13
  MONTH TO DATE  180                       156     24      342
  SINCE SEP 1    180                       156     24      342
  SINCE JAN 1    862                       624    238     1208
..................................................................


WIND (MPH)
  RESULTANT WIND SPEED   4   RESULTANT WIND DIRECTION   S (170)
  HIGHEST WIND SPEED    14   HIGHEST WIND DIRECTION    SW (220)
  HIGHEST GUST SPEED    16   HIGHEST GUST DIRECTION     S (170)
  AVERAGE WIND SPEED     5.5


SKY COVER
  POSSIBLE SUNSHINE  MM
  AVERAGE SKY COVER 0.7


WEATHER CONDITIONS
 THE FOLLOWING WEATHER WAS RECORDED TODAY.
  NO SIGNIFICANT WEATHER WAS OBSERVED.


RELATIVE HUMIDITY (PERCENT)
 HIGHEST    46           100 PM
 LOWEST     21          1200 AM
 AVERAGE    34

..........................................................


THE SAN DIEGO/LINDBERGH FIELD CA CLIMATE NORMALS FOR TOMORROW
                         NORMAL    RECORD    YEAR
 MAXIMUM TEMPERATURE (F)   75        99      1963
 MINIMUM TEMPERATURE (F)   64        53      1880
                                             1878


SUNRISE AND SUNSET
SEPTEMBER 27 2016.....SUNRISE   640 AM PDT   SUNSET   638 PM PDT
SEPTEMBER 28 2016.....SUNRISE   641 AM PDT   SUNSET   636 PM PDT


-  INDICATES NEGATIVE NUMBERS.
R  INDICATES RECORD WAS SET OR TIED.
MM INDICATES DATA IS MISSING.
T  INDICATES TRACE AMOUNT.




$$
