000
CDUS46 KSGX 231426
CLISAN


CLIMATE REPORT
NATIONAL WEATHER SERVICE SAN DIEGO, CA
726 AM PDT SAT JUL 23 2016


...................................

...THE SAN DIEGO/LINDBERGH FIELD CA CLIMATE SUMMARY FOR JULY 22 2016...

CLIMATE NORMAL PERIOD 1981 TO 2010
CLIMATE RECORD PERIOD 1874 TO 2016


WEATHER ITEM   OBSERVED TIME   RECORD YEAR NORMAL DEPARTURE LAST
                VALUE   (LST)  VALUE       VALUE  FROM      YEAR
                                                  NORMAL
..................................................................
TEMPERATURE (F)
 YESTERDAY
  MAXIMUM         85   1150 AM  99    2006  75     10       80
  MINIMUM         67    617 AM  59    1940  66      1       72
                                      1894
                                      1880
  AVERAGE         76                        71      5       76

PRECIPITATION (IN)
  YESTERDAY        0.00          0.09 1874   0.00   0.00     0.00
  MONTH TO DATE    0.00                      0.02  -0.02     1.71
  SINCE OCT 1      7.86                     10.16  -2.30    10.66
  SINCE JAN 1      5.01                      7.05  -2.04     5.79

DEGREE DAYS
 HEATING
  YESTERDAY        0                         0      0        0
  MONTH TO DATE    0                         0      0        0
  SINCE JUN 1      0                        18    -18        1
  SINCE JUL 1      0                         0      0        0

 COOLING
  YESTERDAY       11                         6      5       11
  MONTH TO DATE  126                       104     22      153
  SINCE JUN 1    251                       164     87      276
  SINCE JAN 1    369                       213    156      459
..................................................................


WIND (MPH)
  RESULTANT WIND SPEED   6   RESULTANT WIND DIRECTION  NW (320)
  HIGHEST WIND SPEED    14   HIGHEST WIND DIRECTION    NW (310)
  HIGHEST GUST SPEED    17   HIGHEST GUST DIRECTION    NW (320)
  AVERAGE WIND SPEED     6.8


SKY COVER
  POSSIBLE SUNSHINE  MM
  AVERAGE SKY COVER 0.4


WEATHER CONDITIONS
 THE FOLLOWING WEATHER WAS RECORDED YESTERDAY.
  FOG


RELATIVE HUMIDITY (PERCENT)
 HIGHEST   100           100 AM
 LOWEST     48          1200 PM
 AVERAGE    74

..........................................................


THE SAN DIEGO/LINDBERGH FIELD CA CLIMATE NORMALS FOR TODAY
                         NORMAL    RECORD    YEAR
 MAXIMUM TEMPERATURE (F)   75        89      1960
 MINIMUM TEMPERATURE (F)   66        58      1892


SUNRISE AND SUNSET
JULY 23 2016..........SUNRISE   557 AM PDT   SUNSET   753 PM PDT
JULY 24 2016..........SUNRISE   558 AM PDT   SUNSET   752 PM PDT


-  INDICATES NEGATIVE NUMBERS.
R  INDICATES RECORD WAS SET OR TIED.
MM INDICATES DATA IS MISSING.
T  INDICATES TRACE AMOUNT.




$$
