000
CDUS46 KSGX 260018
CLISAN


CLIMATE REPORT
NATIONAL WEATHER SERVICE SAN DIEGO, CA
517 PM PDT SUN JUN 25 2017


...................................

...THE SAN DIEGO INTL AIRPORT CA CLIMATE SUMMARY FOR JUNE 25 2017...
VALID TODAY AS OF 0500 PM LOCAL TIME.

CLIMATE NORMAL PERIOD 1981 TO 2010
CLIMATE RECORD PERIOD 1874 TO 2017


WEATHER ITEM   OBSERVED TIME   RECORD YEAR NORMAL DEPARTURE LAST
                VALUE   (LST)  VALUE       VALUE  FROM      YEAR
                                                  NORMAL
..................................................................
TEMPERATURE (F)
 TODAY
  MAXIMUM         77    343 PM  89    2000  72      5       70
  MINIMUM         65    618 AM  54    1943  63      2       64
                                      1894
                                      1892
  AVERAGE         71                        68      3       67

PRECIPITATION (IN)
  TODAY            0.00          0.03 1913   0.00   0.00     0.00
  MONTH TO DATE    0.02                      0.07  -0.05      T
  SINCE OCT 1     12.65                     10.14   2.51     7.86
  SINCE JAN 1      7.75                      7.03   0.72     5.01

DEGREE DAYS
 HEATING
  TODAY            0                         0      0        0
  MONTH TO DATE    9                        15     -6        0
  SINCE JUN 1      9                        15     -6        0
  SINCE JUL 1    736                      1222   -486      648

 COOLING
  TODAY            6                         3      3        2
  MONTH TO DATE   75                        42     33      100
  SINCE JUN 1     75                        42     33      100
  SINCE JAN 1    167                        91     76      218
..................................................................


WIND (MPH)
  RESULTANT WIND SPEED   7   RESULTANT WIND DIRECTION  NW (320)
  HIGHEST WIND SPEED    14   HIGHEST WIND DIRECTION    NW (300)
  HIGHEST GUST SPEED    18   HIGHEST GUST DIRECTION    NW (320)
  AVERAGE WIND SPEED     7.9


SKY COVER
  POSSIBLE SUNSHINE  MM
  AVERAGE SKY COVER 0.7


WEATHER CONDITIONS
 THE FOLLOWING WEATHER WAS RECORDED TODAY.
  NO SIGNIFICANT WEATHER WAS OBSERVED.


RELATIVE HUMIDITY (PERCENT)
 HIGHEST    93          1200 AM
 LOWEST     64           300 PM
 AVERAGE    79

..........................................................


THE SAN DIEGO INTL AIRPORT CA CLIMATE NORMALS FOR TOMORROW
                         NORMAL    RECORD    YEAR
 MAXIMUM TEMPERATURE (F)   72        94      1990
                                             1976
 MINIMUM TEMPERATURE (F)   63        52      1885


SUNRISE AND SUNSET
JUNE 25 2017..........SUNRISE   542 AM PDT   SUNSET   800 PM PDT
JUNE 26 2017..........SUNRISE   543 AM PDT   SUNSET   801 PM PDT


-  INDICATES NEGATIVE NUMBERS.
R  INDICATES RECORD WAS SET OR TIED.
MM INDICATES DATA IS MISSING.
T  INDICATES TRACE AMOUNT.




$$
