000
CDUS46 KSGX 230018
CLISAN


CLIMATE REPORT
NATIONAL WEATHER SERVICE SAN DIEGO, CA
418 PM PST THU FEB 22 2018


...................................

...THE SAN DIEGO INTL AIRPORT CA CLIMATE SUMMARY FOR FEBRUARY 22 2018...
VALID TODAY AS OF 0400 PM LOCAL TIME.

CLIMATE NORMAL PERIOD 1981 TO 2010
CLIMATE RECORD PERIOD 1874 TO 2018


WEATHER ITEM   OBSERVED TIME   RECORD YEAR NORMAL DEPARTURE LAST
                VALUE   (LST)  VALUE       VALUE  FROM      YEAR
                                                  NORMAL
..................................................................
TEMPERATURE (F)
 TODAY
  MAXIMUM         60    115 PM  87    2002  65     -5       64
  MINIMUM         47    436 AM  38    1897  51     -4       56
  AVERAGE         54                        58     -4       60

PRECIPITATION (IN)
  TODAY            0.03          1.50 1941   0.09  -0.06      T
  MONTH TO DATE    0.03                      1.78  -1.75     1.31
  SINCE OCT 1      1.90                      6.87  -4.97     9.22
  SINCE JAN 1      1.81                      3.76  -1.95     4.32

DEGREE DAYS
 HEATING
  TODAY           11                         7      4        5
  MONTH TO DATE   92                       160    -68       90
  SINCE DEC 1    351                       670   -319      488
  SINCE JUL 1    389                       815   -426      538

 COOLING
  TODAY            0                         0      0        0
  MONTH TO DATE    4                         0      4        0
  SINCE DEC 1     20                         2     18        4
  SINCE JAN 1     17                         2     15        0
..................................................................


WIND (MPH)
  RESULTANT WIND SPEED   4   RESULTANT WIND DIRECTION   S (170)
  HIGHEST WIND SPEED    20   HIGHEST WIND DIRECTION    SW (230)
  HIGHEST GUST SPEED    27   HIGHEST GUST DIRECTION    SW (210)
  AVERAGE WIND SPEED     5.3


SKY COVER
  POSSIBLE SUNSHINE  MM
  AVERAGE SKY COVER 0.6


WEATHER CONDITIONS
 THE FOLLOWING WEATHER WAS RECORDED TODAY.
  LIGHT RAIN
  FOG


RELATIVE HUMIDITY (PERCENT)
 HIGHEST    71           400 AM
 LOWEST     54           900 AM
 AVERAGE    63

..........................................................


THE SAN DIEGO INTL AIRPORT CA CLIMATE NORMALS FOR TOMORROW
                         NORMAL    RECORD    YEAR
 MAXIMUM TEMPERATURE (F)   65        85      1954
 MINIMUM TEMPERATURE (F)   51        38      1887


SUNRISE AND SUNSET
FEBRUARY 22 2018......SUNRISE   624 AM PST   SUNSET   540 PM PST
FEBRUARY 23 2018......SUNRISE   623 AM PST   SUNSET   541 PM PST


-  INDICATES NEGATIVE NUMBERS.
R  INDICATES RECORD WAS SET OR TIED.
MM INDICATES DATA IS MISSING.
T  INDICATES TRACE AMOUNT.




$$
