000
CDUS44 KEWX 210806
CLISAT


CLIMATE REPORT
NATIONAL WEATHER SERVICE AUSTIN/SAN ANTONIO, TX
306 AM CDT MON APR 21 2014


...................................

...THE SAN ANTONIO CLIMATE SUMMARY FOR APRIL 20 2014...

CLIMATE NORMAL PERIOD 1981 TO 2010
CLIMATE RECORD PERIOD 1886 TO 2014


WEATHER ITEM   OBSERVED TIME   RECORD YEAR NORMAL DEPARTURE LAST
                VALUE   (LST)  VALUE       VALUE  FROM      YEAR
                                                  NORMAL
..................................................................
TEMPERATURE (F)
 YESTERDAY
  MAXIMUM         76    348 PM 100    1984  82     -6       75
  MINIMUM         65    650 AM  41    2013  59      6       41
  AVERAGE         71                        70      1       58

PRECIPITATION (IN)
  YESTERDAY        T             4.64 1926   0.07  -0.07     0.00
  MONTH TO DATE    0.68                      1.25  -0.57     1.81
  SINCE MAR 1      1.74                      3.56  -1.82     2.76
  SINCE JAN 1      2.39                      7.11  -4.72     5.69

SNOWFALL (IN)
  YESTERDAY        0.0
  MONTH TO DATE    0.0
  SINCE MAR 1      0.0
  SINCE JUL 1      0.4
  SNOW DEPTH       0

DEGREE DAYS
 HEATING
  YESTERDAY        0                         1     -1        7
  MONTH TO DATE   40                        35      5       46
  SINCE MAR 1    228                       189     39      186
  SINCE JUL 1   1562                      1490     72     1180

 COOLING
  YESTERDAY        6                         6      0        0
  MONTH TO DATE  105                        96      9       92
  SINCE MAR 1    166                       161      5      169
  SINCE JAN 1    231                       187     44      209
..................................................................


WIND (MPH)
  HIGHEST WIND SPEED    16   HIGHEST WIND DIRECTION    SE (130)
  HIGHEST GUST SPEED    20   HIGHEST GUST DIRECTION    SE (140)
  AVERAGE WIND SPEED     8.8


SKY COVER
  AVERAGE SKY COVER 1.0


WEATHER CONDITIONS
 THE FOLLOWING WEATHER WAS RECORDED YESTERDAY.
  LIGHT RAIN
  FOG
  HAZE


RELATIVE HUMIDITY (PERCENT)
 HIGHEST    87           500 AM
 LOWEST     64           400 PM
 AVERAGE    76

..........................................................


THE SAN ANTONIO CLIMATE NORMALS FOR TODAY
                         NORMAL    RECORD    YEAR
 MAXIMUM TEMPERATURE (F)   82        94      1995
 MINIMUM TEMPERATURE (F)   60        43      1978
                                             1953


SUNRISE AND SUNSET
APRIL 21 2014.........SUNRISE   701 AM CDT   SUNSET   804 PM CDT
APRIL 22 2014.........SUNRISE   700 AM CDT   SUNSET   805 PM CDT


-  INDICATES NEGATIVE NUMBERS.
R  INDICATES RECORD WAS SET OR TIED.
MM INDICATES DATA IS MISSING.
T  INDICATES TRACE AMOUNT.




$$
