000
CDUS44 KEWX 232251
CLISAT


CLIMATE REPORT
NATIONAL WEATHER SERVICE AUSTIN/SAN ANTONIO, TX
547 PM CDT WED AUG 23 2017


...................................

...THE SAN ANTONIO CLIMATE SUMMARY FOR AUGUST 23 2017...
VALID TODAY AS OF 547 PM LOCAL TIME.

CLIMATE NORMAL PERIOD 1981 TO 2010
CLIMATE RECORD PERIOD 1886 TO 2017


WEATHER ITEM   OBSERVED TIME   RECORD YEAR NORMAL DEPARTURE LAST
                VALUE   (LST)  VALUE       VALUE  FROM      YEAR
                                                  NORMAL
..................................................................
TEMPERATURE (F)
 TODAY
  MAXIMUM         97    353 PM 104    2009  96      1       92
                                      1917
  MINIMUM         75    622 AM  62    1891  75      0       78
  AVERAGE         86                        85      1       85

PRECIPITATION (IN)
  TODAY            0.00          1.95 1998   0.07  -0.07     0.00
  MONTH TO DATE    3.68                      1.30   2.38     4.83
  SINCE JUN 1      4.24                      8.18  -3.94     7.55
  SINCE JAN 1     17.31                     20.15  -2.84    29.37

SNOWFALL (IN)
  TODAY            0.0
  MONTH TO DATE    0.0
  SINCE JUN 1      0.0
  SINCE JUL 1      0.0
  SNOW DEPTH       0

DEGREE DAYS
 HEATING
  TODAY            0                         0      0        0
  MONTH TO DATE    0                         0      0        0
  SINCE JUN 1      0                         0      0        0
  SINCE JUL 1      0                         0      0        0

 COOLING
  TODAY           21                        20      1       20
  MONTH TO DATE  495                       479     16      451
  SINCE JUN 1   1757                      1610    147     1659
  SINCE JAN 1   2529                      2239    290     2284
..................................................................


WIND (MPH)
  HIGHEST WIND SPEED    23   HIGHEST WIND DIRECTION     N (350)
  HIGHEST GUST SPEED    28   HIGHEST GUST DIRECTION     N (340)
  AVERAGE WIND SPEED     4.9


SKY COVER
  AVERAGE SKY COVER 0.2


WEATHER CONDITIONS
 THE FOLLOWING WEATHER WAS RECORDED TODAY.
  NO SIGNIFICANT WEATHER WAS OBSERVED.


RELATIVE HUMIDITY (PERCENT)
 HIGHEST    82           400 AM
 LOWEST     33           400 PM
 AVERAGE    58

..........................................................


THE SAN ANTONIO CLIMATE NORMALS FOR TOMORROW
                         NORMAL    RECORD    YEAR
 MAXIMUM TEMPERATURE (F)   96       103      2013
                                             2010
 MINIMUM TEMPERATURE (F)   74        57      1891


SUNRISE AND SUNSET
AUGUST 23 2017........SUNRISE   707 AM CDT   SUNSET   806 PM CDT
AUGUST 24 2017........SUNRISE   707 AM CDT   SUNSET   805 PM CDT


-  INDICATES NEGATIVE NUMBERS.
R  INDICATES RECORD WAS SET OR TIED.
MM INDICATES DATA IS MISSING.
T  INDICATES TRACE AMOUNT.




$$
