000
CDUS42 KCHS 012112
CLISAV


CLIMATE REPORT
NATIONAL WEATHER SERVICE CHARLESTON SC
511 PM EDT MON JUN 1 2015


...................................

...THE SAVANNAH GA CLIMATE SUMMARY FOR JUNE 1 2015...
VALID TODAY AS OF 500 PM LOCAL TIME.

CLIMATE NORMAL PERIOD 1981 TO 2010
CLIMATE RECORD PERIOD 1871 TO 2015


WEATHER ITEM   OBSERVED TIME   RECORD YEAR NORMAL DEPARTURE LAST
                VALUE   (LST)  VALUE       VALUE  FROM      YEAR
                                                  NORMAL
..................................................................
TEMPERATURE (F)
 TODAY
  MAXIMUM         88    128 PM 103    1953  88      0       82
  MINIMUM         65    505 AM  50    1889  67     -2       65
  AVERAGE         77                        77      0       74

PRECIPITATION (IN)
  TODAY            0.00          2.82 1956   0.17  -0.17      T
  MONTH TO DATE    0.00                      0.17  -0.17      T
  SINCE JUN 1      0.00                      0.17  -0.17      T
  SINCE JAN 1     17.33                     16.43   0.90    15.79

DEGREE DAYS
 HEATING
  TODAY            0                         0      0        0
  MONTH TO DATE    0                         0      0        0
  SINCE JUN 1      0                         0      0        0
  SINCE JUL 1   1693                      1812   -119     1682

 COOLING
  TODAY           12                        12      0        9
  MONTH TO DATE   12                        12      0        9
  SINCE JUN 1     12                        12      0        9
  SINCE JAN 1    547                       415    132      498
..................................................................


WIND (MPH)
  HIGHEST WIND SPEED    15   HIGHEST WIND DIRECTION     S (170)
  HIGHEST GUST SPEED    18   HIGHEST GUST DIRECTION     S (170)
  AVERAGE WIND SPEED     3.9


SKY COVER
  POSSIBLE SUNSHINE  MM
  AVERAGE SKY COVER 0.6


WEATHER CONDITIONS
 THE FOLLOWING WEATHER WAS RECORDED TODAY.
  NO SIGNIFICANT WEATHER WAS OBSERVED.


RELATIVE HUMIDITY (PERCENT)
 HIGHEST    93           100 AM
 LOWEST     40          1200 PM
 AVERAGE    67

..........................................................


THE SAVANNAH GA CLIMATE NORMALS FOR TOMORROW
                         NORMAL    RECORD    YEAR
 MAXIMUM TEMPERATURE (F)   88       104      1985
 MINIMUM TEMPERATURE (F)   67        53      1966


SUNRISE AND SUNSET
JUNE  1 2015..........SUNRISE   619 AM EDT   SUNSET   826 PM EDT
JUNE  2 2015..........SUNRISE   619 AM EDT   SUNSET   827 PM EDT


-  INDICATES NEGATIVE NUMBERS.
R  INDICATES RECORD WAS SET OR TIED.
MM INDICATES DATA IS MISSING.
T  INDICATES TRACE AMOUNT.

$$
