000
CDUS42 KCHS 180623
CLISAV


CLIMATE REPORT
NATIONAL WEATHER SERVICE CHARLESTON SC
123 AM EST SAT NOV 18 2017


...................................

...THE SAVANNAH GA CLIMATE SUMMARY FOR NOVEMBER 17 2017...

CLIMATE NORMAL PERIOD 1981 TO 2010
CLIMATE RECORD PERIOD 1871 TO 2017


WEATHER ITEM   OBSERVED TIME   RECORD YEAR NORMAL DEPARTURE LAST
                VALUE   (LST)  VALUE       VALUE  FROM      YEAR
                                                  NORMAL
..................................................................
TEMPERATURE (F)
 YESTERDAY
  MAXIMUM         69    309 PM  85    1964  70     -1       78
  MINIMUM         41    711 AM  28    1970  47     -6       43
  AVERAGE         55                        59     -4       61

PRECIPITATION (IN)
  YESTERDAY        0.00          1.28 1986   0.08  -0.08     0.00
  MONTH TO DATE    0.37                      1.33  -0.96      T
  SINCE SEP 1      7.61                      9.60  -1.99    16.59
  SINCE JAN 1     49.97                     43.97   6.00    50.96

SNOWFALL (IN)
  YESTERDAY        0.0                       0.0    0.0
  SINCE SEP 1      0.0                       0.0    0.0
  SINCE JUL 1      0.0                       0.0    0.0

DEGREE DAYS
 HEATING
  YESTERDAY       10                         7      3        4
  MONTH TO DATE   78                        94    -16       85
  SINCE SEP 1    126                       151    -25       97
  SINCE JUL 1    126                       151    -25       97

 COOLING
  YESTERDAY        0                         1     -1        0
  MONTH TO DATE   36                        27      9       32
  SINCE SEP 1    704                       532    172      674
  SINCE JAN 1   2964                      2439    525     2984
..................................................................


WIND (MPH)
  HIGHEST WIND SPEED    13   HIGHEST WIND DIRECTION    NE (60)
  HIGHEST GUST SPEED    18   HIGHEST GUST DIRECTION     E (70)
  AVERAGE WIND SPEED     5.2


SKY COVER
  POSSIBLE SUNSHINE  MM
  AVERAGE SKY COVER 0.1


WEATHER CONDITIONS
 THE FOLLOWING WEATHER WAS RECORDED YESTERDAY.
  FOG


RELATIVE HUMIDITY (PERCENT)
 HIGHEST   100          1200 AM
 LOWEST     35           100 PM
 AVERAGE    68

..........................................................


THE SAVANNAH GA CLIMATE NORMALS FOR TODAY
                         NORMAL    RECORD    YEAR
 MAXIMUM TEMPERATURE (F)   70        83      2013
                                             1978
                                             1958
 MINIMUM TEMPERATURE (F)   47        29      1965
                                             1951


SUNRISE AND SUNSET
NOVEMBER 18 2017......SUNRISE   657 AM EST   SUNSET   523 PM EST
NOVEMBER 19 2017......SUNRISE   657 AM EST   SUNSET   523 PM EST


-  INDICATES NEGATIVE NUMBERS.
R  INDICATES RECORD WAS SET OR TIED.
MM INDICATES DATA IS MISSING.
T  INDICATES TRACE AMOUNT.




$$
