000
CDUS42 KCHS 202110
CLISAV


CLIMATE REPORT
NATIONAL WEATHER SERVICE CHARLESTON SC
510 PM EDT THU JUL 20 2017


...................................

...THE SAVANNAH GA CLIMATE SUMMARY FOR JULY 20 2017...
VALID TODAY AS OF 0500 PM LOCAL TIME.

CLIMATE NORMAL PERIOD 1981 TO 2010
CLIMATE RECORD PERIOD 1871 TO 2017


WEATHER ITEM   OBSERVED TIME   RECORD YEAR NORMAL DEPARTURE LAST
                VALUE   (LST)  VALUE       VALUE  FROM      YEAR
                                                  NORMAL
..................................................................
TEMPERATURE (F)
 TODAY
  MAXIMUM         93    120 PM 105    1986  93      0       95
  MINIMUM         73    308 AM  64    1910  73      0       74
  AVERAGE         83                        83      0       85

PRECIPITATION (IN)
  TODAY            T             3.12 1941   0.19  -0.19     0.04
  MONTH TO DATE    4.47                      3.43   1.04     0.32
  SINCE JUN 1     11.12                      9.38   1.74     7.28
  SINCE JAN 1     34.87                     25.64   9.23    29.95

DEGREE DAYS
 HEATING
  TODAY            0                         0      0        0
  MONTH TO DATE    0                         0      0        0
  SINCE JUN 1      0                         0      0        0
  SINCE JUL 1      0                         0      0        0

 COOLING
  TODAY           18                        18      0       20
  MONTH TO DATE  382                       352     30      424
  SINCE JUN 1    836                       798     38      940
  SINCE JAN 1   1510                      1201    309     1468
..................................................................


WIND (MPH)
  HIGHEST WIND SPEED    22   HIGHEST WIND DIRECTION     S (170)
  HIGHEST GUST SPEED    28   HIGHEST GUST DIRECTION    SE (150)
  AVERAGE WIND SPEED     1.7


SKY COVER
  POSSIBLE SUNSHINE  MM
  AVERAGE SKY COVER 0.3


WEATHER CONDITIONS
 THE FOLLOWING WEATHER WAS RECORDED TODAY.
  THUNDERSTORM
  LIGHT RAIN
  FOG


RELATIVE HUMIDITY (PERCENT)
 HIGHEST    94          1200 AM
 LOWEST     48           100 PM
 AVERAGE    71

..........................................................


THE SAVANNAH GA CLIMATE NORMALS FOR TOMORROW
                         NORMAL    RECORD    YEAR
 MAXIMUM TEMPERATURE (F)   93       103      1942
 MINIMUM TEMPERATURE (F)   73        64      1910


SUNRISE AND SUNSET
JULY 20 2017..........SUNRISE   632 AM EDT   SUNSET   830 PM EDT
JULY 21 2017..........SUNRISE   633 AM EDT   SUNSET   829 PM EDT


-  INDICATES NEGATIVE NUMBERS.
R  INDICATES RECORD WAS SET OR TIED.
MM INDICATES DATA IS MISSING.
T  INDICATES TRACE AMOUNT.




$$
