000
CDUS42 KCHS 230601
CLISAV


CLIMATE REPORT
NATIONAL WEATHER SERVICE CHARLESTON SC
201 AM EDT SUN APR 23 2017


...................................

...THE SAVANNAH GA CLIMATE SUMMARY FOR APRIL 22 2017...

CLIMATE NORMAL PERIOD 1981 TO 2010
CLIMATE RECORD PERIOD 1871 TO 2017


WEATHER ITEM   OBSERVED TIME   RECORD YEAR NORMAL DEPARTURE LAST
                VALUE   (LST)  VALUE       VALUE  FROM      YEAR
                                                  NORMAL
..................................................................
TEMPERATURE (F)
 YESTERDAY
  MAXIMUM         89    217 PM  92    1988  79     10       84
  MINIMUM         63    546 AM  40    1962  55      8       65
  AVERAGE         76                        67      9       75

PRECIPITATION (IN)
  YESTERDAY        0.00          2.01 1994   0.10  -0.10     0.72
  MONTH TO DATE    2.84                      2.35   0.49     2.26
  SINCE MAR 1      3.34                      6.08  -2.74     7.27
  SINCE JAN 1     12.17                     12.56  -0.39    13.68

SNOWFALL (IN)
  YESTERDAY        0.0                       0.0    0.0
  SINCE MAR 1      0.0                       T      0.0
  SINCE JUL 1      0.0                       0.3   -0.3

DEGREE DAYS
 HEATING
  YESTERDAY        0                         2     -2        0
  MONTH TO DATE   19                        66    -47       42
  SINCE MAR 1    212                       276    -64      142
  SINCE JUL 1   1022                      1793   -771     1211

 COOLING
  YESTERDAY       11                         4      7       10
  MONTH TO DATE  114                        59     55       35
  SINCE MAR 1    189                        91     98      141
  SINCE JAN 1    247                       101    146      162
..................................................................


WIND (MPH)
  HIGHEST WIND SPEED    21   HIGHEST WIND DIRECTION     S (170)
  HIGHEST GUST SPEED    26   HIGHEST GUST DIRECTION     S (180)
  AVERAGE WIND SPEED    10.3


SKY COVER
  POSSIBLE SUNSHINE  MM
  AVERAGE SKY COVER 0.3


WEATHER CONDITIONS
 THE FOLLOWING WEATHER WAS RECORDED YESTERDAY.
  FOG


RELATIVE HUMIDITY (PERCENT)
 HIGHEST    93           600 AM
 LOWEST     36           200 PM
 AVERAGE    65

..........................................................


THE SAVANNAH GA CLIMATE NORMALS FOR TODAY
                         NORMAL    RECORD    YEAR
 MAXIMUM TEMPERATURE (F)   79        92      1980
 MINIMUM TEMPERATURE (F)   55        38      1993


SUNRISE AND SUNSET
APRIL 23 2017.........SUNRISE   647 AM EDT   SUNSET   800 PM EDT
APRIL 24 2017.........SUNRISE   645 AM EDT   SUNSET   801 PM EDT


-  INDICATES NEGATIVE NUMBERS.
R  INDICATES RECORD WAS SET OR TIED.
MM INDICATES DATA IS MISSING.
T  INDICATES TRACE AMOUNT.




$$
