000
CDUS42 KCHS 290601
CLISAV


CLIMATE REPORT
NATIONAL WEATHER SERVICE CHARLESTON SC
201 AM EDT SAT AUG 29 2015


...................................

...THE SAVANNAH GA CLIMATE SUMMARY FOR AUGUST 28 2015...

CLIMATE NORMAL PERIOD 1981 TO 2010
CLIMATE RECORD PERIOD 1871 TO 2015


WEATHER ITEM   OBSERVED TIME   RECORD YEAR NORMAL DEPARTURE LAST
                VALUE   (LST)  VALUE       VALUE  FROM      YEAR
                                                  NORMAL
..................................................................
TEMPERATURE (F)
 YESTERDAY
  MAXIMUM         86    322 PM  99    1903  89     -3       92
  MINIMUM         73    802 AM  60    1927  72      1       65
  AVERAGE         80                        80      0       79

PRECIPITATION (IN)
  YESTERDAY        0.03          4.61 1964   0.21  -0.18     0.00
  MONTH TO DATE    5.94                      5.98  -0.04     3.41
  SINCE JUN 1     16.93                     17.53  -0.60    19.27
  SINCE JAN 1     34.26                     33.79   0.47    35.06

DEGREE DAYS
 HEATING
  YESTERDAY        0                         0      0        0
  MONTH TO DATE    0                         0      0        0
  SINCE JUN 1      0                         0      0        0
  SINCE JUL 1      0                         0      0        0

 COOLING
  YESTERDAY       15                        15      0       14
  MONTH TO DATE  485                       465     20      514
  SINCE JUN 1   1577                      1457    120     1568
  SINCE JAN 1   2112                      1860    252     2057
..................................................................


WIND (MPH)
  HIGHEST WIND SPEED    21   HIGHEST WIND DIRECTION    NE (60)
  HIGHEST GUST SPEED    26   HIGHEST GUST DIRECTION    NE (50)
  AVERAGE WIND SPEED     7.3


SKY COVER
  POSSIBLE SUNSHINE  MM
  AVERAGE SKY COVER 0.6


WEATHER CONDITIONS
 THE FOLLOWING WEATHER WAS RECORDED YESTERDAY.
  LIGHT RAIN
  FOG


RELATIVE HUMIDITY (PERCENT)
 HIGHEST    94          1100 PM
 LOWEST     65           300 PM
 AVERAGE    80

..........................................................


THE SAVANNAH GA CLIMATE NORMALS FOR TODAY
                         NORMAL    RECORD    YEAR
 MAXIMUM TEMPERATURE (F)   89        98      1990
                                             1983
                                             1943
 MINIMUM TEMPERATURE (F)   72        57      1986


SUNRISE AND SUNSET
AUGUST 29 2015........SUNRISE   658 AM EDT   SUNSET   753 PM EDT
AUGUST 30 2015........SUNRISE   659 AM EDT   SUNSET   752 PM EDT


-  INDICATES NEGATIVE NUMBERS.
R  INDICATES RECORD WAS SET OR TIED.
MM INDICATES DATA IS MISSING.
T  INDICATES TRACE AMOUNT.

$$
