000
CDUS42 KCHS 222209
CLISAV


CLIMATE REPORT
NATIONAL WEATHER SERVICE CHARLESTON SC
506 PM EST MON DEC 22 2014


...................................

...THE SAVANNAH GA CLIMATE SUMMARY FOR DECEMBER 22 2014...
VALID TODAY AS OF 0500 PM LOCAL TIME.

CLIMATE NORMAL PERIOD 1981 TO 2010
CLIMATE RECORD PERIOD 1871 TO 2014


WEATHER ITEM   OBSERVED TIME   RECORD YEAR NORMAL DEPARTURE LAST
                VALUE   (LST)  VALUE       VALUE  FROM      YEAR
                                                  NORMAL
..................................................................
TEMPERATURE (F)
 TODAY
  MAXIMUM         54    345 PM  83    2013  61     -7       83
  MINIMUM         47   1241 AM  20    1973  40      7       70
                                      1960
  AVERAGE         51                        50      1       77

PRECIPITATION (IN)
  TODAY            1.08          2.66 1929   0.10   0.98      T
  MONTH TO DATE    1.63                      2.05  -0.42     1.26
  SINCE DEC 1      1.63                      2.05  -0.42     1.26
  SINCE JAN 1     48.17                     47.06   1.11    52.95

SNOWFALL (IN)
  TODAY            0.0                       0.0    0.0
  SINCE DEC 1      0.0                       0.1   -0.1
  SINCE JUL 1      0.0                       0.1   -0.1

DEGREE DAYS
 HEATING
  TODAY           14                        15     -1        0
  MONTH TO DATE  209                       284    -75      167
  SINCE DEC 1    209                       284    -75      167
  SINCE JUL 1    501                       551    -50      423

 COOLING
  TODAY            0                         0      0       12
  MONTH TO DATE    5                         3      2       34
  SINCE DEC 1      5                         3      2       34
  SINCE JAN 1   2731                      2452    279     2487
..................................................................


WIND (MPH)
  HIGHEST WIND SPEED    13   HIGHEST WIND DIRECTION     E (110)
  HIGHEST GUST SPEED    MM   HIGHEST GUST DIRECTION    MM
  AVERAGE WIND SPEED     5.6


SKY COVER
  POSSIBLE SUNSHINE  MM
  AVERAGE SKY COVER 1.0


WEATHER CONDITIONS
 THE FOLLOWING WEATHER WAS RECORDED TODAY.
  HEAVY RAIN
  RAIN
  LIGHT RAIN
  FOG


RELATIVE HUMIDITY (PERCENT)
 HIGHEST    93           100 AM
 LOWEST     86          1200 AM
 AVERAGE    90

..........................................................


THE SAVANNAH GA CLIMATE NORMALS FOR TOMORROW
                         NORMAL    RECORD    YEAR
 MAXIMUM TEMPERATURE (F)   61        81      1956
 MINIMUM TEMPERATURE (F)   40        18      1989


SUNRISE AND SUNSET
DECEMBER 22 2014......SUNRISE   722 AM EST   SUNSET   525 PM EST
DECEMBER 23 2014......SUNRISE   723 AM EST   SUNSET   525 PM EST


-  INDICATES NEGATIVE NUMBERS.
R  INDICATES RECORD WAS SET OR TIED.
MM INDICATES DATA IS MISSING.
T  INDICATES TRACE AMOUNT.




$$
