000
CDUS46 KLOX 310115
CLISBA


CLIMATE REPORT
NATIONAL WEATHER SERVICE LOS ANGELES/OXNARD CA
615 PM PDT SAT AUG 30 2014


...................................

...THE SANTA BARBARA AIRPORT CA CLIMATE SUMMARY FOR AUGUST 30 2014...
VALID TODAY AS OF 0600 PM LOCAL TIME.

CLIMATE NORMAL PERIOD 1981 TO 2010
CLIMATE RECORD PERIOD 1940 TO 2014


WEATHER ITEM   OBSERVED TIME   RECORD YEAR NORMAL DEPARTURE LAST
                VALUE   (LST)  VALUE       VALUE  FROM      YEAR
                                                  NORMAL
..................................................................
TEMPERATURE (F)
 TODAY
  MAXIMUM         77    210 PM 101    1984  75      2       84
  MINIMUM         58    323 AM  48    2010  57      1       62
  AVERAGE         68                        66      2       73

PRECIPITATION (IN)
  TODAY            0.00          0.01 1951   0.01  -0.01     0.00
  MONTH TO DATE    0.01                      0.12  -0.11     0.00
  SINCE JUL 1      0.02                      0.15  -0.13     0.07
  SINCE JAN 1      5.22                     12.20  -6.98     3.42

SNOWFALL (IN)
  TODAY            0.0
  MONTH TO DATE    0.0
  SINCE JUN 1      0.0
  SINCE JUL 1      0.0

DEGREE DAYS
 HEATING
  TODAY            0                         1     -1        0
  MONTH TO DATE    0                        30    -30       21
  SINCE JUN 1     52                       147    -95       73
  SINCE JUL 1      0                        57    -57       30

 COOLING
  TODAY            3                         2      1        8
  MONTH TO DATE   88                        60     28       38
  SINCE JUN 1    259                       118    141      130
  SINCE JAN 1    327                       132    195      187
..................................................................


WIND (MPH)
  HIGHEST WIND SPEED    13   HIGHEST WIND DIRECTION    SE (150)
  HIGHEST GUST SPEED    15   HIGHEST GUST DIRECTION    SE (140)
  AVERAGE WIND SPEED     4.4


SKY COVER
  POSSIBLE SUNSHINE  MM
  AVERAGE SKY COVER 0.0


WEATHER CONDITIONS
 THE FOLLOWING WEATHER WAS RECORDED TODAY.
  HAZE


RELATIVE HUMIDITY (PERCENT)
 HIGHEST    90           200 AM
 LOWEST     60           200 PM
 AVERAGE    75

..........................................................


THE SANTA BARBARA AIRPORT CA CLIMATE NORMALS FOR TOMORROW
                         NORMAL    RECORD    YEAR
 MAXIMUM TEMPERATURE (F)   75        94      1955
 MINIMUM TEMPERATURE (F)   57        48      1941


SUNRISE AND SUNSET
AUGUST 30 2014........SUNRISE   631 AM PDT   SUNSET   728 PM PDT
AUGUST 31 2014........SUNRISE   632 AM PDT   SUNSET   727 PM PDT


-  INDICATES NEGATIVE NUMBERS.
R  INDICATES RECORD WAS SET OR TIED.
MM INDICATES DATA IS MISSING.
T  INDICATES TRACE AMOUNT.




$$
