000
CDUS46 KLOX 280943
CLISBA


CLIMATE REPORT
NATIONAL WEATHER SERVICE LOS ANGELES/OXNARD CA
242 AM PDT TUE MAR 28 2017


...................................

...THE SANTA BARBARA AIRPORT CA CLIMATE SUMMARY FOR MARCH 27 2017...

CLIMATE NORMAL PERIOD 1981 TO 2010
CLIMATE RECORD PERIOD 1940 TO 2017


WEATHER ITEM   OBSERVED TIME   RECORD YEAR NORMAL DEPARTURE LAST
                VALUE   (LST)  VALUE       VALUE  FROM      YEAR
                                                  NORMAL
..................................................................
TEMPERATURE (F)
 YESTERDAY
  MAXIMUM         75    143 PM  85    1988  66      9       66
  MINIMUM         51   1238 AM  33    1942  46      5       55
  AVERAGE         63                        56      7       61

PRECIPITATION (IN)
  YESTERDAY        0.00          1.56 1979   0.08  -0.08     0.00
  MONTH TO DATE    0.96                      2.89  -1.93     2.51
  SINCE OCT 1     23.70                     15.65   8.05     9.65
  SINCE JAN 1     18.89                     10.35   8.54     8.77

SNOWFALL (IN)
  YESTERDAY        0.0
  MONTH TO DATE    0.0
  SINCE MAR 1      0.0
  SINCE JUL 1      0.0

DEGREE DAYS
 HEATING
  YESTERDAY        2                         9     -7        4
  MONTH TO DATE  195                       259    -64      151
  SINCE MAR 1    195                       259    -64      151
  SINCE JUL 1   1563                      1860   -297     1214

 COOLING
  YESTERDAY        0                         0      0        0
  MONTH TO DATE    0                         0      0        6
  SINCE MAR 1      0                         0      0        6
  SINCE JAN 1      0                         0      0        8
..................................................................


WIND (MPH)
  HIGHEST WIND SPEED    24   HIGHEST WIND DIRECTION    NW (320)
  HIGHEST GUST SPEED    33   HIGHEST GUST DIRECTION     N (340)
  AVERAGE WIND SPEED    10.6


SKY COVER
  POSSIBLE SUNSHINE  MM
  AVERAGE SKY COVER 0.1


WEATHER CONDITIONS
 THE FOLLOWING WEATHER WAS RECORDED YESTERDAY.
  NO SIGNIFICANT WEATHER WAS OBSERVED.


RELATIVE HUMIDITY (PERCENT)
 HIGHEST    89          1200 AM
 LOWEST     23           100 PM
 AVERAGE    56

..........................................................


THE SANTA BARBARA AIRPORT CA CLIMATE NORMALS FOR TODAY
                         NORMAL    RECORD    YEAR
 MAXIMUM TEMPERATURE (F)   66        84      2004
                                             1989
 MINIMUM TEMPERATURE (F)   46        36      1972


SUNRISE AND SUNSET
MARCH 28 2017.........SUNRISE   652 AM PDT   SUNSET   718 PM PDT
MARCH 29 2017.........SUNRISE   650 AM PDT   SUNSET   718 PM PDT


-  INDICATES NEGATIVE NUMBERS.
R  INDICATES RECORD WAS SET OR TIED.
MM INDICATES DATA IS MISSING.
T  INDICATES TRACE AMOUNT.




$$
