000
CDUS46 KLOX 150111
CLISBA


CLIMATE REPORT
NATIONAL WEATHER SERVICE LOS ANGELES/OXNARD CA
511 PM PST THU DEC 14 2017


...................................

...THE SANTA BARBARA AIRPORT CA CLIMATE SUMMARY FOR DECEMBER 14 2017...
VALID TODAY AS OF 0500 PM LOCAL TIME.

CLIMATE NORMAL PERIOD 1981 TO 2010
CLIMATE RECORD PERIOD 1940 TO 2017


WEATHER ITEM   OBSERVED TIME   RECORD YEAR NORMAL DEPARTURE LAST
                VALUE   (LST)  VALUE       VALUE  FROM      YEAR
                                                  NORMAL
..................................................................
TEMPERATURE (F)
 TODAY
  MAXIMUM         70    101 PM  79    1983  63      7       64
  MINIMUM         34    620 AM  25    1967  40     -6       44
  AVERAGE         52                        52      0       54

PRECIPITATION (IN)
  TODAY            0.00          0.61 2002   0.09  -0.09     0.00
  MONTH TO DATE    0.00                      1.04  -1.04     0.04
  SINCE OCT 1      0.07                      3.40  -3.33     1.66
  SINCE JAN 1     19.76                     15.86   3.90    11.00

SNOWFALL (IN)
  TODAY            0.0
  MONTH TO DATE    0.0
  SINCE DEC 1      0.0
  SINCE JUL 1      0.0

DEGREE DAYS
 HEATING
  TODAY           13                        13      0       11
  MONTH TO DATE  153                       176    -23      149
  SINCE DEC 1    153                       176    -23      149
  SINCE JUL 1    404                       654   -250      478

 COOLING
  TODAY            0                         0      0        0
  MONTH TO DATE    0                         0      0        0
  SINCE DEC 1      0                         0      0        0
  SINCE JAN 1    385                       188    197      259
..................................................................


WIND (MPH)
  HIGHEST WIND SPEED     9   HIGHEST WIND DIRECTION     W (270)
  HIGHEST GUST SPEED    12   HIGHEST GUST DIRECTION    SW (230)
  AVERAGE WIND SPEED     2.2


SKY COVER
  POSSIBLE SUNSHINE  MM
  AVERAGE SKY COVER 0.2


WEATHER CONDITIONS
 THE FOLLOWING WEATHER WAS RECORDED TODAY.
  HAZE


RELATIVE HUMIDITY (PERCENT)
 HIGHEST    76           100 AM
 LOWEST     37          1200 PM
 AVERAGE    57

..........................................................


THE SANTA BARBARA AIRPORT CA CLIMATE NORMALS FOR TOMORROW
                         NORMAL    RECORD    YEAR
 MAXIMUM TEMPERATURE (F)   63        82      1942
 MINIMUM TEMPERATURE (F)   40        27      1967


SUNRISE AND SUNSET
DECEMBER 14 2017......SUNRISE   658 AM PST   SUNSET   450 PM PST
DECEMBER 15 2017......SUNRISE   659 AM PST   SUNSET   451 PM PST


-  INDICATES NEGATIVE NUMBERS.
R  INDICATES RECORD WAS SET OR TIED.
MM INDICATES DATA IS MISSING.
T  INDICATES TRACE AMOUNT.




$$
