000
CDUS43 KIWX 160528
CLISBN


CLIMATE REPORT
NATIONAL WEATHER SERVICE NORTHERN INDIANA
1225 AM EST SAT DEC 16 2017


...................................

...THE SOUTH BEND CLIMATE SUMMARY FOR DECEMBER 15 2017...

CLIMATE NORMAL PERIOD 1981 TO 2010
CLIMATE RECORD PERIOD 1893 TO 2017


WEATHER ITEM   OBSERVED TIME   RECORD YEAR NORMAL DEPARTURE LAST
                VALUE   (LST)  VALUE       VALUE  FROM      YEAR
                                                  NORMAL
..................................................................
TEMPERATURE (F)
 YESTERDAY
  MAXIMUM         31   1159 PM  62    1971  35     -4       11
  MINIMUM         11   1222 AM -12    1901  22    -11        3
  AVERAGE         21                        29     -8        7

PRECIPITATION (IN)
  YESTERDAY        0.02          1.36 1987   0.08  -0.06     0.02
  MONTH TO DATE    0.66                      1.32  -0.66     1.21
  SINCE DEC 1      0.66                      1.32  -0.66     1.21
  SINCE JAN 1     42.82                     36.71   6.11    45.82

SNOWFALL (IN)
  YESTERDAY        0.4           4.0  1946   0.7   -0.3      1.1
  MONTH TO DATE   13.4                       7.3    6.1     15.1
  SINCE DEC 1     13.4                       7.3    6.1     15.1
  SINCE JUL 1     13.4                      12.5    0.9     15.6
  SNOW DEPTH       4

DEGREE DAYS
 HEATING
  YESTERDAY       44                        36      8       58
  MONTH TO DATE  526                       509     17      599
  SINCE DEC 1    526                       509     17      599
  SINCE JUL 1   1709                      1778    -69     1500

 COOLING
  YESTERDAY        0                         0      0        0
  MONTH TO DATE    0                         0      0        0
  SINCE DEC 1      0                         0      0        0
  SINCE JAN 1    692                       773    -81      950
..................................................................


WIND (MPH)
  HIGHEST WIND SPEED    22   HIGHEST WIND DIRECTION     W (280)
  HIGHEST GUST SPEED    27   HIGHEST GUST DIRECTION     W (270)
  AVERAGE WIND SPEED    11.8


SKY COVER
  AVERAGE SKY COVER 1.0


WEATHER CONDITIONS
 THE FOLLOWING WEATHER WAS RECORDED YESTERDAY.
  SNOW
  LIGHT SNOW
  FOG
  HAZE


RELATIVE HUMIDITY (PERCENT)
 HIGHEST    96          1100 AM
 LOWEST     68           100 PM
 AVERAGE    82

..........................................................


THE SOUTH BEND CLIMATE NORMALS FOR TODAY
                         NORMAL    RECORD    YEAR
 MAXIMUM TEMPERATURE (F)   35        65      1984
 MINIMUM TEMPERATURE (F)   22       -16      1951


SUNRISE AND SUNSET
DECEMBER 16 2017......SUNRISE   806 AM EST   SUNSET   516 PM EST
DECEMBER 17 2017......SUNRISE   807 AM EST   SUNSET   516 PM EST


-  INDICATES NEGATIVE NUMBERS.
R  INDICATES RECORD WAS SET OR TIED.
MM INDICATES DATA IS MISSING.
T  INDICATES TRACE AMOUNT.




$$
