749
CDUS41 KAKQ 240545
CLISBY


CLIMATE REPORT
NATIONAL WEATHER SERVICE WAKEFIELD, VA
145 AM EDT FRI MAR 24 2017


...................................

...THE SALISBURY MD CLIMATE SUMMARY FOR MARCH 23 2017...

CLIMATE NORMAL PERIOD 1981 TO 2010
CLIMATE RECORD PERIOD 1900 TO 2017


WEATHER ITEM   OBSERVED TIME   RECORD YEAR NORMAL DEPARTURE LAST
                VALUE   (LST)  VALUE       VALUE  FROM      YEAR
                                                  NORMAL
..................................................................
TEMPERATURE (F)
 YESTERDAY
  MAXIMUM         47    429 PM  89    1907  57    -10       72
  MINIMUM         24    616 AM  13    1914  36    -12       49
  AVERAGE         36                        47    -11       61

PRECIPITATION (IN)
  YESTERDAY        0.00          1.73 2005   0.15  -0.15     0.00
  MONTH TO DATE    3.61                      3.24   0.37     1.47
  SINCE MAR 1      3.61                      3.24   0.37     1.47
  SINCE JAN 1      8.41                     10.20  -1.79     8.32

SNOWFALL (IN)
  YESTERDAY        0.0           3.0  1934   0.0    0.0
                                      2001
  MONTH TO DATE    T                         0.7   -0.7
  SINCE NOV 1      9.6                       9.0    0.6
  SINCE JUL 1      9.6                       9.0    0.6
  SNOW DEPTH       0

DEGREE DAYS
 HEATING
  YESTERDAY       29                        18     11        4
  MONTH TO DATE  539                       495     44      372
  SINCE MAR 1    539                       495     44      372
  SINCE JUL 1   3290                      3800   -510     3043

 COOLING
  YESTERDAY        0                         0      0        0
  MONTH TO DATE    2                         0      2        3
  SINCE MAR 1      2                         0      2        3
  SINCE JAN 1      2                         0      2        3
..................................................................


WIND (MPH)
  HIGHEST WIND SPEED    13   HIGHEST WIND DIRECTION     N (10)
  HIGHEST GUST SPEED    18   HIGHEST GUST DIRECTION     N (20)
  AVERAGE WIND SPEED     5.7


SKY COVER
  POSSIBLE SUNSHINE  MM
  AVERAGE SKY COVER 0.0


WEATHER CONDITIONS
 THE FOLLOWING WEATHER WAS RECORDED YESTERDAY.
  NO SIGNIFICANT WEATHER WAS OBSERVED.


RELATIVE HUMIDITY (PERCENT)
 HIGHEST    81          1000 PM
 LOWEST     17           400 PM
 AVERAGE    49

..........................................................


THE SALISBURY MD CLIMATE NORMALS FOR TODAY
                         NORMAL    RECORD    YEAR
 MAXIMUM TEMPERATURE (F)   58        83      1929
 MINIMUM TEMPERATURE (F)   37        17      1940


SUNRISE AND SUNSET
MARCH 24 2017.........SUNRISE   659 AM EDT   SUNSET   718 PM EDT
MARCH 25 2017.........SUNRISE   657 AM EDT   SUNSET   719 PM EDT


-  INDICATES NEGATIVE NUMBERS.
R  INDICATES RECORD WAS SET OR TIED.
MM INDICATES DATA IS MISSING.
T  INDICATES TRACE AMOUNT.




$$
