000
CDUS41 KAKQ 240545
CLISBY


CLIMATE REPORT
NATIONAL WEATHER SERVICE WAKEFIELD, VA
145 AM EDT SUN JUL 24 2016


...................................

...THE SALISBURY MD CLIMATE SUMMARY FOR JULY 23 2016...

CLIMATE NORMAL PERIOD 1981 TO 2010
CLIMATE RECORD PERIOD 1900 TO 2016


WEATHER ITEM   OBSERVED TIME   RECORD YEAR NORMAL DEPARTURE LAST
                VALUE   (LST)  VALUE       VALUE  FROM      YEAR
                                                  NORMAL
..................................................................
TEMPERATURE (F)
 YESTERDAY
  MAXIMUM         94    200 PM 103    2011  87      7       84
  MINIMUM         76    504 AM  52    1974  67      9       63
  AVERAGE         85                        77      8       74

PRECIPITATION (IN)
  YESTERDAY        0.00          2.86 1988   0.15  -0.15     0.00
  MONTH TO DATE    3.21                      3.05   0.16     3.42
  SINCE JUN 1      9.54                      6.76   2.78    11.68
  SINCE JAN 1     28.27                     25.31   2.96    28.89

SNOWFALL (IN)
  YESTERDAY        0.0           0.0  2002   0.0    0.0
                                      2001
  MONTH TO DATE    0.0                       0.0    0.0
  SINCE NOV 1     19.8                       9.3   10.5
  SINCE JUL 1      0.0                       0.0    0.0
  SNOW DEPTH       0

DEGREE DAYS
 HEATING
  YESTERDAY        0                         0      0        0
  MONTH TO DATE    0                         0      0        0
  SINCE JUN 1      1                        19    -18       15
  SINCE JUL 1      0                         0      0        0

 COOLING
  YESTERDAY       20                        12      8        9
  MONTH TO DATE  316                       271     45      267
  SINCE JUN 1    529                       498     31      552
  SINCE JAN 1    614                       582     32      708
..................................................................


WIND (MPH)
  HIGHEST WIND SPEED    15   HIGHEST WIND DIRECTION     W (260)
  HIGHEST GUST SPEED    18   HIGHEST GUST DIRECTION     W (250)
  AVERAGE WIND SPEED     6.5


SKY COVER
  POSSIBLE SUNSHINE  MM
  AVERAGE SKY COVER 0.0


WEATHER CONDITIONS
 THE FOLLOWING WEATHER WAS RECORDED YESTERDAY.
  FOG


RELATIVE HUMIDITY (PERCENT)
 HIGHEST    97           100 AM
 LOWEST     52          1200 PM
 AVERAGE    75

..........................................................


THE SALISBURY MD CLIMATE NORMALS FOR TODAY
                         NORMAL    RECORD    YEAR
 MAXIMUM TEMPERATURE (F)   87       101      2010
 MINIMUM TEMPERATURE (F)   67        53      1947


SUNRISE AND SUNSET
JULY 24 2016..........SUNRISE   558 AM EDT   SUNSET   819 PM EDT
JULY 25 2016..........SUNRISE   559 AM EDT   SUNSET   818 PM EDT


-  INDICATES NEGATIVE NUMBERS.
R  INDICATES RECORD WAS SET OR TIED.
MM INDICATES DATA IS MISSING.
T  INDICATES TRACE AMOUNT.




$$
