000
CDUS46 KSTO 190849
CLISCK


CLIMATE REPORT
NATIONAL WEATHER SERVICE SACRAMENTO, CA
1249 AM PST FRI JAN 19 2018


...................................

...THE STOCKTON AIRPORT CA CLIMATE SUMMARY FOR JANUARY 18 2018...

CLIMATE NORMAL PERIOD 1981 TO 2010
CLIMATE RECORD PERIOD 1948 TO 2018


WEATHER ITEM   OBSERVED TIME   RECORD YEAR NORMAL DEPARTURE LAST
                VALUE   (LST)  VALUE       VALUE  FROM      YEAR
                                                  NORMAL
..................................................................
TEMPERATURE (F)
 YESTERDAY
  MAXIMUM         61    302 PM  69    2009  54      7       50
  MINIMUM         51    600 AM  25    2012  38     13       42
                                      1963
  AVERAGE         56

PRECIPITATION (IN)
  YESTERDAY        0.14          0.95 2017   0.08   0.06     0.95
  MONTH TO DATE    2.70                      1.57   1.13     4.93
  SINCE OCT 1      3.66                      6.30  -2.64    11.09
  SINCE JAN 1      2.70                      1.57   1.13     4.93

SNOWFALL (IN)
  YESTERDAY        0.0           0.0  2002
  MONTH TO DATE    0.0
  SINCE DEC 1      0.0
  SINCE JUL 1      0.0
  SNOW DEPTH       0

DEGREE DAYS
 HEATING
  YESTERDAY        9                        19    -10       19
  MONTH TO DATE  213                       357   -144      325
  SINCE DEC 1    744                       960   -216      896
  SINCE JUL 1   1048                      1417   -369     1165

 COOLING
  YESTERDAY        0                         0      0        0
  MONTH TO DATE    0                         0      0        0
  SINCE DEC 1      0                         0      0        0
  SINCE JAN 1      0                         0      0        0
..................................................................


WIND (MPH)
  RESULTANT WIND SPEED   5   RESULTANT WIND DIRECTION  SE (150)
  HIGHEST WIND SPEED    16   HIGHEST WIND DIRECTION    NW (310)
  HIGHEST GUST SPEED    19   HIGHEST GUST DIRECTION     W (290)


SKY COVER
  POSSIBLE SUNSHINE  MM
  AVERAGE SKY COVER 1.0


WEATHER CONDITIONS
 THE FOLLOWING WEATHER WAS RECORDED YESTERDAY.
  LIGHT RAIN
  FOG
  HAZE


RELATIVE HUMIDITY (PERCENT)
 HIGHEST   100           100 AM
 LOWEST     72           300 PM
 AVERAGE    86

..........................................................


THE STOCKTON AIRPORT CA CLIMATE NORMALS FOR TODAY
                         NORMAL    RECORD    YEAR
 MAXIMUM TEMPERATURE (F)   54        71      1981
 MINIMUM TEMPERATURE (F)   38        28      2007
                                             1976


SUNRISE AND SUNSET
JANUARY 19 2018.......SUNRISE   718 AM PST   SUNSET   514 PM PST
JANUARY 20 2018.......SUNRISE   717 AM PST   SUNSET   515 PM PST


-  INDICATES NEGATIVE NUMBERS.
R  INDICATES RECORD WAS SET OR TIED.
MM INDICATES DATA IS MISSING.
T  INDICATES TRACE AMOUNT.




$$
