031
CDUS46 KSTO 280851
CLISCK


CLIMATE REPORT
NATIONAL WEATHER SERVICE SACRAMENTO, CA
150 AM PDT SUN MAY 28 2017


...................................

...THE STOCKTON AIRPORT CA CLIMATE SUMMARY FOR MAY 27 2017...

CLIMATE NORMAL PERIOD 1981 TO 2010
CLIMATE RECORD PERIOD 1948 TO 2017


WEATHER ITEM   OBSERVED TIME   RECORD YEAR NORMAL DEPARTURE LAST
                VALUE   (LST)  VALUE       VALUE  FROM      YEAR
                                                  NORMAL
..................................................................
TEMPERATURE (F)
 YESTERDAY
  MAXIMUM         84    242 PM 102    1984  84      0       90
  MINIMUM         51    517 AM  43    1998  54     -3       51
  AVERAGE         68

PRECIPITATION (IN)
  YESTERDAY        0.00          1.66 1990   0.01  -0.01     0.00
  MONTH TO DATE    T                         0.48  -0.48     0.35
  SINCE OCT 1     21.68                     13.63   8.05    16.69
  SINCE JAN 1     15.52                      8.90   6.62    12.12

SNOWFALL (IN)
  YESTERDAY        0.0          MM      MM
  MONTH TO DATE    0.0
  SINCE MAR 1      0.0
  SINCE JUL 1      0.0
  SNOW DEPTH       0

DEGREE DAYS
 HEATING
  YESTERDAY        0                         1     -1        0
  MONTH TO DATE   26                        55    -29       37
  SINCE MAR 1    401                       569   -168      348
  SINCE JUL 1   2110                      2631   -521     2066

 COOLING
  YESTERDAY        3                         5     -2        6
  MONTH TO DATE  138                        82     56       76
  SINCE MAR 1    140                        99     41      102
  SINCE JAN 1    140                        99     41      102
..................................................................


WIND (MPH)
  RESULTANT WIND SPEED   6   RESULTANT WIND DIRECTION  NW (320)
  HIGHEST WIND SPEED    16   HIGHEST WIND DIRECTION    NW (300)
  HIGHEST GUST SPEED    19   HIGHEST GUST DIRECTION    NW (300)


SKY COVER
  POSSIBLE SUNSHINE  MM
  AVERAGE SKY COVER 0.2


WEATHER CONDITIONS
 THE FOLLOWING WEATHER WAS RECORDED YESTERDAY.
  NO SIGNIFICANT WEATHER WAS OBSERVED.


RELATIVE HUMIDITY (PERCENT)
 HIGHEST    89           400 AM
 LOWEST     37           200 PM
 AVERAGE    63

..........................................................


THE STOCKTON AIRPORT CA CLIMATE NORMALS FOR TODAY
                         NORMAL    RECORD    YEAR
 MAXIMUM TEMPERATURE (F)   84       107      1984
 MINIMUM TEMPERATURE (F)   54        42      2010


SUNRISE AND SUNSET
MAY 28 2017...........SUNRISE   546 AM PDT   SUNSET   819 PM PDT
MAY 29 2017...........SUNRISE   545 AM PDT   SUNSET   820 PM PDT


-  INDICATES NEGATIVE NUMBERS.
R  INDICATES RECORD WAS SET OR TIED.
MM INDICATES DATA IS MISSING.
T  INDICATES TRACE AMOUNT.




$$
