000
CDUS46 KSTO 220845
CLISCK


CLIMATE REPORT
NATIONAL WEATHER SERVICE SACRAMENTO, CA
142 AM PDT FRI SEP 22 2017


...................................

...THE STOCKTON AIRPORT CA CLIMATE SUMMARY FOR SEPTEMBER 21 2017...

CLIMATE NORMAL PERIOD 1981 TO 2010
CLIMATE RECORD PERIOD 1948 TO 2017


WEATHER ITEM   OBSERVED TIME   RECORD YEAR NORMAL DEPARTURE LAST
                VALUE   (LST)  VALUE       VALUE  FROM      YEAR
                                                  NORMAL
..................................................................
TEMPERATURE (F)
 YESTERDAY
  MAXIMUM         76    257 PM 102    2015  87    -11       82
  MINIMUM         53    519 AM  47    1978  56     -3       59
                                      1960
  AVERAGE         65

PRECIPITATION (IN)
  YESTERDAY        0.00          0.27 2013   0.01  -0.01      T
  MONTH TO DATE    T                         0.16  -0.16      T
  SINCE OCT 1     21.79                     13.93   7.86    16.69
  SINCE JAN 1     15.63                      9.20   6.43    12.12

SNOWFALL (IN)
  YESTERDAY        0.0           0.0  2002
                                      2001
  MONTH TO DATE    0.0
  SINCE SEP 1      0.0
  SINCE JUL 1      0.0
  SNOW DEPTH       0

DEGREE DAYS
 HEATING
  YESTERDAY        0                         0      0        0
  MONTH TO DATE    0                         0      0        3
  SINCE SEP 1      0                         0      0        3
  SINCE JUL 1      0                         0      0        3

 COOLING
  YESTERDAY        0                         7     -7        6
  MONTH TO DATE  271                       173     98      159
  SINCE SEP 1    271                       173     98      159
  SINCE JAN 1   1702                      1217    485     1357
..................................................................


WIND (MPH)
  RESULTANT WIND SPEED  10   RESULTANT WIND DIRECTION   W (270)
  HIGHEST WIND SPEED    21   HIGHEST WIND DIRECTION     W (250)
  HIGHEST GUST SPEED    25   HIGHEST GUST DIRECTION    SW (240)


SKY COVER
  POSSIBLE SUNSHINE  MM
  AVERAGE SKY COVER 0.1


WEATHER CONDITIONS
 THE FOLLOWING WEATHER WAS RECORDED YESTERDAY.
  NO SIGNIFICANT WEATHER WAS OBSERVED.


RELATIVE HUMIDITY (PERCENT)
 HIGHEST    77           200 AM
 LOWEST     27           300 PM
 AVERAGE    52

..........................................................


THE STOCKTON AIRPORT CA CLIMATE NORMALS FOR TODAY
                         NORMAL    RECORD    YEAR
 MAXIMUM TEMPERATURE (F)   87       102      2003
                                             1949
 MINIMUM TEMPERATURE (F)   56        49      2013
                                             1968
                                             1956


SUNRISE AND SUNSET
SEPTEMBER 22 2017.....SUNRISE   653 AM PDT   SUNSET   701 PM PDT
SEPTEMBER 23 2017.....SUNRISE   654 AM PDT   SUNSET   700 PM PDT


-  INDICATES NEGATIVE NUMBERS.
R  INDICATES RECORD WAS SET OR TIED.
MM INDICATES DATA IS MISSING.
T  INDICATES TRACE AMOUNT.




$$
