000
CDUS46 KSTO 290032
CLISCK


CLIMATE REPORT
NATIONAL WEATHER SERVICE SACRAMENTO, CA
532 PM PDT THU APR 28 2016


...................................

...THE STOCKTON AIRPORT CA CLIMATE SUMMARY FOR APRIL 28 2016...
VALID TODAY AS OF 0500 PM LOCAL TIME.

CLIMATE NORMAL PERIOD 1981 TO 2010
CLIMATE RECORD PERIOD 1948 TO 2016


WEATHER ITEM   OBSERVED TIME   RECORD YEAR NORMAL DEPARTURE LAST
                VALUE   (LST)  VALUE       VALUE  FROM      YEAR
                                                  NORMAL
..................................................................
TEMPERATURE (F)
 TODAY
  MAXIMUM         80    345 PM  95    2007  76      4       88
  MINIMUM         51    326 AM  35    1967  48      3       56
  AVERAGE         66

PRECIPITATION (IN)
  TODAY            0.00          0.54 2003   0.02  -0.02     0.00
  MONTH TO DATE    2.83                      0.93   1.90     1.13
  SINCE OCT 1     16.34                     13.10   3.24    10.60
  SINCE JAN 1     11.77                      8.37   3.40     2.76

SNOWFALL (IN)
  TODAY            0.0          MM      MM
  MONTH TO DATE    0.0
  SINCE MAR 1      0.0
  SINCE JUL 1      0.0

DEGREE DAYS
 HEATING
  TODAY            0                         4     -4        0
  MONTH TO DATE   78                       181   -103      108
  SINCE MAR 1    310                       505   -195      232
  SINCE JUL 1   2028                      2567   -539     1671

 COOLING
  TODAY            1                         1      0        7
  MONTH TO DATE   23                        11     12       21
  SINCE MAR 1     23                        11     12       38
  SINCE JAN 1     23                        11     12       38
..................................................................


WIND (MPH)
  RESULTANT WIND SPEED  14   RESULTANT WIND DIRECTION  NW (300)
  HIGHEST WIND SPEED    25   HIGHEST WIND DIRECTION    NW (300)
  HIGHEST GUST SPEED    35   HIGHEST GUST DIRECTION     W (290)


SKY COVER
  POSSIBLE SUNSHINE  MM
  AVERAGE SKY COVER 0.0


WEATHER CONDITIONS
 THE FOLLOWING WEATHER WAS RECORDED TODAY.
  NO SIGNIFICANT WEATHER WAS OBSERVED.


RELATIVE HUMIDITY (PERCENT)
 HIGHEST    83          1200 AM
 LOWEST     23           300 PM
 AVERAGE    53

..........................................................


THE STOCKTON AIRPORT CA CLIMATE NORMALS FOR TOMORROW
                         NORMAL    RECORD    YEAR
 MAXIMUM TEMPERATURE (F)   77        96      1981
 MINIMUM TEMPERATURE (F)   48        39      2010
                                             1967


SUNRISE AND SUNSET
APRIL 28 2016.........SUNRISE   612 AM PDT   SUNSET   753 PM PDT
APRIL 29 2016.........SUNRISE   611 AM PDT   SUNSET   754 PM PDT


-  INDICATES NEGATIVE NUMBERS.
R  INDICATES RECORD WAS SET OR TIED.
MM INDICATES DATA IS MISSING.
T  INDICATES TRACE AMOUNT.




$$
