000
CDUS46 KLOX 310112
CLISDB


CLIMATE REPORT
NATIONAL WEATHER SERVICE LOS ANGELES/OXNARD CA
612 PM PDT SAT JUL 30 2016


...................................

...THE SANDBERG CA CLIMATE SUMMARY FOR JULY 30 2016...
VALID TODAY AS OF 0600 PM LOCAL TIME.

CLIMATE NORMAL PERIOD 1981 TO 2010
CLIMATE RECORD PERIOD 1934 TO 2016


WEATHER ITEM   OBSERVED TIME   RECORD YEAR NORMAL DEPARTURE LAST
                VALUE   (LST)  VALUE       VALUE  FROM      YEAR
                                                  NORMAL
..................................................................
TEMPERATURE (F)
 TODAY
  MAXIMUM         92    148 PM  97    1943  86      6       87
  MINIMUM         72    621 AM  52    1975  65      7       67
  AVERAGE         82                        75      7       77

PRECIPITATION (IN)
  TODAY            0.00          0.49 1965   0.00   0.00     0.24
  MONTH TO DATE    0.00                      0.02  -0.02     1.26
  SINCE OCT 1      6.93                     12.13  -5.20     8.65
  SINCE JAN 1      5.23                      8.50  -3.27     3.75

DEGREE DAYS
 HEATING
  TODAY            0                         0      0        0
  MONTH TO DATE    0                         4     -4       10
  SINCE JUN 1     21                        88    -67       29
  SINCE JUL 1      0                         4     -4       10

 COOLING
  TODAY           17                        10      7       12
  MONTH TO DATE  417                       275    142      232
  SINCE JUN 1    788                       406    382      572
  SINCE JAN 1    869                       451    418      685
..................................................................


WIND (MPH)
  HIGHEST WIND SPEED    23   HIGHEST WIND DIRECTION     S (180)
  HIGHEST GUST SPEED    33   HIGHEST GUST DIRECTION     S (170)
  AVERAGE WIND SPEED    13.6


SKY COVER
  POSSIBLE SUNSHINE  MM
  AVERAGE SKY COVER 0.3


WEATHER CONDITIONS
 THE FOLLOWING WEATHER WAS RECORDED TODAY.
  HAZE


RELATIVE HUMIDITY (PERCENT)
 HIGHEST    42           800 AM
 LOWEST     19          1200 AM
 AVERAGE    31

..........................................................


THE SANDBERG CA CLIMATE NORMALS FOR TOMORROW
                         NORMAL    RECORD    YEAR
 MAXIMUM TEMPERATURE (F)   86        98      1995
 MINIMUM TEMPERATURE (F)   65        53      1998


SUNRISE AND SUNSET
JULY 30 2016..........SUNRISE   604 AM PDT   SUNSET   758 PM PDT
JULY 31 2016..........SUNRISE   605 AM PDT   SUNSET   758 PM PDT


-  INDICATES NEGATIVE NUMBERS.
R  INDICATES RECORD WAS SET OR TIED.
MM INDICATES DATA IS MISSING.
T  INDICATES TRACE AMOUNT.




$$
