000
CDUS46 KLOX 250857
CLISDB


CLIMATE REPORT
NATIONAL WEATHER SERVICE LOS ANGELES/OXNARD CA
157 AM PDT THU MAY 25 2017


...................................

...THE SANDBERG CA CLIMATE SUMMARY FOR MAY 24 2017...

CLIMATE NORMAL PERIOD 1981 TO 2010
CLIMATE RECORD PERIOD 1934 TO 2017


WEATHER ITEM   OBSERVED TIME   RECORD YEAR NORMAL DEPARTURE LAST
                VALUE   (LST)  VALUE       VALUE  FROM      YEAR
                                                  NORMAL
..................................................................
TEMPERATURE (F)
 YESTERDAY
  MAXIMUM         82    100 PM  87    1936  70     12       60
  MINIMUM         56   1140 PM  30    1980  51      5       44
  AVERAGE         69                        60      9       52

PRECIPITATION (IN)
  YESTERDAY        0.00          0.18 1941   0.01  -0.01     0.00
  MONTH TO DATE    0.02                      0.36  -0.34     0.29
  SINCE OCT 1     12.78                     12.00   0.78     6.93
  SINCE JAN 1      8.94                      8.37   0.57     5.23

DEGREE DAYS
 HEATING
  YESTERDAY        0                         6     -6       13
  MONTH TO DATE  158                       212    -54      158
  SINCE MAR 1    762                      1228   -466      767
  SINCE JUL 1   3019                      3987   -968     3027

 COOLING
  YESTERDAY        4                         2      2        0
  MONTH TO DATE   96                        24     72       30
  SINCE MAR 1    117                        32     85       49
  SINCE JAN 1    117                        32     85       49
..................................................................


WIND (MPH)
  HIGHEST WIND SPEED    21   HIGHEST WIND DIRECTION     S (180)
  HIGHEST GUST SPEED    26   HIGHEST GUST DIRECTION     S (190)
  AVERAGE WIND SPEED    11.2


SKY COVER
  POSSIBLE SUNSHINE  MM
  AVERAGE SKY COVER 0.0


WEATHER CONDITIONS
 THE FOLLOWING WEATHER WAS RECORDED YESTERDAY.
  NO SIGNIFICANT WEATHER WAS OBSERVED.


RELATIVE HUMIDITY (PERCENT)
 HIGHEST    62          1100 PM
 LOWEST     13           300 PM
 AVERAGE    38

..........................................................


THE SANDBERG CA CLIMATE NORMALS FOR TODAY
                         NORMAL    RECORD    YEAR
 MAXIMUM TEMPERATURE (F)   70        94      1951
 MINIMUM TEMPERATURE (F)   51        32      1953


SUNRISE AND SUNSET
MAY 25 2017...........SUNRISE   545 AM PDT   SUNSET   759 PM PDT
MAY 26 2017...........SUNRISE   545 AM PDT   SUNSET   759 PM PDT


-  INDICATES NEGATIVE NUMBERS.
R  INDICATES RECORD WAS SET OR TIED.
MM INDICATES DATA IS MISSING.
T  INDICATES TRACE AMOUNT.




$$
