000
CDUS46 KLOX 190900
CLISDB


CLIMATE REPORT
NATIONAL WEATHER SERVICE LOS ANGELES/OXNARD CA
100 AM PST MON FEB 19 2018


...................................

...THE SANDBERG CA CLIMATE SUMMARY FOR FEBRUARY 18 2018...

CLIMATE NORMAL PERIOD 1981 TO 2010
CLIMATE RECORD PERIOD 1934 TO 2018


WEATHER ITEM   OBSERVED TIME   RECORD YEAR NORMAL DEPARTURE LAST
                VALUE   (LST)  VALUE       VALUE  FROM      YEAR
                                                  NORMAL
..................................................................
TEMPERATURE (F)
 YESTERDAY
  MAXIMUM         54    236 PM  72    2014  50      4       50
  MINIMUM         30   1159 PM  21    1952  38     -8       39
  AVERAGE         42                        44     -2       45

PRECIPITATION (IN)
  YESTERDAY        0.00          2.13 2005   0.14  -0.14     0.25
  MONTH TO DATE    0.08                      1.87  -1.79     5.08
  SINCE OCT 1      3.20                      7.91  -4.71    12.15
  SINCE JAN 1      3.15                      4.28  -1.13     8.31

DEGREE DAYS
 HEATING
  YESTERDAY       23                        21      2       20
  MONTH TO DATE  206                       390   -184      260
  SINCE DEC 1    932                      1776   -844     1558
  SINCE JUL 1   1290                      2555  -1265     2007

 COOLING
  YESTERDAY        0                         0      0        0
  MONTH TO DATE    2                         0      2        0
  SINCE DEC 1      2                         0      2        0
  SINCE JAN 1      2                         0      2        0
..................................................................


WIND (MPH)
  HIGHEST WIND SPEED    35   HIGHEST WIND DIRECTION    NW (330)
  HIGHEST GUST SPEED    41   HIGHEST GUST DIRECTION    NW (320)
  AVERAGE WIND SPEED    13.5


SKY COVER
  POSSIBLE SUNSHINE  MM
  AVERAGE SKY COVER 0.0


WEATHER CONDITIONS
 THE FOLLOWING WEATHER WAS RECORDED YESTERDAY.
  FOG


RELATIVE HUMIDITY (PERCENT)
 HIGHEST   100           700 PM
 LOWEST     35           200 PM
 AVERAGE    68

..........................................................


THE SANDBERG CA CLIMATE NORMALS FOR TODAY
                         NORMAL    RECORD    YEAR
 MAXIMUM TEMPERATURE (F)   50        72      2015
 MINIMUM TEMPERATURE (F)   38        21      1955


SUNRISE AND SUNSET
FEBRUARY 19 2018......SUNRISE   636 AM PST   SUNSET   542 PM PST
FEBRUARY 20 2018......SUNRISE   635 AM PST   SUNSET   543 PM PST


-  INDICATES NEGATIVE NUMBERS.
R  INDICATES RECORD WAS SET OR TIED.
MM INDICATES DATA IS MISSING.
T  INDICATES TRACE AMOUNT.




$$
