779
CDUS46 KLOX 260901
CLISDB


CLIMATE REPORT
NATIONAL WEATHER SERVICE LOS ANGELES/OXNARD CA
201 AM PDT FRI AUG 26 2016


...................................

...THE SANDBERG CA CLIMATE SUMMARY FOR AUGUST 25 2016...

CLIMATE NORMAL PERIOD 1981 TO 2010
CLIMATE RECORD PERIOD 1934 TO 2016


WEATHER ITEM   OBSERVED TIME   RECORD YEAR NORMAL DEPARTURE LAST
                VALUE   (LST)  VALUE       VALUE  FROM      YEAR
                                                  NORMAL
..................................................................
TEMPERATURE (F)
 YESTERDAY
  MAXIMUM         89    131 PM  96    2010  84      5       87
  MINIMUM         68   1150 PM  45    1972  63      5       72
  AVERAGE         79                        74      5       80

PRECIPITATION (IN)
  YESTERDAY        0.00          0.05 1935   0.00   0.00     0.00
  MONTH TO DATE    0.00                      0.02  -0.02     0.00
  SINCE OCT 1      6.93                     12.15  -5.22     8.65
  SINCE JAN 1      5.23                      8.52  -3.29     3.75

DEGREE DAYS
 HEATING
  YESTERDAY        0                         0      0        0
  MONTH TO DATE    0                         0      0        0
  SINCE JUN 1     21                        92    -71       29
  SINCE JUL 1      0                         8     -8       10

 COOLING
  YESTERDAY       14                         9      5       15
  MONTH TO DATE  373                       241    132      345
  SINCE JUN 1   1175                       659    516      931
  SINCE JAN 1   1256                       704    552     1044
..................................................................


WIND (MPH)
  HIGHEST WIND SPEED    18   HIGHEST WIND DIRECTION     S (180)
  HIGHEST GUST SPEED    25   HIGHEST GUST DIRECTION    SE (150)
  AVERAGE WIND SPEED     8.1


SKY COVER
  POSSIBLE SUNSHINE  MM
  AVERAGE SKY COVER 0.0


WEATHER CONDITIONS
 THE FOLLOWING WEATHER WAS RECORDED YESTERDAY.
  NO SIGNIFICANT WEATHER WAS OBSERVED.


RELATIVE HUMIDITY (PERCENT)
 HIGHEST    47           800 PM
 LOWEST     19           600 AM
 AVERAGE    33

..........................................................


THE SANDBERG CA CLIMATE NORMALS FOR TODAY
                         NORMAL    RECORD    YEAR
 MAXIMUM TEMPERATURE (F)   84        95      2001
 MINIMUM TEMPERATURE (F)   63        42      1954


SUNRISE AND SUNSET
AUGUST 26 2016........SUNRISE   624 AM PDT   SUNSET   729 PM PDT
AUGUST 27 2016........SUNRISE   625 AM PDT   SUNSET   727 PM PDT


-  INDICATES NEGATIVE NUMBERS.
R  INDICATES RECORD WAS SET OR TIED.
MM INDICATES DATA IS MISSING.
T  INDICATES TRACE AMOUNT.




$$
