000
CDUS46 KLOX 290915
CLISDB


CLIMATE REPORT
NATIONAL WEATHER SERVICE LOS ANGELES/OXNARD CA
215 AM PDT FRI AUG 29 2014


...................................

...THE SANDBERG CA CLIMATE SUMMARY FOR AUGUST 28 2014...

CLIMATE NORMAL PERIOD 1981 TO 2010
CLIMATE RECORD PERIOD 1948 TO 2014


WEATHER ITEM   OBSERVED TIME   RECORD YEAR NORMAL DEPARTURE LAST
                VALUE   (LST)  VALUE       VALUE  FROM      YEAR
                                                  NORMAL
..................................................................
TEMPERATURE (F)
 YESTERDAY
  MAXIMUM         95   1105 AM  97    2008  83     12       90
  MINIMUM         70    526 AM  48    1953  63      7       68
  AVERAGE         83                        73     10       79

PRECIPITATION (IN)
  YESTERDAY        0.00          0.03 1972   0.01  -0.01     0.00
  MONTH TO DATE    0.16                      0.03   0.13     0.00
  SINCE JUL 1      0.17                      0.05   0.12     0.06
  SINCE JAN 1      3.75                      8.53  -4.78     2.97

DEGREE DAYS
 HEATING
  YESTERDAY        0                         1     -1        0
  MONTH TO DATE    0                         2     -2        0
  SINCE JUN 1      7                        94    -87       16
  SINCE JUL 1      0                        10    -10        0

 COOLING
  YESTERDAY       18                         9      9       14
  MONTH TO DATE  317                       268     49      343
  SINCE JUN 1    987                       686    301     1052
  SINCE JAN 1   1137                       731    406     1182
..................................................................


WIND (MPH)
  HIGHEST WIND SPEED    21   HIGHEST WIND DIRECTION    NW (330)
  HIGHEST GUST SPEED    28   HIGHEST GUST DIRECTION    NW (320)
  AVERAGE WIND SPEED    13.4


SKY COVER
  POSSIBLE SUNSHINE  MM
  AVERAGE SKY COVER 0.0


WEATHER CONDITIONS
 THE FOLLOWING WEATHER WAS RECORDED YESTERDAY.
  NO SIGNIFICANT WEATHER WAS OBSERVED.


RELATIVE HUMIDITY (PERCENT)
 HIGHEST    31           800 PM
 LOWEST     15          1100 AM
 AVERAGE    23

..........................................................


THE SANDBERG CA CLIMATE NORMALS FOR TODAY
                         NORMAL    RECORD    YEAR
 MAXIMUM TEMPERATURE (F)   83        97      2007
 MINIMUM TEMPERATURE (F)   63        43      1953


SUNRISE AND SUNSET
AUGUST 29 2014........SUNRISE   626 AM PDT   SUNSET   725 PM PDT
AUGUST 30 2014........SUNRISE   626 AM PDT   SUNSET   724 PM PDT


-  INDICATES NEGATIVE NUMBERS.
R  INDICATES RECORD WAS SET OR TIED.
MM INDICATES DATA IS MISSING.
T  INDICATES TRACE AMOUNT.




$$
