000
CDUS46 KLOX 300858
CLISDB


CLIMATE REPORT
NATIONAL WEATHER SERVICE LOS ANGELES/OXNARD CA
1258 AM PST FRI JAN 30 2015


...................................

...THE SANDBERG CA CLIMATE SUMMARY FOR JANUARY 29 2015...

CLIMATE NORMAL PERIOD 1981 TO 2010
CLIMATE RECORD PERIOD 1934 TO 2015


WEATHER ITEM   OBSERVED TIME   RECORD YEAR NORMAL DEPARTURE LAST
                VALUE   (LST)  VALUE       VALUE  FROM      YEAR
                                                  NORMAL
..................................................................
TEMPERATURE (F)
 YESTERDAY
  MAXIMUM         58    224 PM  67    2014  49      9       67
  MINIMUM         48   1159 PM  17    1969  37     11       50
  AVERAGE         53                        43     10       59

PRECIPITATION (IN)
  YESTERDAY        T             1.39 1957   0.05  -0.05     0.00
  MONTH TO DATE    1.46                      2.30  -0.84     0.00
  SINCE OCT 1      6.36                      5.93   0.43     0.70
  SINCE JAN 1      1.46                      2.30  -0.84     0.00

DEGREE DAYS
 HEATING
  YESTERDAY       12                        22    -10        6
  MONTH TO DATE  389                       641   -252      291
  SINCE DEC 1    962                      1343   -381      813
  SINCE JUL 1   1352                      2122   -770     1367

 COOLING
  YESTERDAY        0                         0      0        0
  MONTH TO DATE    0                         0      0        0
  SINCE DEC 1      0                         0      0        0
  SINCE JAN 1      0                         0      0        0
..................................................................


WIND (MPH)
  HIGHEST WIND SPEED    23   HIGHEST WIND DIRECTION     E (80)
  HIGHEST GUST SPEED    29   HIGHEST GUST DIRECTION     E (80)
  AVERAGE WIND SPEED    13.1


SKY COVER
  POSSIBLE SUNSHINE  MM
  AVERAGE SKY COVER 0.7


WEATHER CONDITIONS
 THE FOLLOWING WEATHER WAS RECORDED YESTERDAY.
  LIGHT RAIN


RELATIVE HUMIDITY (PERCENT)
 HIGHEST    71           100 AM
 LOWEST     47           200 PM
 AVERAGE    59

..........................................................


THE SANDBERG CA CLIMATE NORMALS FOR TODAY
                         NORMAL    RECORD    YEAR
 MAXIMUM TEMPERATURE (F)   49        66      1971
 MINIMUM TEMPERATURE (F)   37        20      2002


SUNRISE AND SUNSET
JANUARY 30 2015.......SUNRISE   655 AM PST   SUNSET   522 PM PST
JANUARY 31 2015.......SUNRISE   654 AM PST   SUNSET   523 PM PST


-  INDICATES NEGATIVE NUMBERS.
R  INDICATES RECORD WAS SET OR TIED.
MM INDICATES DATA IS MISSING.
T  INDICATES TRACE AMOUNT.




$$
