000
CDUS46 KLOX 290915
CLISDB


CLIMATE REPORT
NATIONAL WEATHER SERVICE LOS ANGELES/OXNARD CA
215 AM PDT THU SEP 29 2016


...................................

...THE SANDBERG CA CLIMATE SUMMARY FOR SEPTEMBER 28 2016...

CLIMATE NORMAL PERIOD 1981 TO 2010
CLIMATE RECORD PERIOD 1934 TO 2016


WEATHER ITEM   OBSERVED TIME   RECORD YEAR NORMAL DEPARTURE LAST
                VALUE   (LST)  VALUE       VALUE  FROM      YEAR
                                                  NORMAL
..................................................................
TEMPERATURE (F)
 YESTERDAY
  MAXIMUM         85    218 PM  90    2010  74     11       84
                                      2003
                                      1992
  MINIMUM         67    343 AM  40    1965  57     10       65
  AVERAGE         76                        66     10       75

PRECIPITATION (IN)
  YESTERDAY        T             0.18 1986   0.01  -0.01     0.00
  MONTH TO DATE    T                         0.15  -0.15     0.82
  SINCE OCT 1      6.93                     12.31  -5.38     9.47
  SINCE JAN 1      5.23                      8.68  -3.45     4.57

DEGREE DAYS
 HEATING
  YESTERDAY        0                         4     -4        0
  MONTH TO DATE   33                        54    -21       18
  SINCE SEP 1     33                        54    -21       18
  SINCE JUL 1     33                        71    -38       28

 COOLING
  YESTERDAY       11                         4      7       10
  MONTH TO DATE  219                       180     39      253
  SINCE SEP 1    219                       180     39      253
  SINCE JAN 1   1563                       937    626     1374
..................................................................


WIND (MPH)
  HIGHEST WIND SPEED    21   HIGHEST WIND DIRECTION     E (110)
  HIGHEST GUST SPEED    27   HIGHEST GUST DIRECTION     E (90)
  AVERAGE WIND SPEED     9.1


SKY COVER
  POSSIBLE SUNSHINE  MM
  AVERAGE SKY COVER 0.2


WEATHER CONDITIONS
 THE FOLLOWING WEATHER WAS RECORDED YESTERDAY.
  NO SIGNIFICANT WEATHER WAS OBSERVED.


RELATIVE HUMIDITY (PERCENT)
 HIGHEST    40           600 PM
 LOWEST     20           200 PM
 AVERAGE    30

..........................................................


THE SANDBERG CA CLIMATE NORMALS FOR TODAY
                         NORMAL    RECORD    YEAR
 MAXIMUM TEMPERATURE (F)   74        89      1963
 MINIMUM TEMPERATURE (F)   56        42      1971


SUNRISE AND SUNSET
SEPTEMBER 29 2016.....SUNRISE   649 AM PDT   SUNSET   641 PM PDT
SEPTEMBER 30 2016.....SUNRISE   649 AM PDT   SUNSET   640 PM PDT


-  INDICATES NEGATIVE NUMBERS.
R  INDICATES RECORD WAS SET OR TIED.
MM INDICATES DATA IS MISSING.
T  INDICATES TRACE AMOUNT.




$$
