033
CDUS46 KLOX 060942
CLISDB


CLIMATE REPORT
NATIONAL WEATHER SERVICE LOS ANGELES/OXNARD CA
142 AM PST TUE DEC 6 2016


...................................

...THE SANDBERG CA CLIMATE SUMMARY FOR DECEMBER 5 2016...

CLIMATE NORMAL PERIOD 1981 TO 2010
CLIMATE RECORD PERIOD 1934 TO 2016


WEATHER ITEM   OBSERVED TIME   RECORD YEAR NORMAL DEPARTURE LAST
                VALUE   (LST)  VALUE       VALUE  FROM      YEAR
                                                  NORMAL
..................................................................
TEMPERATURE (F)
 YESTERDAY
  MAXIMUM         56    158 PM  70    1993  49      7       53
  MINIMUM         39    440 AM  17    1972  37      2       41
  AVERAGE         48                        43      5       47

PRECIPITATION (IN)
  YESTERDAY        0.00          3.47 1997   0.05  -0.05     0.00
  MONTH TO DATE    T                         0.23  -0.23     0.00
  SINCE OCT 1      1.41                      1.61  -0.20     1.08
  SINCE JAN 1      6.64                     10.31  -3.67     5.65

DEGREE DAYS
 HEATING
  YESTERDAY       17                        22     -5       18
  MONTH TO DATE   91                       107    -16       86
  SINCE DEC 1     91                       107    -16       86
  SINCE JUL 1    540                       886   -346      702

 COOLING
  YESTERDAY        0                         0      0        0
  MONTH TO DATE    0                         0      0        0
  SINCE DEC 1      0                         0      0        0
  SINCE JAN 1   1673                       998    675     1499
..................................................................


WIND (MPH)
  HIGHEST WIND SPEED    33   HIGHEST WIND DIRECTION    NW (330)
  HIGHEST GUST SPEED    40   HIGHEST GUST DIRECTION    NW (330)
  AVERAGE WIND SPEED    20.4


SKY COVER
  POSSIBLE SUNSHINE  MM
  AVERAGE SKY COVER 0.0


WEATHER CONDITIONS
 THE FOLLOWING WEATHER WAS RECORDED YESTERDAY.
  NO SIGNIFICANT WEATHER WAS OBSERVED.


RELATIVE HUMIDITY (PERCENT)
 HIGHEST    64           500 AM
 LOWEST     23           900 PM
 AVERAGE    44

..........................................................


THE SANDBERG CA CLIMATE NORMALS FOR TODAY
                         NORMAL    RECORD    YEAR
 MAXIMUM TEMPERATURE (F)   49        74      1977
 MINIMUM TEMPERATURE (F)   37        21      1960


SUNRISE AND SUNSET
DECEMBER  6 2016......SUNRISE   649 AM PST   SUNSET   444 PM PST
DECEMBER  7 2016......SUNRISE   649 AM PST   SUNSET   444 PM PST


-  INDICATES NEGATIVE NUMBERS.
R  INDICATES RECORD WAS SET OR TIED.
MM INDICATES DATA IS MISSING.
T  INDICATES TRACE AMOUNT.




$$
