000
CDUS46 KLOX 310856
CLISDB


CLIMATE REPORT
NATIONAL WEATHER SERVICE LOS ANGELES/OXNARD CA
156 AM PDT FRI JUL 31 2015


...................................

...THE SANDBERG CA CLIMATE SUMMARY FOR JULY 30 2015...

CLIMATE NORMAL PERIOD 1981 TO 2010
CLIMATE RECORD PERIOD 1934 TO 2015


WEATHER ITEM   OBSERVED TIME   RECORD YEAR NORMAL DEPARTURE LAST
                VALUE   (LST)  VALUE       VALUE  FROM      YEAR
                                                  NORMAL
..................................................................
TEMPERATURE (F)
 YESTERDAY
  MAXIMUM         87   1055 AM  97    1943  86      1       92
  MINIMUM         67    308 PM  52    1975  65      2       74
  AVERAGE         77                        75      2       83

PRECIPITATION (IN)
  YESTERDAY        0.24          0.49 1965   0.00   0.24     0.00
  MONTH TO DATE    1.26                      0.02   1.24     0.01
  SINCE OCT 1      8.65                     12.13  -3.48     4.29
  SINCE JAN 1      3.75                      8.50  -4.75     3.59

DEGREE DAYS
 HEATING
  YESTERDAY        0                         0      0        0
  MONTH TO DATE   10                         4      6        0
  SINCE JUN 1     29                        88    -59        7
  SINCE JUL 1     10                         4      6        0

 COOLING
  YESTERDAY       12                        10      2       18
  MONTH TO DATE  232                       275    -43      410
  SINCE JUN 1    572                       406    166      650
  SINCE JAN 1    685                       451    234      800
..................................................................


WIND (MPH)
  HIGHEST WIND SPEED    26   HIGHEST WIND DIRECTION    SE (120)
  HIGHEST GUST SPEED    35   HIGHEST GUST DIRECTION    SE (130)
  AVERAGE WIND SPEED     6.3


SKY COVER
  POSSIBLE SUNSHINE  MM
  AVERAGE SKY COVER 0.4


WEATHER CONDITIONS
 THE FOLLOWING WEATHER WAS RECORDED YESTERDAY.
  HEAVY RAIN
  RAIN
  LIGHT RAIN


RELATIVE HUMIDITY (PERCENT)
 HIGHEST    87           300 PM
 LOWEST     28           700 AM
 AVERAGE    58

..........................................................


THE SANDBERG CA CLIMATE NORMALS FOR TODAY
                         NORMAL    RECORD    YEAR
 MAXIMUM TEMPERATURE (F)   86        98      1995
 MINIMUM TEMPERATURE (F)   65        53      1998


SUNRISE AND SUNSET
JULY 31 2015..........SUNRISE   604 AM PDT   SUNSET   758 PM PDT
AUGUST  1 2015........SUNRISE   605 AM PDT   SUNSET   757 PM PDT


-  INDICATES NEGATIVE NUMBERS.
R  INDICATES RECORD WAS SET OR TIED.
MM INDICATES DATA IS MISSING.
T  INDICATES TRACE AMOUNT.




$$
