000
CDUS46 KLOX 230911
CLISDB


CLIMATE REPORT
NATIONAL WEATHER SERVICE LOS ANGELES/OXNARD CA
211 AM PDT SUN JUL 23 2017


...................................

...THE SANDBERG CA CLIMATE SUMMARY FOR JULY 22 2017...

CLIMATE NORMAL PERIOD 1981 TO 2010
CLIMATE RECORD PERIOD 1934 TO 2017


WEATHER ITEM   OBSERVED TIME   RECORD YEAR NORMAL DEPARTURE LAST
                VALUE   (LST)  VALUE       VALUE  FROM      YEAR
                                                  NORMAL
..................................................................
TEMPERATURE (F)
 YESTERDAY
  MAXIMUM         96    241 PM  99    2006  86     10       89
  MINIMUM         68    521 AM  47    1987  65      3       68
  AVERAGE         82                        75      7       79

PRECIPITATION (IN)
  YESTERDAY        0.00          0.12 2006   0.00   0.00     0.00
  MONTH TO DATE    T                         0.01  -0.01     0.00
  SINCE OCT 1     12.79                     12.12   0.67     6.93
  SINCE JAN 1      8.95                      8.49   0.46     5.23

DEGREE DAYS
 HEATING
  YESTERDAY        0                         0      0        0
  MONTH TO DATE    0                         4     -4        0
  SINCE JUN 1     40                        88    -48       21
  SINCE JUL 1      0                         4     -4        0

 COOLING
  YESTERDAY       17                        10      7       14
  MONTH TO DATE  365                       195    170      251
  SINCE JUN 1    721                       326    395      622
  SINCE JAN 1    866                       371    495      703
..................................................................


WIND (MPH)
  HIGHEST WIND SPEED    22   HIGHEST WIND DIRECTION     N (340)
  HIGHEST GUST SPEED    27   HIGHEST GUST DIRECTION     N (340)
  AVERAGE WIND SPEED    11.5


SKY COVER
  POSSIBLE SUNSHINE  MM
  AVERAGE SKY COVER 0.0


WEATHER CONDITIONS
 THE FOLLOWING WEATHER WAS RECORDED YESTERDAY.
  NO SIGNIFICANT WEATHER WAS OBSERVED.


RELATIVE HUMIDITY (PERCENT)
 HIGHEST    36          1000 PM
 LOWEST      4           100 PM
 AVERAGE    20

..........................................................


THE SANDBERG CA CLIMATE NORMALS FOR TODAY
                         NORMAL    RECORD    YEAR
 MAXIMUM TEMPERATURE (F)   86        98      1942
 MINIMUM TEMPERATURE (F)   65        53      1987


SUNRISE AND SUNSET
JULY 23 2017..........SUNRISE   559 AM PDT   SUNSET   804 PM PDT
JULY 24 2017..........SUNRISE   559 AM PDT   SUNSET   803 PM PDT


-  INDICATES NEGATIVE NUMBERS.
R  INDICATES RECORD WAS SET OR TIED.
MM INDICATES DATA IS MISSING.
T  INDICATES TRACE AMOUNT.




$$
