000
CDUS46 KLOX 290901
CLISDB


CLIMATE REPORT
NATIONAL WEATHER SERVICE LOS ANGELES/OXNARD CA
201 AM PDT FRI APR 29 2016


...................................

...THE SANDBERG CA CLIMATE SUMMARY FOR APRIL 28 2016...

CLIMATE NORMAL PERIOD 1981 TO 2010
CLIMATE RECORD PERIOD 1934 TO 2016


WEATHER ITEM   OBSERVED TIME   RECORD YEAR NORMAL DEPARTURE LAST
                VALUE   (LST)  VALUE       VALUE  FROM      YEAR
                                                  NORMAL
..................................................................
TEMPERATURE (F)
 YESTERDAY
  MAXIMUM         53    454 PM  86    2007  62     -9       83
  MINIMUM         38    152 AM  24    1970  45     -7       57
  AVERAGE         46                        53     -7       70

PRECIPITATION (IN)
  YESTERDAY        0.00          0.76 2005   0.01  -0.01     0.00
  MONTH TO DATE    0.45                      0.60  -0.15     0.21
  SINCE OCT 1      6.62                     11.61  -4.99     7.02
  SINCE JAN 1      4.92                      7.98  -3.06     2.12

DEGREE DAYS
 HEATING
  YESTERDAY       19                        12      7        0
  MONTH TO DATE  204                       422   -218      283
  SINCE MAR 1    589                       992   -403      506
  SINCE JUL 1   2849                      3751   -902     2137

 COOLING
  YESTERDAY        0                         0      0        5
  MONTH TO DATE   18                         0     18        9
  SINCE MAR 1     19                         1     18       41
  SINCE JAN 1     19                         1     18       44
..................................................................


WIND (MPH)
  HIGHEST WIND SPEED    39   HIGHEST WIND DIRECTION    NW (330)
  HIGHEST GUST SPEED    53   HIGHEST GUST DIRECTION    NW (330)
  AVERAGE WIND SPEED    18.0


SKY COVER
  POSSIBLE SUNSHINE  MM
  AVERAGE SKY COVER 0.7


WEATHER CONDITIONS
 THE FOLLOWING WEATHER WAS RECORDED YESTERDAY.
  FOG
  FOG W/VISIBILITY <= 1/4 MILE
  HAZE


RELATIVE HUMIDITY (PERCENT)
 HIGHEST    92           600 AM
 LOWEST     59          1200 PM
 AVERAGE    76

..........................................................


THE SANDBERG CA CLIMATE NORMALS FOR TODAY
                         NORMAL    RECORD    YEAR
 MAXIMUM TEMPERATURE (F)   62        85      2015
 MINIMUM TEMPERATURE (F)   45        25      1967


SUNRISE AND SUNSET
APRIL 29 2016.........SUNRISE   606 AM PDT   SUNSET   739 PM PDT
APRIL 30 2016.........SUNRISE   605 AM PDT   SUNSET   740 PM PDT


-  INDICATES NEGATIVE NUMBERS.
R  INDICATES RECORD WAS SET OR TIED.
MM INDICATES DATA IS MISSING.
T  INDICATES TRACE AMOUNT.




$$
