000
CDUS43 KLMK 250626
CLISDF


CLIMATE REPORT
NATIONAL WEATHER SERVICE LOUISVILLE KY
126 AM EST TUE NOV 25 2014


...................................

...THE LOUISVILLE KY CLIMATE SUMMARY FOR NOVEMBER 24 2014...

CLIMATE NORMAL PERIOD 1981 TO 2010
CLIMATE RECORD PERIOD 1871 TO 2014


WEATHER ITEM   OBSERVED TIME   RECORD YEAR NORMAL DEPARTURE LAST
                VALUE   (LST)  VALUE       VALUE  FROM      YEAR
                                                  NORMAL
..................................................................
TEMPERATURE (F)
 YESTERDAY
  MAXIMUM         63    840 AM  70    1908  54      9       32
                                      1896
  MINIMUM         40   1133 PM   4    1950  37      3       20
  AVERAGE         52                        45      7       26

PRECIPITATION (IN)
  YESTERDAY        0.07          2.37 1900   0.13  -0.06     0.00
  MONTH TO DATE    1.68                      2.82  -1.14     3.64
  SINCE SEP 1      8.50                      9.09  -0.59    16.28
  SINCE JAN 1     39.67                     40.31  -0.64    48.09

SNOWFALL (IN)
  YESTERDAY        0.0           1.5  1971   0.1   -0.1      0.0
  MONTH TO DATE    3.3                       0.1    3.2      0.3
  SINCE SEP 1      3.3                       0.2    3.1      0.3
  SINCE JUL 1      3.3                       0.2    3.1      0.3
  SNOW DEPTH       0

DEGREE DAYS
 HEATING
  YESTERDAY       13                        20     -7       39
  MONTH TO DATE  550                       364    186      415
  SINCE SEP 1    751                       606    145      648
  SINCE JUL 1    751                       606    145      648

 COOLING
  YESTERDAY        0                         0      0        0
  MONTH TO DATE    0                         0      0        0
  SINCE SEP 1    233                       252    -19      288
  SINCE JAN 1   1625                      1609     16     1628
..................................................................


WIND (MPH)
  HIGHEST WIND SPEED    39   HIGHEST WIND DIRECTION    SW (230)
  HIGHEST GUST SPEED    55   HIGHEST GUST DIRECTION    SW (220)
  AVERAGE WIND SPEED    17.5


SKY COVER
  POSSIBLE SUNSHINE  MM
  AVERAGE SKY COVER 0.7


WEATHER CONDITIONS
 THE FOLLOWING WEATHER WAS RECORDED YESTERDAY.
  RAIN
  LIGHT RAIN
  FOG


RELATIVE HUMIDITY (PERCENT)
 HIGHEST    90           200 AM
 LOWEST     56           300 PM
 AVERAGE    73

..........................................................


THE LOUISVILLE KY CLIMATE NORMALS FOR TODAY
                         NORMAL    RECORD    YEAR
 MAXIMUM TEMPERATURE (F)   53        75      1896
 MINIMUM TEMPERATURE (F)   36        -1      1950


SUNRISE AND SUNSET
NOVEMBER 25 2014......SUNRISE   735 AM EST   SUNSET   525 PM EST
NOVEMBER 26 2014......SUNRISE   736 AM EST   SUNSET   525 PM EST


-  INDICATES NEGATIVE NUMBERS.
R  INDICATES RECORD WAS SET OR TIED.
MM INDICATES DATA IS MISSING.
T  INDICATES TRACE AMOUNT.




$$
