000
CDUS43 KLMK 240627
CLISDF


CLIMATE REPORT
NATIONAL WEATHER SERVICE LOUISVILLE KY
227 AM EDT MON APR 24 2017


...................................

...THE LOUISVILLE KY CLIMATE SUMMARY FOR APRIL 23 2017...

CLIMATE NORMAL PERIOD 1981 TO 2010
CLIMATE RECORD PERIOD 1871 TO 2017


WEATHER ITEM   OBSERVED TIME   RECORD YEAR NORMAL DEPARTURE LAST
                VALUE   (LST)  VALUE       VALUE  FROM      YEAR
                                                  NORMAL
..................................................................
TEMPERATURE (F)
 YESTERDAY
  MAXIMUM         64   1240 PM  91    1960  71     -7       71
  MINIMUM         47    705 AM  28    1986  50     -3       55
  AVERAGE         56                        60     -4       63

PRECIPITATION (IN)
  YESTERDAY        0.00          2.79 1970   0.15  -0.15     0.00
  MONTH TO DATE    2.90                      2.96  -0.06     1.54
  SINCE MAR 1      6.58                      7.13  -0.55     7.04
  SINCE JAN 1     12.85                     13.55  -0.70    12.86

SNOWFALL (IN)
  YESTERDAY        0.0           T    1910   0.0    0.0      0.0
  MONTH TO DATE    0.0                       0.1   -0.1      0.0
  SINCE MAR 1      T                         1.5   -1.5      0.5
  SINCE JUL 1      2.7                      12.5   -9.8     14.9
  SNOW DEPTH       0

DEGREE DAYS
 HEATING
  YESTERDAY        9                         6      3        2
  MONTH TO DATE   89                       209   -120      201
  SINCE MAR 1    547                       747   -200      537
  SINCE JUL 1   3012                      3988   -976     3159

 COOLING
  YESTERDAY        0                         2     -2        0
  MONTH TO DATE   73                        27     46       31
  SINCE MAR 1     84                        33     51       38
  SINCE JAN 1     89                        33     56       38
..................................................................


WIND (MPH)
  HIGHEST WIND SPEED    22   HIGHEST WIND DIRECTION    NE (50)
  HIGHEST GUST SPEED    29   HIGHEST GUST DIRECTION    NE (60)
  AVERAGE WIND SPEED    11.1


SKY COVER
  POSSIBLE SUNSHINE  MM
  AVERAGE SKY COVER 0.7


WEATHER CONDITIONS
 THE FOLLOWING WEATHER WAS RECORDED YESTERDAY.
  NO SIGNIFICANT WEATHER WAS OBSERVED.


RELATIVE HUMIDITY (PERCENT)
 HIGHEST    71          1200 AM
 LOWEST     43           800 PM
 AVERAGE    57

..........................................................


THE LOUISVILLE KY CLIMATE NORMALS FOR TODAY
                         NORMAL    RECORD    YEAR
 MAXIMUM TEMPERATURE (F)   72        91      1960
                                             1925
 MINIMUM TEMPERATURE (F)   50        33      2005
                                             1927
                                             1919


SUNRISE AND SUNSET
APRIL 24 2017.........SUNRISE   655 AM EDT   SUNSET   828 PM EDT
APRIL 25 2017.........SUNRISE   654 AM EDT   SUNSET   829 PM EDT


-  INDICATES NEGATIVE NUMBERS.
R  INDICATES RECORD WAS SET OR TIED.
MM INDICATES DATA IS MISSING.
T  INDICATES TRACE AMOUNT.




$$
