000
CDUS43 KLMK 020630
CLISDF


CLIMATE REPORT
NATIONAL WEATHER SERVICE LOUISVILLE KY
229 AM EDT TUE JUN 2 2015


...................................

...THE LOUISVILLE KY CLIMATE SUMMARY FOR JUNE 1 2015...

CLIMATE NORMAL PERIOD 1981 TO 2010
CLIMATE RECORD PERIOD 1871 TO 2015


WEATHER ITEM   OBSERVED TIME   RECORD YEAR NORMAL DEPARTURE LAST
                VALUE   (LST)  VALUE       VALUE  FROM      YEAR
                                                  NORMAL
..................................................................
TEMPERATURE (F)
 YESTERDAY
  MAXIMUM         64    357 PM  96    1951  81    -17       88
                                      1934
                                      1895
  MINIMUM         57   1004 AM  42    1966  62     -5       65
  AVERAGE         61                        72    -11       77

PRECIPITATION (IN)
  YESTERDAY        0.17          1.82 1903   0.15   0.02     0.05
  MONTH TO DATE    0.17                      0.15   0.02     0.05
  SINCE JUN 1      0.17                      0.15   0.02     0.05
  SINCE JAN 1     24.29                     20.02   4.27    19.56

SNOWFALL (IN)
  YESTERDAY        0.0          MM      MM   0.0    0.0      0.0
  MONTH TO DATE    0.0                       0.0    0.0      0.0
  SINCE JUN 1      0.0                       0.0    0.0      0.0
  SINCE JUL 1     27.6                      12.5   15.1     26.0
  SNOW DEPTH       0

DEGREE DAYS
 HEATING
  YESTERDAY        4                         1      3        0
  MONTH TO DATE    4                         1      3        0
  SINCE JUN 1      4                         1      3        0
  SINCE JUL 1   4391                      4093    298     4547

 COOLING
  YESTERDAY        0                         7     -7       12
  MONTH TO DATE    0                         7     -7       12
  SINCE JUN 1      0                         7     -7       12
  SINCE JAN 1    251                       181     70      246
..................................................................


WIND (MPH)
  HIGHEST WIND SPEED    13   HIGHEST WIND DIRECTION    NE (50)
  HIGHEST GUST SPEED    24   HIGHEST GUST DIRECTION    NE (50)
  AVERAGE WIND SPEED     9.4


SKY COVER
  POSSIBLE SUNSHINE  MM
  AVERAGE SKY COVER 1.0


WEATHER CONDITIONS
 THE FOLLOWING WEATHER WAS RECORDED YESTERDAY.
  RAIN
  LIGHT RAIN
  FOG


RELATIVE HUMIDITY (PERCENT)
 HIGHEST    86           600 AM
 LOWEST     73           400 PM
 AVERAGE    80

..........................................................


THE LOUISVILLE KY CLIMATE NORMALS FOR TODAY
                         NORMAL    RECORD    YEAR
 MAXIMUM TEMPERATURE (F)   82        97      1951
                                             1895
 MINIMUM TEMPERATURE (F)   62        45      1956


SUNRISE AND SUNSET
JUNE  2 2015..........SUNRISE   621 AM EDT   SUNSET   901 PM EDT
JUNE  3 2015..........SUNRISE   621 AM EDT   SUNSET   901 PM EDT


-  INDICATES NEGATIVE NUMBERS.
R  INDICATES RECORD WAS SET OR TIED.
MM INDICATES DATA IS MISSING.
T  INDICATES TRACE AMOUNT.




$$
