000
CDUS43 KLMK 300635
CLISDF


CLIMATE REPORT
NATIONAL WEATHER SERVICE LOUISVILLE KY
234 AM EDT THU OCT 30 2014


...................................

...THE LOUISVILLE KY CLIMATE SUMMARY FOR OCTOBER 29 2014...

CLIMATE NORMAL PERIOD 1981 TO 2010
CLIMATE RECORD PERIOD 1871 TO 2014


WEATHER ITEM   OBSERVED TIME   RECORD YEAR NORMAL DEPARTURE LAST
                VALUE   (LST)  VALUE       VALUE  FROM      YEAR
                                                  NORMAL
..................................................................
TEMPERATURE (F)
 YESTERDAY
  MAXIMUM         64    318 PM  83    1900  66     -2       58
  MINIMUM         46   1142 PM  23    1925  45      1       42
  AVERAGE         55                        55      0       50

PRECIPITATION (IN)
  YESTERDAY        0.00          4.12 1876   0.10  -0.10     0.10
  MONTH TO DATE    3.38                      3.01   0.37     7.96
  SINCE SEP 1      6.69                      6.06   0.63    10.66
  SINCE JAN 1     37.86                     37.28   0.58    42.47

SNOWFALL (IN)
  YESTERDAY        0.0           0.5  1925   0.0    0.0      0.0
  MONTH TO DATE    0.0                       0.1   -0.1       T
  SINCE SEP 1      0.0                       0.1   -0.1       T
  SINCE JUL 1      0.0                       0.1   -0.1       T
  SNOW DEPTH       0

DEGREE DAYS
 HEATING
  YESTERDAY       10                        10      0       15
  MONTH TO DATE  151                       191    -40      226
  SINCE SEP 1    164                       221    -57      232
  SINCE JUL 1    164                       221    -57      232

 COOLING
  YESTERDAY        0                         1     -1        0
  MONTH TO DATE   30                        44    -14       53
  SINCE SEP 1    233                       254    -21      288
  SINCE JAN 1   1625                      1611     14     1628
..................................................................


WIND (MPH)
  HIGHEST WIND SPEED    24   HIGHEST WIND DIRECTION     W (250)
  HIGHEST GUST SPEED    31   HIGHEST GUST DIRECTION    SW (240)
  AVERAGE WIND SPEED     9.3


SKY COVER
  POSSIBLE SUNSHINE  MM
  AVERAGE SKY COVER 0.3


WEATHER CONDITIONS
 THE FOLLOWING WEATHER WAS RECORDED YESTERDAY.
  NO SIGNIFICANT WEATHER WAS OBSERVED.


RELATIVE HUMIDITY (PERCENT)
 HIGHEST    93           800 AM
 LOWEST     31           200 PM
 AVERAGE    62

..........................................................


THE LOUISVILLE KY CLIMATE NORMALS FOR TODAY
                         NORMAL    RECORD    YEAR
 MAXIMUM TEMPERATURE (F)   65        84      1950
 MINIMUM TEMPERATURE (F)   45        26      1895


SUNRISE AND SUNSET
OCTOBER 30 2014.......SUNRISE   807 AM EDT   SUNSET   646 PM EDT
OCTOBER 31 2014.......SUNRISE   808 AM EDT   SUNSET   645 PM EDT


-  INDICATES NEGATIVE NUMBERS.
R  INDICATES RECORD WAS SET OR TIED.
MM INDICATES DATA IS MISSING.
T  INDICATES TRACE AMOUNT.




$$
