000
CDUS43 KLMK 290627
CLISDF


CLIMATE REPORT
NATIONAL WEATHER SERVICE LOUISVILLE KY
226 AM EDT FRI AUG 29 2014


...................................

...THE LOUISVILLE KY CLIMATE SUMMARY FOR AUGUST 28 2014...

CLIMATE NORMAL PERIOD 1981 TO 2010
CLIMATE RECORD PERIOD 1871 TO 2014


WEATHER ITEM   OBSERVED TIME   RECORD YEAR NORMAL DEPARTURE LAST
                VALUE   (LST)  VALUE       VALUE  FROM      YEAR
                                                  NORMAL
..................................................................
TEMPERATURE (F)
 YESTERDAY
  MAXIMUM         92    314 PM 100    1953  87      5       96
                                      1936
  MINIMUM         74    701 AM  51    1986  67      7       75
  AVERAGE         83                        77      6       86

PRECIPITATION (IN)
  YESTERDAY        0.00          1.63 2005   0.09  -0.09      T
  MONTH TO DATE    6.32                      3.06   3.26     2.39
  SINCE JUN 1     11.58                     11.08   0.50    11.95
  SINCE JAN 1     31.09                     30.95   0.14    31.00

SNOWFALL (IN)
  YESTERDAY        0.0          MM      MM   0.0    0.0      0.0
  MONTH TO DATE    0.0                       0.0    0.0      0.0
  SINCE JUN 1      0.0                       0.0    0.0      0.0
  SINCE JUL 1      0.0                       0.0    0.0      0.0
  SNOW DEPTH       0

DEGREE DAYS
 HEATING
  YESTERDAY        0                         0      0        0
  MONTH TO DATE    0                         0      0        0
  SINCE JUN 1      0                         5     -5        0
  SINCE JUL 1      0                         0      0        0

 COOLING
  YESTERDAY       18                        12      6       21
  MONTH TO DATE  381                       380      1      346
  SINCE JUN 1   1115                      1147    -32     1055
  SINCE JAN 1   1349                      1321     28     1283
..................................................................


WIND (MPH)
  HIGHEST WIND SPEED    10   HIGHEST WIND DIRECTION     E (80)
  HIGHEST GUST SPEED    14   HIGHEST GUST DIRECTION     N (20)
  AVERAGE WIND SPEED     4.2


SKY COVER
  POSSIBLE SUNSHINE  MM
  AVERAGE SKY COVER 0.4


WEATHER CONDITIONS
 THE FOLLOWING WEATHER WAS RECORDED YESTERDAY.
  FOG
  HAZE


RELATIVE HUMIDITY (PERCENT)
 HIGHEST    93           100 AM
 LOWEST     49           200 PM
 AVERAGE    71

..........................................................


THE LOUISVILLE KY CLIMATE NORMALS FOR TODAY
                         NORMAL    RECORD    YEAR
 MAXIMUM TEMPERATURE (F)   87        99      1953
 MINIMUM TEMPERATURE (F)   67        46      1986


SUNRISE AND SUNSET
AUGUST 29 2014........SUNRISE   710 AM EDT   SUNSET   817 PM EDT
AUGUST 30 2014........SUNRISE   711 AM EDT   SUNSET   816 PM EDT


-  INDICATES NEGATIVE NUMBERS.
R  INDICATES RECORD WAS SET OR TIED.
MM INDICATES DATA IS MISSING.
T  INDICATES TRACE AMOUNT.




$$
