000
CDUS46 KSEW 030120
CLISEA


CLIMATE REPORT
NATIONAL WEATHER SERVICE SEATTLE WA
619 PM PDT THU JUL 2 2015


...................................

...THE SEATTLE-TACOMA WA AIRPORT CLIMATE SUMMARY FOR JULY 2 2015...
VALID TODAY AS OF 0600 PM LOCAL TIME.

CLIMATE NORMAL PERIOD 1981 TO 2010
CLIMATE RECORD PERIOD 1945 TO 2015


WEATHER ITEM   OBSERVED TIME   RECORD YEAR NORMAL DEPARTURE LAST
                VALUE   (LST)  VALUE       VALUE  FROM      YEAR
                                                  NORMAL
..................................................................
TEMPERATURE (F)
 TODAY
  MAXIMUM         93R   454 PM  92    1968  73     20       81
  MINIMUM         64    458 AM  43    1954  54     10       58
  AVERAGE         79                        64     15       70

PRECIPITATION (IN)
  TODAY            0.00          0.50 1966   0.03  -0.03     0.00
  MONTH TO DATE    0.00                      0.06  -0.06     0.00
  SINCE OCT 1     32.62                     34.47  -1.85    34.30
  SINCE JAN 1     16.24                     19.07  -2.83    27.31

DEGREE DAYS
 HEATING
  TODAY            0                         3     -3        0
  MONTH TO DATE    0                         6     -6        0
  SINCE JUN 1     29                       150   -121       94
  SINCE JUL 1      0                         6     -6        0

 COOLING
  TODAY           14                         1     13        5
  MONTH TO DATE   26                         2     24       17
  SINCE JUN 1    144                        23    121       28
  SINCE JAN 1    151                        29    122       43
..................................................................


WIND (MPH)
  RESULTANT WIND SPEED   6   RESULTANT WIND DIRECTION   N (340)
  HIGHEST WIND SPEED    16   HIGHEST WIND DIRECTION     N (340)
  HIGHEST GUST SPEED    22   HIGHEST GUST DIRECTION    NW (330)
  AVERAGE WIND SPEED     7.5


SKY COVER
  AVERAGE SKY COVER 0.1


WEATHER CONDITIONS
 THE FOLLOWING WEATHER WAS RECORDED TODAY.
  NO SIGNIFICANT WEATHER WAS OBSERVED.


RELATIVE HUMIDITY (PERCENT)
 HIGHEST    73           500 AM
 LOWEST     26           300 PM
 AVERAGE    50

..........................................................


THE SEATTLE-TACOMA WA AIRPORT CLIMATE NORMALS FOR TOMORROW
                         NORMAL    RECORD    YEAR
 MAXIMUM TEMPERATURE (F)   74        90      1972
 MINIMUM TEMPERATURE (F)   54        44      1954


SUNRISE AND SUNSET
JULY  2 2015..........SUNRISE   517 AM PDT   SUNSET   909 PM PDT
JULY  3 2015..........SUNRISE   517 AM PDT   SUNSET   909 PM PDT


-  INDICATES NEGATIVE NUMBERS.
R  INDICATES RECORD WAS SET OR TIED.
MM INDICATES DATA IS MISSING.
T  INDICATES TRACE AMOUNT.




$$
