000
CDUS46 KSEW 270121
CLISEW


CLIMATE REPORT
NATIONAL WEATHER SERVICE SEATTLE WA
521 PM PST FRI DEC 26 2014


...................................

...THE SEATTLE WA WFO CLIMATE SUMMARY FOR DECEMBER 26 2014...
VALID TODAY AS OF 0500 PM LOCAL TIME.

CLIMATE NORMAL PERIOD 1981 TO 2010
CLIMATE RECORD PERIOD 1986 TO 2014


WEATHER ITEM   OBSERVED TIME   RECORD YEAR     LAST
                VALUE   (LST)  VALUE           YEAR
....................................................
TEMPERATURE (F)
 TODAY
  MAXIMUM         44        MM  55    1986    43
  MINIMUM         38        MM  27    1995    33
  AVERAGE         41                          38

PRECIPITATION (IN)
  TODAY            0.00          1.35 2006     0.00
  MONTH TO DATE    5.00                        1.58
  SINCE OCT 1     16.18                        5.76
  SINCE JAN 1     46.39                       29.67

SNOWFALL (IN)
  TODAY            0.0                         0.0
  MONTH TO DATE    0.0                         0.9
  SINCE OCT 1      T                           0.9
  SINCE JUL 1      T                           0.9
  SNOW DEPTH       0

DEGREE DAYS
 HEATING
  TODAY           24                          27
  MONTH TO DATE  476                         698
  SINCE DEC 1    476                         698
  SINCE JUL 1   1288                        1794

 COOLING
  TODAY            0                           0
  MONTH TO DATE    0                           0
  SINCE DEC 1      0                           0
  SINCE JAN 1    366                         314
....................................................


WIND (MPH)
  HIGHEST WIND SPEED    MM   HIGHEST WIND DIRECTION    MM
  HIGHEST GUST SPEED    MM   HIGHEST GUST DIRECTION    MM
  AVERAGE WIND SPEED    MM



WEATHER CONDITIONS
 THE FOLLOWING WEATHER WAS RECORDED TODAY.
  NO SIGNIFICANT WEATHER WAS OBSERVED.






-  INDICATES NEGATIVE NUMBERS.
R  INDICATES RECORD WAS SET OR TIED.
MM INDICATES DATA IS MISSING.
T  INDICATES TRACE AMOUNT.




$$
