000
CDUS46 KMTR 250026
CLISFD


CLIMATE REPORT
NATIONAL WEATHER SERVICE SAN FRANCISCO BAY AREA
526 PM PDT TUE MAY 24 2016


...................................

...THE SAN FRANCISCO DWTN CA CLIMATE SUMMARY FOR MAY 24 2016...
VALID TODAY AS OF 0500 PM LOCAL TIME.

CLIMATE NORMAL PERIOD 1981 TO 2010
CLIMATE RECORD PERIOD 1850 TO 2016


WEATHER ITEM   OBSERVED TIME   RECORD YEAR NORMAL DEPARTURE LAST
                VALUE   (LST)  VALUE       VALUE  FROM      YEAR
                                                  NORMAL
..................................................................
TEMPERATURE (F)
 TODAY
  MAXIMUM         62   1243 PM  88    1927  65     -3       56
  MINIMUM         54    243 AM  46    1911  52      2       51
  AVERAGE         58                        58      0       54

PRECIPITATION (IN)
  TODAY            0.00          1.08 1931   0.02  -0.02     0.00
  MONTH TO DATE    0.15                      0.59  -0.44     0.06
  SINCE OCT 1     23.06                     23.11  -0.05    17.40
  SINCE JAN 1     16.45                     14.27   2.18     2.95

DEGREE DAYS
 HEATING
  TODAY            7                        MM     MM       11
  MONTH TO DATE  153                        MM     MM      209
  SINCE MAR 1    577                        MM     MM      606
  SINCE JUL 1   1902                        MM     MM     1680

 COOLING
  TODAY            0                        MM     MM        0
  MONTH TO DATE    4                         0      4        0
  SINCE MAR 1     23                         0     23       14
  SINCE JAN 1     26                         0     26       14
..................................................................







THE SAN FRANCISCO DWTN CA CLIMATE NORMALS FOR TOMORROW
                         NORMAL    RECORD    YEAR
 MAXIMUM TEMPERATURE (F)   65        87      1896
 MINIMUM TEMPERATURE (F)   52        47      1899


SUNRISE AND SUNSET
MAY 24 2016...........SUNRISE   553 AM PDT   SUNSET   821 PM PDT
MAY 25 2016...........SUNRISE   552 AM PDT   SUNSET   821 PM PDT


-  INDICATES NEGATIVE NUMBERS.
R  INDICATES RECORD WAS SET OR TIED.
MM INDICATES DATA IS MISSING.
T  INDICATES TRACE AMOUNT.




$$
