000
CDUS46 KMTR 230838
CLISFD


CLIMATE REPORT
NATIONAL WEATHER SERVICE SAN FRANCISCO BAY AREA
138 AM PDT WED JUL 23 2014


...................................

...THE SAN FRANCISCO DWTN CA CLIMATE SUMMARY FOR JULY 22 2014...

CLIMATE NORMAL PERIOD 1981 TO 2010
CLIMATE RECORD PERIOD 1850 TO 2014


WEATHER ITEM   OBSERVED TIME   RECORD YEAR NORMAL DEPARTURE LAST
                VALUE   (LST)  VALUE       VALUE  FROM      YEAR
                                                  NORMAL
..................................................................
TEMPERATURE (F)
 YESTERDAY
  MAXIMUM         72    143 PM  87    2006  66      6       65
  MINIMUM         61    343 AM  48    1894  54      7       54
  AVERAGE         67                        60      7       60

PRECIPITATION (IN)
  YESTERDAY        0.04          0.06 1913   0.00   0.04     0.00
  MONTH TO DATE    0.08                      0.00   0.08     0.00
  SINCE JUL 1      0.08                      0.00   0.08     0.00
  SINCE JAN 1     10.54                     14.54  -4.00     3.51

DEGREE DAYS
 HEATING
  YESTERDAY        0                        MM     MM        5
  MONTH TO DATE   61                        MM     MM      105
  SINCE JUN 1    212                        MM     MM      244
  SINCE JUL 1     61                        MM     MM      105

 COOLING
  YESTERDAY        2                        MM     MM        0
  MONTH TO DATE    3                         0      3        5
  SINCE JUN 1      4                         0      4       12
  SINCE JAN 1     53                         0     53       25
..................................................................







THE SAN FRANCISCO DWTN CA CLIMATE NORMALS FOR TODAY
                         NORMAL    RECORD    YEAR
 MAXIMUM TEMPERATURE (F)   66        83      2006
 MINIMUM TEMPERATURE (F)   54        49      1881


SUNRISE AND SUNSET
JULY 23 2014..........SUNRISE   606 AM PDT   SUNSET   826 PM PDT
JULY 24 2014..........SUNRISE   607 AM PDT   SUNSET   825 PM PDT


-  INDICATES NEGATIVE NUMBERS.
R  INDICATES RECORD WAS SET OR TIED.
MM INDICATES DATA IS MISSING.
T  INDICATES TRACE AMOUNT.




$$
