000
CDUS46 KMTR 280845
CLISFD


CLIMATE REPORT
NATIONAL WEATHER SERVICE SAN FRANCISCO BAY AREA
145 AM PDT SUN AUG 28 2016


...................................

...THE SAN FRANCISCO DWTN CA CLIMATE SUMMARY FOR AUGUST 27 2016...

CLIMATE NORMAL PERIOD 1981 TO 2010
CLIMATE RECORD PERIOD 1850 TO 2016


WEATHER ITEM   OBSERVED TIME   RECORD YEAR NORMAL DEPARTURE LAST
                VALUE   (LST)  VALUE       VALUE  FROM      YEAR
                                                  NORMAL
..................................................................
TEMPERATURE (F)
 YESTERDAY
  MAXIMUM         67    143 PM  95    1993  69     -2       79
  MINIMUM         59   1143 PM  49    1955  55      4       60
  AVERAGE         63                        62      1       70

PRECIPITATION (IN)
  YESTERDAY        0.00          0.06 1954   0.00   0.00     0.00
  MONTH TO DATE    0.02                      0.05  -0.03     0.02
  SINCE OCT 1     23.10                     23.43  -0.33    17.66
  SINCE JAN 1     16.49                     14.59   1.90     3.21

DEGREE DAYS
 HEATING
  YESTERDAY        2                        MM     MM        0
  MONTH TO DATE  129                        MM     MM       16
  SINCE JUN 1    437                        MM     MM      195
  SINCE JUL 1    297                        MM     MM       59

 COOLING
  YESTERDAY        0                        MM     MM        5
  MONTH TO DATE    0                         0      0       37
  SINCE JUN 1      5                         0      5       58
  SINCE JAN 1     31                         0     31       72
..................................................................







THE SAN FRANCISCO DWTN CA CLIMATE NORMALS FOR TODAY
                         NORMAL    RECORD    YEAR
 MAXIMUM TEMPERATURE (F)   69        96      2009
 MINIMUM TEMPERATURE (F)   55        49      1955


SUNRISE AND SUNSET
AUGUST 28 2016........SUNRISE   637 AM PDT   SUNSET   744 PM PDT
AUGUST 29 2016........SUNRISE   638 AM PDT   SUNSET   742 PM PDT


-  INDICATES NEGATIVE NUMBERS.
R  INDICATES RECORD WAS SET OR TIED.
MM INDICATES DATA IS MISSING.
T  INDICATES TRACE AMOUNT.




$$
