000
CDUS46 KMTR 140827
CLISFD


CLIMATE REPORT
NATIONAL WEATHER SERVICE SAN FRANCISCO BAY AREA
1227 AM PST THU DEC 14 2017


...................................

...THE SAN FRANCISCO DWTN CA CLIMATE SUMMARY FOR DECEMBER 13 2017...

CLIMATE NORMAL PERIOD 1981 TO 2010
CLIMATE RECORD PERIOD 1850 TO 2017


WEATHER ITEM   OBSERVED TIME   RECORD YEAR NORMAL DEPARTURE LAST
                VALUE   (LST)  VALUE       VALUE  FROM      YEAR
                                                  NORMAL
..................................................................
TEMPERATURE (F)
 YESTERDAY
  MAXIMUM         60    343 PM  71    1911  57      3       57
  MINIMUM         46    743 AM  35    1972  46      0       50
  AVERAGE         53                        52      1       54

PRECIPITATION (IN)
  YESTERDAY        0.00          2.99 2002   0.15  -0.15     0.05
  MONTH TO DATE    0.02                      1.79  -1.77     2.14
  SINCE OCT 1      3.16                      6.07  -2.91     6.78
  SINCE JAN 1     26.57                     20.88   5.69    23.27

DEGREE DAYS
 HEATING
  YESTERDAY       12                        MM     MM       11
  MONTH TO DATE  116                        MM     MM      150
  SINCE DEC 1    116                        MM     MM      150
  SINCE JUL 1    661                        MM     MM      866

 COOLING
  YESTERDAY        0                        MM     MM        0
  MONTH TO DATE    0                         0      0        0
  SINCE DEC 1      0                         0      0        0
  SINCE JAN 1    226                         0    226       93
..................................................................







THE SAN FRANCISCO DWTN CA CLIMATE NORMALS FOR TODAY
                         NORMAL    RECORD    YEAR
 MAXIMUM TEMPERATURE (F)   57        69      1988
 MINIMUM TEMPERATURE (F)   46        35      1972


SUNRISE AND SUNSET
DECEMBER 14 2017......SUNRISE   717 AM PST   SUNSET   452 PM PST
DECEMBER 15 2017......SUNRISE   718 AM PST   SUNSET   452 PM PST


-  INDICATES NEGATIVE NUMBERS.
R  INDICATES RECORD WAS SET OR TIED.
MM INDICATES DATA IS MISSING.
T  INDICATES TRACE AMOUNT.




$$
