000
CDUS46 KMTR 240826
CLISFD


CLIMATE REPORT
NATIONAL WEATHER SERVICE SAN FRANCISCO BAY AREA
1226 AM PST SAT FEB 24 2018


...................................

...THE SAN FRANCISCO DWTN CA CLIMATE SUMMARY FOR FEBRUARY 23 2018...

CLIMATE NORMAL PERIOD 1981 TO 2010
CLIMATE RECORD PERIOD 1850 TO 2018


WEATHER ITEM   OBSERVED TIME   RECORD YEAR NORMAL DEPARTURE LAST
                VALUE   (LST)  VALUE       VALUE  FROM      YEAR
                                                  NORMAL
..................................................................
TEMPERATURE (F)
 YESTERDAY
  MAXIMUM         52    243 PM  80    1985  61     -9       52
  MINIMUM         40    743 AM  38    1890  48     -8       43
  AVERAGE         46                        55     -9       48

PRECIPITATION (IN)
  YESTERDAY        0.00          1.95 1901   0.16  -0.16     0.00
  MONTH TO DATE    0.01                      3.71  -3.70     7.35
  SINCE OCT 1      8.51                     17.05  -8.54    25.80
  SINCE JAN 1      5.22                      8.21  -2.99    16.77

DEGREE DAYS
 HEATING
  YESTERDAY       19                        MM     MM       17
  MONTH TO DATE  188                        MM     MM      215
  SINCE DEC 1    832                        MM     MM     1054
  SINCE JUL 1   1377                        MM     MM     1770

 COOLING
  YESTERDAY        0                        MM     MM        0
  MONTH TO DATE    2                         0      2        0
  SINCE DEC 1      2                         0      2        0
  SINCE JAN 1      2                         0      2        0
..................................................................







THE SAN FRANCISCO DWTN CA CLIMATE NORMALS FOR TODAY
                         NORMAL    RECORD    YEAR
 MAXIMUM TEMPERATURE (F)   61        78      1991
 MINIMUM TEMPERATURE (F)   48        40      1891


SUNRISE AND SUNSET
FEBRUARY 24 2018......SUNRISE   648 AM PST   SUNSET   558 PM PST
FEBRUARY 25 2018......SUNRISE   647 AM PST   SUNSET   559 PM PST


-  INDICATES NEGATIVE NUMBERS.
R  INDICATES RECORD WAS SET OR TIED.
MM INDICATES DATA IS MISSING.
T  INDICATES TRACE AMOUNT.




$$
