270
CDUS46 KOTX 251245
CLISFF


CLIMATE REPORT
NATIONAL WEATHER SERVICE SPOKANE, WA
545 AM PDT THU AUG 25 2016


...................................

...THE SPOKANE WA FELTS AIRPORT CLIMATE SUMMARY FOR AUGUST 24 2016...

CLIMATE NORMAL PERIOD 1981 TO 2010
CLIMATE RECORD PERIOD 9999 TO 9999


WEATHER ITEM   OBSERVED TIME   RECORD YEAR NORMAL DEPARTURE LAST
                VALUE   (LST)  VALUE       VALUE  FROM      YEAR
                                                  NORMAL
..................................................................
TEMPERATURE (F)
 YESTERDAY
  MAXIMUM         84    406 PM  MM      MM  82      2       89
  MINIMUM         52    526 AM  MM      MM  53     -1       53
  AVERAGE         68                        68      0       71

PRECIPITATION (IN)
  YESTERDAY        0.00         MM      MM   0.02  -0.02     0.00
  MONTH TO DATE    0.07                      0.50  -0.43     0.02
  SINCE OCT 1     16.35                     16.74  -0.39    13.20
  SINCE JAN 1     10.81                     10.54   0.27     8.47

SNOWFALL (IN)
  YESTERDAY       MM

DEGREE DAYS
 HEATING
  YESTERDAY        0                         1     -1        0
  MONTH TO DATE    5                        10     -5        2
  SINCE JUN 1    101                       149    -48       17
  SINCE JUL 1     16                        31    -15        2

 COOLING
  YESTERDAY        3                         4     -1        6
  MONTH TO DATE  152                       134     18      204
  SINCE JUN 1    416                       345     71      742
  SINCE JAN 1    431                       352     79      780
..................................................................


WIND (MPH)
  HIGHEST WIND SPEED    15   HIGHEST WIND DIRECTION    NE (50)
  HIGHEST GUST SPEED    19   HIGHEST GUST DIRECTION     E (90)
  AVERAGE WIND SPEED     3.1


SKY COVER
  POSSIBLE SUNSHINE  MM
  AVERAGE SKY COVER 0.1


WEATHER CONDITIONS
 THE FOLLOWING WEATHER WAS RECORDED YESTERDAY.
  HAZE


RELATIVE HUMIDITY (PERCENT)
 HIGHEST    77           500 AM
 LOWEST     20           400 PM
 AVERAGE    49

..........................................................


THE SPOKANE WA FELTS AIRPORT CLIMATE NORMALS FOR TODAY
                         NORMAL    RECORD    YEAR
 MAXIMUM TEMPERATURE (F)   82        MM        MM
 MINIMUM TEMPERATURE (F)   53        MM        MM


SUNRISE AND SUNSET
AUGUST 25 2016........SUNRISE   559 AM PDT   SUNSET   742 PM PDT
AUGUST 26 2016........SUNRISE   601 AM PDT   SUNSET   740 PM PDT


-  INDICATES NEGATIVE NUMBERS.
R  INDICATES RECORD WAS SET OR TIED.
MM INDICATES DATA IS MISSING.
T  INDICATES TRACE AMOUNT.




$$
