000
CDUS46 KOTX 270824
CLISFF


CLIMATE REPORT
NATIONAL WEATHER SERVICE SPOKANE, WA
124 AM PDT TUE SEP 27 2016


...................................

...THE SPOKANE WA FELTS AIRPORT CLIMATE SUMMARY FOR SEPTEMBER 26 2016...

CLIMATE NORMAL PERIOD 1981 TO 2010
CLIMATE RECORD PERIOD 9999 TO 9999


WEATHER ITEM   OBSERVED TIME   RECORD YEAR NORMAL DEPARTURE LAST
                VALUE   (LST)  VALUE       VALUE  FROM      YEAR
                                                  NORMAL
..................................................................
TEMPERATURE (F)
 YESTERDAY
  MAXIMUM         85    357 PM  MM      MM  70     15       72
  MINIMUM         47    546 AM  MM      MM  43      4       42
  AVERAGE         66                        56     10       57

PRECIPITATION (IN)
  YESTERDAY        0.00         MM      MM   0.03  -0.03     0.00
  MONTH TO DATE    0.34                      0.71  -0.37     0.47
  SINCE OCT 1     16.69                     17.65  -0.96    13.86
  SINCE JAN 1     11.15                     11.45  -0.30     9.13

SNOWFALL (IN)
  YESTERDAY       MM

DEGREE DAYS
 HEATING
  YESTERDAY        0                         9     -9        8
  MONTH TO DATE  128                       127      1      141
  SINCE SEP 1    128                       127      1      141
  SINCE JUL 1    144                       173    -29      149

 COOLING
  YESTERDAY        1                         0      1        0
  MONTH TO DATE    3                        29    -26       18
  SINCE SEP 1      3                        29    -26       18
  SINCE JAN 1    474                       405     69      842
..................................................................


WIND (MPH)
  HIGHEST WIND SPEED     7   HIGHEST WIND DIRECTION     E (110)
  HIGHEST GUST SPEED    11   HIGHEST GUST DIRECTION     E (90)
  AVERAGE WIND SPEED     1.9


SKY COVER
  POSSIBLE SUNSHINE  MM
  AVERAGE SKY COVER 0.0


WEATHER CONDITIONS
 THE FOLLOWING WEATHER WAS RECORDED YESTERDAY.
  NO SIGNIFICANT WEATHER WAS OBSERVED.


RELATIVE HUMIDITY (PERCENT)
 HIGHEST    86           400 AM
 LOWEST     27           300 PM
 AVERAGE    57

..........................................................


THE SPOKANE WA FELTS AIRPORT CLIMATE NORMALS FOR TODAY
                         NORMAL    RECORD    YEAR
 MAXIMUM TEMPERATURE (F)   70        MM        MM
 MINIMUM TEMPERATURE (F)   42        MM        MM


SUNRISE AND SUNSET
SEPTEMBER 27 2016.....SUNRISE   644 AM PDT   SUNSET   636 PM PDT
SEPTEMBER 28 2016.....SUNRISE   645 AM PDT   SUNSET   634 PM PDT


-  INDICATES NEGATIVE NUMBERS.
R  INDICATES RECORD WAS SET OR TIED.
MM INDICATES DATA IS MISSING.
T  INDICATES TRACE AMOUNT.




$$
