000
CDUS46 KOTX 270828
CLISFF


CLIMATE REPORT
NATIONAL WEATHER SERVICE SPOKANE, WA
128 AM PDT FRI MAY 27 2016


...................................

...THE SPOKANE WA FELTS AIRPORT CLIMATE SUMMARY FOR MAY 26 2016...

CLIMATE NORMAL PERIOD 1981 TO 2010
CLIMATE RECORD PERIOD 9999 TO 9999


WEATHER ITEM   OBSERVED TIME   RECORD YEAR NORMAL DEPARTURE LAST
                VALUE   (LST)  VALUE       VALUE  FROM      YEAR
                                                  NORMAL
..................................................................
TEMPERATURE (F)
 YESTERDAY
  MAXIMUM         69    415 PM  MM      MM  70     -1       69
  MINIMUM         52    517 AM  MM      MM  45      7       51
  AVERAGE         61                        58      3       60

PRECIPITATION (IN)
  YESTERDAY        0.00         MM      MM   0.06  -0.06     0.18
  MONTH TO DATE    1.60                      1.40   0.20     0.88
  SINCE OCT 1     14.13                     13.74   0.39    12.03
  SINCE JAN 1      8.59                      7.54   1.05     7.30

SNOWFALL (IN)
  YESTERDAY       MM

DEGREE DAYS
 HEATING
  YESTERDAY        4                         8     -4        5
  MONTH TO DATE  132                       284   -152      141
  SINCE MAR 1   1063                      1568   -505     1212
  SINCE JUL 1   4968                      6139  -1171     5030

 COOLING
  YESTERDAY        0                         0      0        0
  MONTH TO DATE   10                         0     10       16
  SINCE MAR 1     15                         0     15       16
  SINCE JAN 1     15                         0     15       16
..................................................................


WIND (MPH)
  HIGHEST WIND SPEED    18   HIGHEST WIND DIRECTION    SW (230)
  HIGHEST GUST SPEED    23   HIGHEST GUST DIRECTION    SW (240)
  AVERAGE WIND SPEED     8.6


SKY COVER
  POSSIBLE SUNSHINE  MM
  AVERAGE SKY COVER 0.5


WEATHER CONDITIONS
 THE FOLLOWING WEATHER WAS RECORDED YESTERDAY.
  NO SIGNIFICANT WEATHER WAS OBSERVED.


RELATIVE HUMIDITY (PERCENT)
 HIGHEST    72           200 AM
 LOWEST     39           500 PM
 AVERAGE    56

..........................................................


THE SPOKANE WA FELTS AIRPORT CLIMATE NORMALS FOR TODAY
                         NORMAL    RECORD    YEAR
 MAXIMUM TEMPERATURE (F)   70        MM        MM
 MINIMUM TEMPERATURE (F)   46        MM        MM


SUNRISE AND SUNSET
MAY 27 2016...........SUNRISE   459 AM PDT   SUNSET   835 PM PDT
MAY 28 2016...........SUNRISE   458 AM PDT   SUNSET   836 PM PDT


-  INDICATES NEGATIVE NUMBERS.
R  INDICATES RECORD WAS SET OR TIED.
MM INDICATES DATA IS MISSING.
T  INDICATES TRACE AMOUNT.




$$
