000
CDUS46 KOTX 290829
CLISFF


CLIMATE REPORT
NATIONAL WEATHER SERVICE SPOKANE, WA
129 AM PDT FRI JUL 29 2016


...................................

...THE SPOKANE WA FELTS AIRPORT CLIMATE SUMMARY FOR JULY 28 2016...

CLIMATE NORMAL PERIOD 1981 TO 2010
CLIMATE RECORD PERIOD 9999 TO 9999


WEATHER ITEM   OBSERVED TIME   RECORD YEAR NORMAL DEPARTURE LAST
                VALUE   (LST)  VALUE       VALUE  FROM      YEAR
                                                  NORMAL
..................................................................
TEMPERATURE (F)
 YESTERDAY
  MAXIMUM         96    452 PM  MM      MM  88      8       82
  MINIMUM         61    431 AM  MM      MM  56      5       51
  AVERAGE         79                        72      7       67

PRECIPITATION (IN)
  YESTERDAY        0.00         MM      MM   0.02  -0.02     0.00
  MONTH TO DATE    1.31                      0.78   0.53     0.47
  SINCE OCT 1     16.28                     16.20   0.08    13.18
  SINCE JAN 1     10.74                     10.00   0.74     8.45

SNOWFALL (IN)
  YESTERDAY       MM

DEGREE DAYS
 HEATING
  YESTERDAY        0                         0      0        0
  MONTH TO DATE   11                        18     -7        0
  SINCE JUN 1     96                       136    -40       15
  SINCE JUL 1     11                        18     -7        0

 COOLING
  YESTERDAY       14                         7      7        2
  MONTH TO DATE  122                       151    -29      281
  SINCE JUN 1    225                       191     34      505
  SINCE JAN 1    240                       198     42      543
..................................................................


WIND (MPH)
  HIGHEST WIND SPEED    12   HIGHEST WIND DIRECTION     W (280)
  HIGHEST GUST SPEED    18   HIGHEST GUST DIRECTION     W (280)
  AVERAGE WIND SPEED     2.3


SKY COVER
  POSSIBLE SUNSHINE  MM
  AVERAGE SKY COVER 0.0


WEATHER CONDITIONS
 THE FOLLOWING WEATHER WAS RECORDED YESTERDAY.
  HAZE


RELATIVE HUMIDITY (PERCENT)
 HIGHEST    78           400 AM
 LOWEST     19           400 PM
 AVERAGE    49

..........................................................


THE SPOKANE WA FELTS AIRPORT CLIMATE NORMALS FOR TODAY
                         NORMAL    RECORD    YEAR
 MAXIMUM TEMPERATURE (F)   88        MM        MM
 MINIMUM TEMPERATURE (F)   56        MM        MM


SUNRISE AND SUNSET
JULY 29 2016..........SUNRISE   524 AM PDT   SUNSET   827 PM PDT
JULY 30 2016..........SUNRISE   525 AM PDT   SUNSET   826 PM PDT


-  INDICATES NEGATIVE NUMBERS.
R  INDICATES RECORD WAS SET OR TIED.
MM INDICATES DATA IS MISSING.
T  INDICATES TRACE AMOUNT.




$$
