000
CDUS46 KMTR 270829
CLISFO


CLIMATE REPORT
NATIONAL WEATHER SERVICE SAN FRANCISCO BAY AREA
1229 AM PST SAT DEC 27 2014


...................................

...THE SAN FRANCISCO AIRPORT CLIMATE SUMMARY FOR DECEMBER 26 2014...

CLIMATE NORMAL PERIOD 1981 TO 2010
CLIMATE RECORD PERIOD 1927 TO 2014


WEATHER ITEM   OBSERVED TIME   RECORD YEAR NORMAL DEPARTURE LAST
                VALUE   (LST)  VALUE       VALUE  FROM      YEAR
                                                  NORMAL
..................................................................
TEMPERATURE (F)
 YESTERDAY
  MAXIMUM         59    306 PM  72    1967  56      3       62
  MINIMUM         44   1159 PM  32    1954  44      0       43
  AVERAGE         52                        50      2       53

PRECIPITATION (IN)
  YESTERDAY        0.00          1.46 1948   0.14  -0.14     0.00
  MONTH TO DATE   10.66                      3.33   7.33     0.35
  SINCE JUL 1     13.38                      6.87   6.51     1.49
  SINCE JAN 1     20.69                     19.95   0.74     3.38

SNOWFALL (IN)
  YESTERDAY        0.0           0.0
  MONTH TO DATE    0.0
  SINCE DEC 1      0.0
  SINCE JUL 1      0.0

DEGREE DAYS
 HEATING
  YESTERDAY       13                        15     -2       12
  MONTH TO DATE  172                       370   -198      400
  SINCE DEC 1    172                       370   -198      400
  SINCE JUL 1    360                       934   -574      901

 COOLING
  YESTERDAY        0                         0      0        0
  MONTH TO DATE    0                         0      0        0
  SINCE DEC 1      0                         0      0        0
  SINCE JAN 1    497                       164    333      164
..................................................................


WIND (MPH)
  RESULTANT WIND SPEED  10   RESULTANT WIND DIRECTION   N (360)
  HIGHEST WIND SPEED    25   HIGHEST WIND DIRECTION     N (360)
  HIGHEST GUST SPEED    30   HIGHEST GUST DIRECTION     N (360)
  AVERAGE WIND SPEED    11.5


SKY COVER
  POSSIBLE SUNSHINE  MM
  AVERAGE SKY COVER 0.0


WEATHER CONDITIONS
 THE FOLLOWING WEATHER WAS RECORDED YESTERDAY.
  NO SIGNIFICANT WEATHER WAS OBSERVED.


RELATIVE HUMIDITY (PERCENT)
 HIGHEST    65          1000 PM
 LOWEST     43          1100 AM
 AVERAGE    54

..........................................................


THE SAN FRANCISCO AIRPORT CLIMATE NORMALS FOR TODAY
                         NORMAL    RECORD    YEAR
 MAXIMUM TEMPERATURE (F)   56        70      1953
 MINIMUM TEMPERATURE (F)   44        33      1962
                                             1954


SUNRISE AND SUNSET
DECEMBER 27 2014......SUNRISE   723 AM PST   SUNSET   458 PM PST
DECEMBER 28 2014......SUNRISE   724 AM PST   SUNSET   459 PM PST


-  INDICATES NEGATIVE NUMBERS.
R  INDICATES RECORD WAS SET OR TIED.
MM INDICATES DATA IS MISSING.
T  INDICATES TRACE AMOUNT.




$$
