000
CDUS43 KSGF 162326
CLISGF


CLIMATE REPORT
NATIONAL WEATHER SERVICE SPRINGFIELD MO
525 PM CST SAT DEC 16 2017


...................................

...THE SPRINGFIELD MO CLIMATE SUMMARY FOR DECEMBER 16 2017...
VALID TODAY AS OF 0500 PM LOCAL TIME.

CLIMATE NORMAL PERIOD 1981 TO 2010
CLIMATE RECORD PERIOD 1888 TO 2017


WEATHER ITEM   OBSERVED TIME   RECORD YEAR NORMAL DEPARTURE LAST
                VALUE   (LST)  VALUE       VALUE  FROM      YEAR
                                                  NORMAL
..................................................................
TEMPERATURE (F)
 TODAY
  MAXIMUM         59    322 PM  72    1924  44     15       46
  MINIMUM         30    237 AM  -9    1989  25      5       26
  AVERAGE         45                        34     11       36

PRECIPITATION (IN)
  TODAY            0.00          1.50 1928   0.09  -0.09     0.00
  MONTH TO DATE    0.05                      1.72  -1.67     0.26
  SINCE DEC 1      0.05                      1.72  -1.67     0.26
  SINCE JAN 1     46.08                     44.25   1.83    35.89

SNOWFALL (IN)
  TODAY            0.0
  MONTH TO DATE    0.0
  SINCE DEC 1      0.0
  SINCE JUL 1      0.0
  SNOW DEPTH       0

DEGREE DAYS
 HEATING
  TODAY           20                        31    -11       29
  MONTH TO DATE  382                       457    -75      492
  SINCE DEC 1    382                       457    -75      492
  SINCE JUL 1   1066                      1336   -270     1008

 COOLING
  TODAY            0                         0      0        0
  MONTH TO DATE    0                         0      0        0
  SINCE DEC 1      0                         0      0        0
  SINCE JAN 1   1467                      1389     78     1808
..................................................................


WIND (MPH)
  HIGHEST WIND SPEED    23   HIGHEST WIND DIRECTION    SW (230)
  HIGHEST GUST SPEED    32   HIGHEST GUST DIRECTION    SW (220)


SKY COVER
  AVERAGE SKY COVER 0.0


WEATHER CONDITIONS
 THE FOLLOWING WEATHER WAS RECORDED TODAY.
  NO SIGNIFICANT WEATHER WAS OBSERVED.


RELATIVE HUMIDITY (PERCENT)
 HIGHEST    72          1200 AM
 LOWEST     27           400 PM
 AVERAGE    50

..........................................................


THE SPRINGFIELD MO CLIMATE NORMALS FOR TOMORROW
                         NORMAL    RECORD    YEAR
 MAXIMUM TEMPERATURE (F)   44        68      2006
                                             1976
                                             1962
 MINIMUM TEMPERATURE (F)   24        -1      1901


SUNRISE AND SUNSET
DECEMBER 16 2017......SUNRISE   721 AM CST   SUNSET   458 PM CST
DECEMBER 17 2017......SUNRISE   722 AM CST   SUNSET   458 PM CST


-  INDICATES NEGATIVE NUMBERS.
R  INDICATES RECORD WAS SET OR TIED.
MM INDICATES DATA IS MISSING.
T  INDICATES TRACE AMOUNT.




$$
