000
CDUS43 KSGF 060633
CLISGF


CLIMATE REPORT
NATIONAL WEATHER SERVICE SPRINGFIELD MO
1233 AM CST TUE DEC 6 2016


...................................

...THE SPRINGFIELD MO CLIMATE SUMMARY FOR DECEMBER 5 2016...

CLIMATE NORMAL PERIOD 1981 TO 2010
CLIMATE RECORD PERIOD 1888 TO 2016


WEATHER ITEM   OBSERVED TIME   RECORD YEAR NORMAL DEPARTURE LAST
                VALUE   (LST)  VALUE       VALUE  FROM      YEAR
                                                  NORMAL
..................................................................
TEMPERATURE (F)
 YESTERDAY
  MAXIMUM         45    416 PM  74    1998  48     -3       57
  MINIMUM         29    201 AM   9    2002  27      2       33
                                      1950
  AVERAGE         37                        38     -1       45

PRECIPITATION (IN)
  YESTERDAY        0.00          1.40 1913   0.11  -0.11     0.00
  MONTH TO DATE    0.17                      0.58  -0.41     0.00
  SINCE DEC 1      0.17                      0.58  -0.41     0.00
  SINCE JAN 1     35.80                     43.11  -7.31    48.31

SNOWFALL (IN)
  YESTERDAY        0.0
  MONTH TO DATE    0.0
  SINCE DEC 1      0.0
  SINCE JUL 1      0.0
  SNOW DEPTH       0

DEGREE DAYS
 HEATING
  YESTERDAY       28                        28      0       20
  MONTH TO DATE  125                       134     -9      124
  SINCE DEC 1    125                       134     -9      124
  SINCE JUL 1    641                      1013   -372      769

 COOLING
  YESTERDAY        0                         0      0        0
  MONTH TO DATE    0                         0      0        0
  SINCE DEC 1      0                         0      0        0
  SINCE JAN 1   1808                      1389    419     1555
..................................................................


WIND (MPH)
  HIGHEST WIND SPEED    22   HIGHEST WIND DIRECTION    SE (150)
  HIGHEST GUST SPEED    27   HIGHEST GUST DIRECTION     S (160)
  AVERAGE WIND SPEED     9.7


SKY COVER
  AVERAGE SKY COVER 0.5


WEATHER CONDITIONS
 THE FOLLOWING WEATHER WAS RECORDED YESTERDAY.
  FOG
  FOG W/VISIBILITY <= 1/4 MILE


RELATIVE HUMIDITY (PERCENT)
 HIGHEST   100          1200 AM
 LOWEST     70           200 PM
 AVERAGE    85

..........................................................


THE SPRINGFIELD MO CLIMATE NORMALS FOR TODAY
                         NORMAL    RECORD    YEAR
 MAXIMUM TEMPERATURE (F)   47        72      1946
                                             1939
 MINIMUM TEMPERATURE (F)   27        -1      1950


SUNRISE AND SUNSET
DECEMBER  6 2016......SUNRISE   714 AM CST   SUNSET   456 PM CST
DECEMBER  7 2016......SUNRISE   714 AM CST   SUNSET   456 PM CST


-  INDICATES NEGATIVE NUMBERS.
R  INDICATES RECORD WAS SET OR TIED.
MM INDICATES DATA IS MISSING.
T  INDICATES TRACE AMOUNT.




$$
