000
CDUS45 KBYZ 180934
CLISHR


CLIMATE REPORT
NATIONAL WEATHER SERVICE BILLINGS MT
332 AM MDT FRI APR 18 2014


...................................

...THE SHERIDAN WY CLIMATE SUMMARY FOR APRIL 17 2014...

CLIMATE NORMAL PERIOD 1981 TO 2010
CLIMATE RECORD PERIOD 1907 TO 2014


WEATHER ITEM   OBSERVED TIME   RECORD YEAR NORMAL DEPARTURE LAST
                VALUE   (LST)  VALUE       VALUE  FROM      YEAR
                                                  NORMAL
..................................................................
TEMPERATURE (F)
 YESTERDAY
  MAXIMUM         61    453 PM  83    1994  58      3       31
  MINIMUM         31    126 AM  15    1922  30      1       19
  AVERAGE         46                        44      2       25

PRECIPITATION (IN)
  YESTERDAY        0.00          1.20 1920   0.05  -0.05     0.03
  MONTH TO DATE    1.21                      0.76   0.45     0.99
  SINCE OCT 1      8.51                      5.52   2.99     5.55
  SINCE JAN 1      4.75                      2.84   1.91     3.01

SNOWFALL (IN)
  YESTERDAY       MM             4.0  1966   0.4   MM       MM
  MONTH TO DATE   MM                         6.0   MM       MM
  SINCE MAR 1     MM                        17.4   MM       MM
  SINCE JUL 1     MM                        66.5   MM       MM
  SNOW DEPTH      MM

DEGREE DAYS
 HEATING
  YESTERDAY       19                        21     -2       40
  MONTH TO DATE  410                       393     17      488
  SINCE MAR 1   1399                      1317     82     1444
  SINCE JUL 1   7149                      6852    297     6767

 COOLING
  YESTERDAY        0                         0      0        0
  MONTH TO DATE    0                         0      0        0
  SINCE MAR 1      0                         0      0        0
  SINCE JAN 1      0                         0      0        0
..................................................................


WIND (MPH)
  HIGHEST WIND SPEED    14   HIGHEST WIND DIRECTION     E (110)
  HIGHEST GUST SPEED    19   HIGHEST GUST DIRECTION    SE (120)
  AVERAGE WIND SPEED     4.2


SKY COVER
  POSSIBLE SUNSHINE  MM
  AVERAGE SKY COVER 0.4


WEATHER CONDITIONS
 THE FOLLOWING WEATHER WAS RECORDED YESTERDAY.
  FOG


RELATIVE HUMIDITY (PERCENT)
 HIGHEST    92          1200 AM
 LOWEST     29           400 PM
 AVERAGE    61

..........................................................


THE SHERIDAN WY CLIMATE NORMALS FOR TODAY
                         NORMAL    RECORD    YEAR
 MAXIMUM TEMPERATURE (F)   58        81      1946
 MINIMUM TEMPERATURE (F)   30        13      2013


SUNRISE AND SUNSET
APRIL 18 2014.........SUNRISE   618 AM MDT   SUNSET   757 PM MDT
APRIL 19 2014.........SUNRISE   617 AM MDT   SUNSET   758 PM MDT


-  INDICATES NEGATIVE NUMBERS.
R  INDICATES RECORD WAS SET OR TIED.
MM INDICATES DATA IS MISSING.
T  INDICATES TRACE AMOUNT.




$$
