000
CDUS45 KBYZ 230937
CLISHR


CLIMATE REPORT
NATIONAL WEATHER SERVICE BILLINGS MT
332 AM MDT SAT AUG 23 2014


...................................

...THE SHERIDAN WY CLIMATE SUMMARY FOR AUGUST 22 2014...

CLIMATE NORMAL PERIOD 1981 TO 2010
CLIMATE RECORD PERIOD 1907 TO 2014


WEATHER ITEM   OBSERVED TIME   RECORD YEAR NORMAL DEPARTURE LAST
                VALUE   (LST)  VALUE       VALUE  FROM      YEAR
                                                  NORMAL
..................................................................
TEMPERATURE (F)
 YESTERDAY
  MAXIMUM         73    405 PM 100    2006  85    -12       90
  MINIMUM         57    605 AM  35    1966  51      6       62
  AVERAGE         65                        68     -3       76

PRECIPITATION (IN)
  YESTERDAY        0.30          0.46 2004   0.02   0.28      T
  MONTH TO DATE    0.48                      0.49  -0.01     0.04
  SINCE OCT 1     14.26                     12.50   1.76    12.52
  SINCE JAN 1     10.50                      9.82   0.68     9.98

SNOWFALL (IN)
  YESTERDAY       MM             0.0  2000   0.0   MM       MM
  MONTH TO DATE   MM                         0.0   MM       MM
  SINCE JUN 1     MM                         T     MM       MM
  SINCE JUL 1     MM                         0.0   MM       MM
  SNOW DEPTH      MM

DEGREE DAYS
 HEATING
  YESTERDAY        0                         1     -1        0
  MONTH TO DATE    1                        16    -15        0
  SINCE JUN 1    192                       191      1      121
  SINCE JUL 1     10                        42    -32        1

 COOLING
  YESTERDAY        0                         4     -4       11
  MONTH TO DATE  123                       129     -6      135
  SINCE JUN 1    306                       357    -51      405
  SINCE JAN 1    314                       361    -47      413
..................................................................


WIND (MPH)
  HIGHEST WIND SPEED    15   HIGHEST WIND DIRECTION     N (10)
  HIGHEST GUST SPEED    19   HIGHEST GUST DIRECTION     N (360)
  AVERAGE WIND SPEED     4.0


SKY COVER
  POSSIBLE SUNSHINE  MM
  AVERAGE SKY COVER 0.9


WEATHER CONDITIONS
 THE FOLLOWING WEATHER WAS RECORDED YESTERDAY.
  THUNDERSTORM
  HEAVY RAIN
  RAIN
  LIGHT RAIN
  FOG


RELATIVE HUMIDITY (PERCENT)
 HIGHEST    93           600 AM
 LOWEST     57           400 PM
 AVERAGE    75

..........................................................


THE SHERIDAN WY CLIMATE NORMALS FOR TODAY
                         NORMAL    RECORD    YEAR
 MAXIMUM TEMPERATURE (F)   85       100      1937
 MINIMUM TEMPERATURE (F)   50        34      1966


SUNRISE AND SUNSET
AUGUST 23 2014........SUNRISE   620 AM MDT   SUNSET   800 PM MDT
AUGUST 24 2014........SUNRISE   621 AM MDT   SUNSET   759 PM MDT


-  INDICATES NEGATIVE NUMBERS.
R  INDICATES RECORD WAS SET OR TIED.
MM INDICATES DATA IS MISSING.
T  INDICATES TRACE AMOUNT.




$$
