000
CDUS45 KBYZ 011036
CLISHR


CLIMATE REPORT
NATIONAL WEATHER SERVICE BILLINGS MT
335 AM MST SUN FEB 1 2015


...................................

...THE SHERIDAN WY CLIMATE SUMMARY FOR JANUARY 31 2015...

CLIMATE NORMAL PERIOD 1981 TO 2010
CLIMATE RECORD PERIOD 1907 TO 2015


WEATHER ITEM   OBSERVED TIME   RECORD YEAR NORMAL DEPARTURE LAST
                VALUE   (LST)  VALUE       VALUE  FROM      YEAR
                                                  NORMAL
..................................................................
TEMPERATURE (F)
 YESTERDAY
  MAXIMUM         42   1058 AM  66    1992  37      5       34
  MINIMUM         14   1159 PM -32    1918  12      2       -2
  AVERAGE         28                        24      4       16

PRECIPITATION (IN)
  YESTERDAY        T             0.40        0.02  -0.02     0.02
  MONTH TO DATE    0.45                      0.56  -0.11     0.64
  SINCE OCT 1      2.84                      3.24  -0.40     4.40
  SINCE JAN 1      0.45                      0.56  -0.11     0.64

DEGREE DAYS
 HEATING
  YESTERDAY       37                        41     -4       49
  MONTH TO DATE 1198                      1280    -82     1180
  SINCE DEC 1   2427                      2582   -155     2595
  SINCE JUL 1   4253                      4460   -207     4400

 COOLING
  YESTERDAY        0                         0      0        0
  MONTH TO DATE    0                         0      0        0
  SINCE DEC 1      0                         0      0        0
  SINCE JAN 1      0                         0      0        0
..................................................................


WIND (MPH)
  HIGHEST WIND SPEED    32   HIGHEST WIND DIRECTION    NW (320)
  HIGHEST GUST SPEED    39   HIGHEST GUST DIRECTION    NW (310)
  AVERAGE WIND SPEED    15.1


SKY COVER
  POSSIBLE SUNSHINE  MM
  AVERAGE SKY COVER 0.4


WEATHER CONDITIONS
 THE FOLLOWING WEATHER WAS RECORDED YESTERDAY.
  LIGHT SNOW
  FOG


RELATIVE HUMIDITY (PERCENT)
 HIGHEST    81          1200 AM
 LOWEST     45          1100 AM
 AVERAGE    63

..........................................................


THE SHERIDAN WY CLIMATE NORMALS FOR TODAY
                         NORMAL    RECORD    YEAR
 MAXIMUM TEMPERATURE (F)   37        70      1934
 MINIMUM TEMPERATURE (F)   12       -30      1917


SUNRISE AND SUNSET
FEBRUARY  1 2015......SUNRISE   727 AM MST   SUNSET   516 PM MST
FEBRUARY  2 2015......SUNRISE   726 AM MST   SUNSET   518 PM MST


-  INDICATES NEGATIVE NUMBERS.
R  INDICATES RECORD WAS SET OR TIED.
MM INDICATES DATA IS MISSING.
T  INDICATES TRACE AMOUNT.




$$
