000
CDUS45 KBYZ 290938
CLISHR


CLIMATE REPORT
NATIONAL WEATHER SERVICE BILLINGS MT
337 AM MDT TUE JUL 29 2014


...................................

...THE SHERIDAN WY CLIMATE SUMMARY FOR JULY 28 2014...

CLIMATE NORMAL PERIOD 1981 TO 2010
CLIMATE RECORD PERIOD 1907 TO 2014


WEATHER ITEM   OBSERVED TIME   RECORD YEAR NORMAL DEPARTURE LAST
                VALUE   (LST)  VALUE       VALUE  FROM      YEAR
                                                  NORMAL
..................................................................
TEMPERATURE (F)
 YESTERDAY
  MAXIMUM         91    403 PM 105    1935  89      2       85
  MINIMUM         48    501 AM  38    1911  54     -6       58
  AVERAGE         70                        72     -2       72

PRECIPITATION (IN)
  YESTERDAY        0.00          0.62 1916   0.03  -0.03      T
  MONTH TO DATE    1.01                      1.08  -0.07     0.37
  SINCE OCT 1     13.78                     11.91   1.87    12.42
  SINCE JAN 1     10.02                      9.23   0.79     9.88

SNOWFALL (IN)
  YESTERDAY       MM             0.0  2001   0.0   MM       MM
                                      2000
  MONTH TO DATE   MM                         0.0   MM       MM
  SINCE JUN 1     MM                         T     MM       MM
  SINCE JUL 1     MM                         0.0   MM       MM
  SNOW DEPTH      MM

DEGREE DAYS
 HEATING
  YESTERDAY        0                         0      0        0
  MONTH TO DATE    9                        24    -15        0
  SINCE JUN 1    191                       173     18      120
  SINCE JUL 1      9                        24    -15        0

 COOLING
  YESTERDAY        5                         7     -2        7
  MONTH TO DATE  163                       163      0      216
  SINCE JUN 1    171                       209    -38      264
  SINCE JAN 1    179                       213    -34      272
..................................................................


WIND (MPH)
  HIGHEST WIND SPEED    14   HIGHEST WIND DIRECTION    NE (60)
  HIGHEST GUST SPEED    18   HIGHEST GUST DIRECTION    SE (120)
  AVERAGE WIND SPEED     3.9


SKY COVER
  POSSIBLE SUNSHINE  MM
  AVERAGE SKY COVER 0.0


WEATHER CONDITIONS
 THE FOLLOWING WEATHER WAS RECORDED YESTERDAY.
  NO SIGNIFICANT WEATHER WAS OBSERVED.


RELATIVE HUMIDITY (PERCENT)
 HIGHEST    80           500 AM
 LOWEST     23           300 PM
 AVERAGE    52

..........................................................


THE SHERIDAN WY CLIMATE NORMALS FOR TODAY
                         NORMAL    RECORD    YEAR
 MAXIMUM TEMPERATURE (F)   89       105      2006
 MINIMUM TEMPERATURE (F)   54        35      1971


SUNRISE AND SUNSET
JULY 29 2014..........SUNRISE   551 AM MDT   SUNSET   837 PM MDT
JULY 30 2014..........SUNRISE   552 AM MDT   SUNSET   836 PM MDT


-  INDICATES NEGATIVE NUMBERS.
R  INDICATES RECORD WAS SET OR TIED.
MM INDICATES DATA IS MISSING.
T  INDICATES TRACE AMOUNT.




$$
