000
CDUS45 KBYZ 230934
CLISHR


CLIMATE REPORT
NATIONAL WEATHER SERVICE BILLINGS MT
333 AM MDT SAT JUL 23 2016


...................................

...THE SHERIDAN WY CLIMATE SUMMARY FOR JULY 22 2016...

CLIMATE NORMAL PERIOD 1981 TO 2010
CLIMATE RECORD PERIOD 1907 TO 2016


WEATHER ITEM   OBSERVED TIME   RECORD YEAR NORMAL DEPARTURE LAST
                VALUE   (LST)  VALUE       VALUE  FROM      YEAR
                                                  NORMAL
..................................................................
TEMPERATURE (F)
 YESTERDAY
  MAXIMUM        102    333 PM 103    2005  89     13       95
  MINIMUM         58    532 AM  41    1978  54      4       52
  AVERAGE         80                        71      9       74

PRECIPITATION (IN)
  YESTERDAY        T             1.86 1923   0.04  -0.04     0.01
  MONTH TO DATE    0.16                      0.87  -0.71     0.68
  SINCE OCT 1     10.16                     11.70  -1.54    15.10
  SINCE JAN 1      8.01                      9.02  -1.01    12.71

DEGREE DAYS
 HEATING
  YESTERDAY        0                         0      0        0
  MONTH TO DATE    6                        24    -18       15
  SINCE JUN 1     22                       173   -151       59
  SINCE JUL 1      6                        24    -18       15

 COOLING
  YESTERDAY       15                         7      8        9
  MONTH TO DATE  149                       121     28      101
  SINCE JUN 1    272                       167    105      180
  SINCE JAN 1    274                       171    103      180
..................................................................


WIND (MPH)
  HIGHEST WIND SPEED    35   HIGHEST WIND DIRECTION    NW (320)
  HIGHEST GUST SPEED    44   HIGHEST GUST DIRECTION    NW (310)
  AVERAGE WIND SPEED     5.5


SKY COVER
  POSSIBLE SUNSHINE  MM
  AVERAGE SKY COVER 0.0


WEATHER CONDITIONS
 THE FOLLOWING WEATHER WAS RECORDED YESTERDAY.
  NO SIGNIFICANT WEATHER WAS OBSERVED.


RELATIVE HUMIDITY (PERCENT)
 HIGHEST    56           300 AM
 LOWEST     11           300 PM
 AVERAGE    34

..........................................................


THE SHERIDAN WY CLIMATE NORMALS FOR TODAY
                         NORMAL    RECORD    YEAR
 MAXIMUM TEMPERATURE (F)   89       103      1931
 MINIMUM TEMPERATURE (F)   54        42      1911


SUNRISE AND SUNSET
JULY 23 2016..........SUNRISE   545 AM MDT   SUNSET   843 PM MDT
JULY 24 2016..........SUNRISE   546 AM MDT   SUNSET   842 PM MDT


-  INDICATES NEGATIVE NUMBERS.
R  INDICATES RECORD WAS SET OR TIED.
MM INDICATES DATA IS MISSING.
T  INDICATES TRACE AMOUNT.




$$
