000
CDUS44 KSHV 250731
CLISHV


CLIMATE REPORT
NATIONAL WEATHER SERVICE SHREVEPORT, LA
231 AM CDT SUN JUN 25 2017


...................................

...THE SHREVEPORT CLIMATE SUMMARY FOR JUNE 24 2017...

CLIMATE NORMAL PERIOD 1981 TO 2010
CLIMATE RECORD PERIOD 1874 TO 2017


WEATHER ITEM   OBSERVED TIME   RECORD YEAR NORMAL DEPARTURE LAST
                VALUE   (LST)  VALUE       VALUE  FROM      YEAR
                                                  NORMAL
..................................................................
TEMPERATURE (F)
 YESTERDAY
  MAXIMUM         86    356 PM 101    1882  92     -6       95
  MINIMUM         73    316 AM  62    1974  71      2       77
  AVERAGE         80                        81     -1       86

PRECIPITATION (IN)
  YESTERDAY        0.15          3.05 1999   0.17  -0.02      T
  MONTH TO DATE    3.04                      4.40  -1.36     3.95
  SINCE DEC 1     23.63                     31.38  -7.75    41.07
  SINCE JAN 1     20.49                     26.61  -6.12    38.18

SNOWFALL (IN)
  YESTERDAY        0.0
  MONTH TO DATE    0.0
  SINCE JUN 1      0.0
  SINCE JUL 1      0.0
  SNOW DEPTH       0

DEGREE DAYS
 HEATING
  YESTERDAY        0                         0      0        0
  MONTH TO DATE    0                         0      0        0
  SINCE JUN 1      0                         0      0        0
  SINCE JUL 1   1201                      2226  -1025     1451

 COOLING
  YESTERDAY       15                        16     -1       21
  MONTH TO DATE  358                       344     14      404
  SINCE JUN 1    358                       344     14      404
  SINCE JAN 1    900                       742    158      864
..................................................................


WIND (MPH)
  HIGHEST WIND SPEED    17   HIGHEST WIND DIRECTION     S (170)
  HIGHEST GUST SPEED    23   HIGHEST GUST DIRECTION     S (170)
  AVERAGE WIND SPEED     9.2


SKY COVER
  POSSIBLE SUNSHINE  MM
  AVERAGE SKY COVER 0.9


WEATHER CONDITIONS
 THE FOLLOWING WEATHER WAS RECORDED YESTERDAY.
  THUNDERSTORM
  RAIN
  LIGHT RAIN
  FOG


RELATIVE HUMIDITY (PERCENT)
 HIGHEST   100           100 AM
 LOWEST     65           400 PM
 AVERAGE    83

..........................................................


THE SHREVEPORT CLIMATE NORMALS FOR TODAY
                         NORMAL    RECORD    YEAR
 MAXIMUM TEMPERATURE (F)   92       104      1875
 MINIMUM TEMPERATURE (F)   71        59      1974


SUNRISE AND SUNSET
JUNE 25 2017..........SUNRISE   610 AM CDT   SUNSET   826 PM CDT
JUNE 26 2017..........SUNRISE   610 AM CDT   SUNSET   826 PM CDT


-  INDICATES NEGATIVE NUMBERS.
R  INDICATES RECORD WAS SET OR TIED.
MM INDICATES DATA IS MISSING.
T  INDICATES TRACE AMOUNT.




$$
