000
CDUS44 KSHV 070754
CLISHV


CLIMATE REPORT
NATIONAL WEATHER SERVICE SHREVEPORT, LA
245 AM CDT TUE JUL 7 2015


...................................

...THE SHREVEPORT CLIMATE SUMMARY FOR JULY 6 2015...

CLIMATE NORMAL PERIOD 1981 TO 2010
CLIMATE RECORD PERIOD 1874 TO 2015


WEATHER ITEM   OBSERVED TIME   RECORD YEAR NORMAL DEPARTURE LAST
                VALUE   (LST)  VALUE       VALUE  FROM      YEAR
                                                  NORMAL
..................................................................
TEMPERATURE (F)
 YESTERDAY
  MAXIMUM         93    354 PM 104    1939  93      0       93
  MINIMUM         74    526 AM  59    1972  72      2       67
  AVERAGE         84                        83      1       80

PRECIPITATION (IN)
  YESTERDAY        0.00          4.11 2007   0.13  -0.13     0.00
  MONTH TO DATE    0.59                      0.85  -0.26     0.00
  SINCE DEC 1     46.49                     33.23  13.26    26.15
  SINCE JAN 1     42.74                     28.46  14.28    21.17

SNOWFALL (IN)
  YESTERDAY        0.0
  MONTH TO DATE    0.0
  SINCE JUN 1      0.0
  SINCE JUL 1      0.0
  SNOW DEPTH       0

DEGREE DAYS
 HEATING
  YESTERDAY        0                         0      0        0
  MONTH TO DATE    0                         0      0        0
  SINCE JUN 1      0                         0      0        0
  SINCE JUL 1      0                         0      0        0

 COOLING
  YESTERDAY       19                        18      1       15
  MONTH TO DATE  105                       103      2       95
  SINCE JUN 1    622                       547     75      564
  SINCE JAN 1   1094                       945    149      934
..................................................................


WIND (MPH)
  HIGHEST WIND SPEED    18   HIGHEST WIND DIRECTION     S (200)
  HIGHEST GUST SPEED    24   HIGHEST GUST DIRECTION     S (190)
  AVERAGE WIND SPEED     9.1


SKY COVER
  POSSIBLE SUNSHINE  MM
  AVERAGE SKY COVER 0.5


WEATHER CONDITIONS
 THE FOLLOWING WEATHER WAS RECORDED YESTERDAY.
  FOG
  HAZE


RELATIVE HUMIDITY (PERCENT)
 HIGHEST    94           300 AM
 LOWEST     52           400 PM
 AVERAGE    73

..........................................................


THE SHREVEPORT CLIMATE NORMALS FOR TODAY
                         NORMAL    RECORD    YEAR
 MAXIMUM TEMPERATURE (F)   93       104      1998
                                             1939
 MINIMUM TEMPERATURE (F)   73        58      1972


SUNRISE AND SUNSET
JULY  7 2015..........SUNRISE   614 AM CDT   SUNSET   826 PM CDT
JULY  8 2015..........SUNRISE   615 AM CDT   SUNSET   826 PM CDT


-  INDICATES NEGATIVE NUMBERS.
R  INDICATES RECORD WAS SET OR TIED.
MM INDICATES DATA IS MISSING.
T  INDICATES TRACE AMOUNT.




$$
