000
CDUS44 KSHV 140846
CLISHV


CLIMATE REPORT
NATIONAL WEATHER SERVICE SHREVEPORT, LA
242 AM CST THU DEC 14 2017


...................................

...THE SHREVEPORT CLIMATE SUMMARY FOR DECEMBER 13 2017...

CLIMATE NORMAL PERIOD 1981 TO 2010
CLIMATE RECORD PERIOD 1874 TO 2017


WEATHER ITEM   OBSERVED TIME   RECORD YEAR NORMAL DEPARTURE LAST
                VALUE   (LST)  VALUE       VALUE  FROM      YEAR
                                                  NORMAL
..................................................................
TEMPERATURE (F)
 YESTERDAY
  MAXIMUM         65    317 PM  82    1948  59      6       62
  MINIMUM         28    705 AM  16    1962  38    -10       53
  AVERAGE         47                        48     -1       58

PRECIPITATION (IN)
  YESTERDAY        0.00          2.20 2000   0.16  -0.16     0.02
  MONTH TO DATE    0.27                      2.09  -1.82     2.78
  SINCE DEC 1      0.27                      2.09  -1.82     2.78
  SINCE JAN 1     32.93                     48.73 -15.80    58.65

SNOWFALL (IN)
  YESTERDAY        0.0
  MONTH TO DATE    0.0
  SINCE DEC 1      0.0
  SINCE JUL 1      0.0
  SNOW DEPTH       0

DEGREE DAYS
 HEATING
  YESTERDAY       18                        17      1        7
  MONTH TO DATE  179                       204    -25      194
  SINCE DEC 1    179                       204    -25      194
  SINCE JUL 1    452                       575   -123      348

 COOLING
  YESTERDAY        0                         0      0        0
  MONTH TO DATE    3                         0      3        0
  SINCE DEC 1      3                         0      3        0
  SINCE JAN 1   2755                      2474    281     3009
..................................................................


WIND (MPH)
  HIGHEST WIND SPEED    21   HIGHEST WIND DIRECTION    SW (240)
  HIGHEST GUST SPEED    25   HIGHEST GUST DIRECTION    SW (240)
  AVERAGE WIND SPEED     6.2


SKY COVER
  POSSIBLE SUNSHINE  MM
  AVERAGE SKY COVER 0.2


WEATHER CONDITIONS
 THE FOLLOWING WEATHER WAS RECORDED YESTERDAY.
  NO SIGNIFICANT WEATHER WAS OBSERVED.


RELATIVE HUMIDITY (PERCENT)
 HIGHEST    85           700 AM
 LOWEST     23           100 PM
 AVERAGE    54

..........................................................


THE SHREVEPORT CLIMATE NORMALS FOR TODAY
                         NORMAL    RECORD    YEAR
 MAXIMUM TEMPERATURE (F)   58        81      1975
 MINIMUM TEMPERATURE (F)   38        18      1985


SUNRISE AND SUNSET
DECEMBER 14 2017......SUNRISE   709 AM CST   SUNSET   511 PM CST
DECEMBER 15 2017......SUNRISE   710 AM CST   SUNSET   512 PM CST


-  INDICATES NEGATIVE NUMBERS.
R  INDICATES RECORD WAS SET OR TIED.
MM INDICATES DATA IS MISSING.
T  INDICATES TRACE AMOUNT.




$$
