000
CDUS44 KSHV 282253
CLISHV


CLIMATE REPORT
NATIONAL WEATHER SERVICE SHREVEPORT, LA
452 PM CST SAT FEB 28 2015


...................................

...THE SHREVEPORT CLIMATE SUMMARY FOR FEBRUARY 28 2015...
VALID TODAY AS OF 0400 PM LOCAL TIME.

CLIMATE NORMAL PERIOD 1981 TO 2010
CLIMATE RECORD PERIOD 1874 TO 2015


WEATHER ITEM   OBSERVED TIME   RECORD YEAR NORMAL DEPARTURE LAST
                VALUE   (LST)  VALUE       VALUE  FROM      YEAR
                                                  NORMAL
..................................................................
TEMPERATURE (F)
 TODAY
  MAXIMUM         48    359 PM  85    1932  65    -17       57
                                      1918
  MINIMUM         30    531 AM  20    2002  43    -13       36
  AVERAGE         39                        54    -15       47

PRECIPITATION (IN)
  TODAY            0.00          1.66 2001   0.16  -0.16      T
  MONTH TO DATE    4.28                      4.75  -0.47     2.62
  SINCE DEC 1     15.48                     13.72   1.76     8.42
  SINCE JAN 1     11.73                      8.95   2.78     3.44

SNOWFALL (IN)
  TODAY            0.0
  MONTH TO DATE    4.1
  SINCE DEC 1      4.1
  SINCE JUL 1      4.1
  SNOW DEPTH       0

DEGREE DAYS
 HEATING
  TODAY           26                        12     14       18
  MONTH TO DATE  547                       410    137      482
  SINCE DEC 1   1596                      1511     85     1700
  SINCE JUL 1   2000                      1882    118     2111

 COOLING
  TODAY            0                         0      0        0
  MONTH TO DATE    0                         6     -6        6
  SINCE DEC 1      2                        17    -15       17
  SINCE JAN 1      0                        10    -10        6
..................................................................


WIND (MPH)
  HIGHEST WIND SPEED    14   HIGHEST WIND DIRECTION     E (70)
  HIGHEST GUST SPEED    17   HIGHEST GUST DIRECTION     E (70)
  AVERAGE WIND SPEED     8.7


SKY COVER
  POSSIBLE SUNSHINE  MM
  AVERAGE SKY COVER 0.9


WEATHER CONDITIONS
 THE FOLLOWING WEATHER WAS RECORDED TODAY.
  NO SIGNIFICANT WEATHER WAS OBSERVED.


RELATIVE HUMIDITY (PERCENT)
 HIGHEST    72           500 AM
 LOWEST     49           300 PM
 AVERAGE    61

..........................................................


THE SHREVEPORT CLIMATE NORMALS FOR TOMORROW
                         NORMAL    RECORD    YEAR
 MAXIMUM TEMPERATURE (F)   65        85      2012
                                             1972
 MINIMUM TEMPERATURE (F)   43        22      1890


SUNRISE AND SUNSET
FEBRUARY 28 2015......SUNRISE   644 AM CST   SUNSET   612 PM CST
MARCH  1 2015.........SUNRISE   643 AM CST   SUNSET   613 PM CST


-  INDICATES NEGATIVE NUMBERS.
R  INDICATES RECORD WAS SET OR TIED.
MM INDICATES DATA IS MISSING.
T  INDICATES TRACE AMOUNT.




$$
20
