000
CDUS44 KSHV 250751
CLISHV


CLIMATE REPORT
NATIONAL WEATHER SERVICE SHREVEPORT, LA
251 AM CDT SAT MAR 25 2017


...................................

...THE SHREVEPORT CLIMATE SUMMARY FOR MARCH 24 2017...

CLIMATE NORMAL PERIOD 1981 TO 2010
CLIMATE RECORD PERIOD 1874 TO 2017


WEATHER ITEM   OBSERVED TIME   RECORD YEAR NORMAL DEPARTURE LAST
                VALUE   (LST)  VALUE       VALUE  FROM      YEAR
                                                  NORMAL
..................................................................
TEMPERATURE (F)
 YESTERDAY
  MAXIMUM         82    225 PM  90    1929  72     10       70
  MINIMUM         64   1159 PM  32    2006  48     16       48
                                      1968
  AVERAGE         73                        60     13       59

PRECIPITATION (IN)
  YESTERDAY        0.01          2.37 1883   0.14  -0.13     0.28
  MONTH TO DATE    1.23                      3.18  -1.95    12.46
  SINCE DEC 1      8.51                     16.90  -8.39    20.37
  SINCE JAN 1      5.37                     12.13  -6.76    17.48

SNOWFALL (IN)
  YESTERDAY        0.0
  MONTH TO DATE    0.0
  SINCE MAR 1      0.0
  SINCE JUL 1      0.0
  SNOW DEPTH       0

DEGREE DAYS
 HEATING
  YESTERDAY        0                         6     -6        6
  MONTH TO DATE  134                       211    -77       91
  SINCE MAR 1    134                       211    -77       91
  SINCE JUL 1   1165                      2093   -928     1394

 COOLING
  YESTERDAY        8                         1      7        0
  MONTH TO DATE   66                        22     44       37
  SINCE MAR 1     66                        22     44       37
  SINCE JAN 1    136                        32    104       55
..................................................................


WIND (MPH)
  HIGHEST WIND SPEED    35   HIGHEST WIND DIRECTION     S (160)
  HIGHEST GUST SPEED    44   HIGHEST GUST DIRECTION     S (160)
  AVERAGE WIND SPEED    18.0


SKY COVER
  POSSIBLE SUNSHINE  MM
  AVERAGE SKY COVER 0.9


WEATHER CONDITIONS
 THE FOLLOWING WEATHER WAS RECORDED YESTERDAY.
  THUNDERSTORM
  RAIN
  LIGHT RAIN


RELATIVE HUMIDITY (PERCENT)
 HIGHEST    87           300 AM
 LOWEST     48           400 PM
 AVERAGE    68

..........................................................


THE SHREVEPORT CLIMATE NORMALS FOR TODAY
                         NORMAL    RECORD    YEAR
 MAXIMUM TEMPERATURE (F)   72        89      1928
 MINIMUM TEMPERATURE (F)   48        29      1940


SUNRISE AND SUNSET
MARCH 25 2017.........SUNRISE   712 AM CDT   SUNSET   731 PM CDT
MARCH 26 2017.........SUNRISE   711 AM CDT   SUNSET   731 PM CDT


-  INDICATES NEGATIVE NUMBERS.
R  INDICATES RECORD WAS SET OR TIED.
MM INDICATES DATA IS MISSING.
T  INDICATES TRACE AMOUNT.




$$

19
