809
CDUS46 KMFR 170840
CLISIY


CLIMATE REPORT
NATIONAL WEATHER SERVICE MEDFORD, OR
1240 AM PST WED JAN 17 2018


...................................

...THE MONTAGUE CA CLIMATE SUMMARY FOR JANUARY 16 2018...

CLIMATE NORMAL PERIOD 1981 TO 2010
CLIMATE RECORD PERIOD 1948 TO 2018


WEATHER ITEM   OBSERVED TIME   RECORD YEAR NORMAL DEPARTURE LAST
                VALUE   (LST)  VALUE       VALUE  FROM      YEAR
                                                  NORMAL
..................................................................
TEMPERATURE (F)
 YESTERDAY
  MAXIMUM         51    140 PM  55    2010  44      7       42
                                      1981
  MINIMUM         32    753 AM   1    1952  26      6       20
  AVERAGE         42                        35      7       31

PRECIPITATION (IN)
  YESTERDAY        0.11          3.03 1974   0.05   0.06     0.00
  MONTH TO DATE    0.43                      1.52  -1.09     1.35
  SINCE OCT 1      2.70                      8.35  -5.65     9.56
  SINCE JAN 1      0.43                      1.52  -1.09     1.35

SNOWFALL (IN)
  YESTERDAY       MM                        MM     MM       MM
  MONTH TO DATE   MM                        MM     MM       MM
  SINCE JUL 1     MM                        MM     MM       MM
  SNOW DEPTH      MM

DEGREE DAYS
 HEATING
  YESTERDAY       23                        30     -7       34
  MONTH TO DATE  392                       480    -88      610
  SINCE DEC 1   1399                      1407     -8     1624
  SINCE JUL 1   2629                      2713    -84     2754

 COOLING
  YESTERDAY        0                         0      0        0
  MONTH TO DATE    0                         0      0        0
  SINCE DEC 1      0                         0      0        0
  SINCE JAN 1      0                         0      0        0
..................................................................


WIND (MPH)
  HIGHEST WIND SPEED    16   HIGHEST WIND DIRECTION    SE (120)
  HIGHEST GUST SPEED    18   HIGHEST GUST DIRECTION     S (190)
  AVERAGE WIND SPEED     3.1


SKY COVER
  POSSIBLE SUNSHINE  MM
  AVERAGE SKY COVER 0.3


WEATHER CONDITIONS
 THE FOLLOWING WEATHER WAS RECORDED YESTERDAY.
  RAIN
  LIGHT RAIN
  FOG
  FOG W/VISIBILITY <= 1/4 MILE


RELATIVE HUMIDITY (PERCENT)
 HIGHEST   100           400 AM
 LOWEST     71           300 PM

..........................................................


THE MONTAGUE CA CLIMATE NORMALS FOR TODAY
                         NORMAL    RECORD    YEAR
 MAXIMUM TEMPERATURE (F)   44        57      2011
 MINIMUM TEMPERATURE (F)   26        -2      1952


SUNRISE AND SUNSET
JANUARY 17 2018.......SUNRISE   734 AM PST   SUNSET   507 PM PST
JANUARY 18 2018.......SUNRISE   733 AM PST   SUNSET   508 PM PST


-  INDICATES NEGATIVE NUMBERS.
R  INDICATES RECORD WAS SET OR TIED.
MM INDICATES DATA IS MISSING.
T  INDICATES TRACE AMOUNT.




$$
