000
CDUS46 KMFR 220839
CLISIY


CLIMATE REPORT
NATIONAL WEATHER SERVICE MEDFORD, OR
138 AM PDT MON MAY 22 2017


...................................

...THE MONTAGUE CA CLIMATE SUMMARY FOR MAY 21 2017...

CLIMATE NORMAL PERIOD 1981 TO 2010
CLIMATE RECORD PERIOD 1948 TO 2017


WEATHER ITEM   OBSERVED TIME   RECORD YEAR NORMAL DEPARTURE LAST
                VALUE   (LST)  VALUE       VALUE  FROM      YEAR
                                                  NORMAL
..................................................................
TEMPERATURE (F)
 YESTERDAY
  MAXIMUM         84    438 PM  92    2001  73     11       64
                                      1988
  MINIMUM         39    519 AM  31    1962  41     -2       33
  AVERAGE         62                        57      5       49

PRECIPITATION (IN)
  YESTERDAY        0.00          0.49 2002   0.03  -0.03     0.13
  MONTH TO DATE    0.49                      1.17  -0.68     0.60
  SINCE OCT 1     15.39                     16.08  -0.69    13.71
  SINCE JAN 1      7.18                      9.25  -2.07     8.62

SNOWFALL (IN)
  YESTERDAY       MM                        MM     MM       MM
  MONTH TO DATE   MM                        MM     MM       MM
  SINCE JUL 1     MM                        MM     MM       MM
  SNOW DEPTH      MM

DEGREE DAYS
 HEATING
  YESTERDAY        3                         8     -5       16
  MONTH TO DATE  233                       217     16      145
  SINCE MAR 1   1407                      1438    -31     1089
  SINCE JUL 1   5304                      5315    -11     4506

 COOLING
  YESTERDAY        0                         1     -1        0
  MONTH TO DATE    1                         6     -5        1
  SINCE MAR 1      1                         6     -5        1
  SINCE JAN 1      1                         6     -5        1
..................................................................


WIND (MPH)
  HIGHEST WIND SPEED    16   HIGHEST WIND DIRECTION     N (20)
  HIGHEST GUST SPEED    22   HIGHEST GUST DIRECTION    NE (50)
  AVERAGE WIND SPEED     5.4


SKY COVER
  POSSIBLE SUNSHINE  MM
  AVERAGE SKY COVER 0.0


WEATHER CONDITIONS
 THE FOLLOWING WEATHER WAS RECORDED YESTERDAY.
  NO SIGNIFICANT WEATHER WAS OBSERVED.


RELATIVE HUMIDITY (PERCENT)
 HIGHEST    70           300 AM
 LOWEST     18           300 PM

..........................................................


THE MONTAGUE CA CLIMATE NORMALS FOR TODAY
                         NORMAL    RECORD    YEAR
 MAXIMUM TEMPERATURE (F)   74        95      2001
 MINIMUM TEMPERATURE (F)   42        25      2013


SUNRISE AND SUNSET
MAY 22 2017...........SUNRISE   543 AM PDT   SUNSET   830 PM PDT
MAY 23 2017...........SUNRISE   543 AM PDT   SUNSET   831 PM PDT


-  INDICATES NEGATIVE NUMBERS.
R  INDICATES RECORD WAS SET OR TIED.
MM INDICATES DATA IS MISSING.
T  INDICATES TRACE AMOUNT.




$$
