781
CDUS46 KMFR 230835
CLISIY


CLIMATE REPORT
NATIONAL WEATHER SERVICE MEDFORD, OR
135 AM PDT FRI JUN 23 2017


...................................

...THE MONTAGUE CA CLIMATE SUMMARY FOR JUNE 22 2017...

CLIMATE NORMAL PERIOD 1981 TO 2010
CLIMATE RECORD PERIOD 1948 TO 2017


WEATHER ITEM   OBSERVED TIME   RECORD YEAR NORMAL DEPARTURE LAST
                VALUE   (LST)  VALUE       VALUE  FROM      YEAR
                                                  NORMAL
..................................................................
TEMPERATURE (F)
 YESTERDAY
  MAXIMUM         94    343 PM 106    1992  83     11       90
  MINIMUM         58    526 AM  31    1993  49      9       51
  AVERAGE         76                        66     10       71

PRECIPITATION (IN)
  YESTERDAY        0.00          0.05 1982   0.01  -0.01      T
  MONTH TO DATE    0.39                      0.60  -0.21     1.18
  SINCE OCT 1     15.85                     16.93  -1.08    15.07
  SINCE JAN 1      7.64                     10.10  -2.46     9.98

SNOWFALL (IN)
  YESTERDAY       MM                        MM     MM       MM
  MONTH TO DATE   MM                        MM     MM       MM
  SINCE JUL 1     MM                        MM     MM       MM
  SNOW DEPTH      MM

DEGREE DAYS
 HEATING
  YESTERDAY        0                         2     -2        0
  MONTH TO DATE   88                        85      3       70
  SINCE JUN 1     88                        85      3       70
  SINCE JUL 1   5415                      5474    -59     4643

 COOLING
  YESTERDAY       11                         3      8        6
  MONTH TO DATE   67                        29     38       78
  SINCE JUN 1     67                        29     38       78
  SINCE JAN 1     82                        42     40       82
..................................................................


WIND (MPH)
  HIGHEST WIND SPEED    22   HIGHEST WIND DIRECTION     N (350)
  HIGHEST GUST SPEED    26   HIGHEST GUST DIRECTION     N (350)
  AVERAGE WIND SPEED    11.7


SKY COVER
  POSSIBLE SUNSHINE  MM
  AVERAGE SKY COVER 0.0


WEATHER CONDITIONS
 THE FOLLOWING WEATHER WAS RECORDED YESTERDAY.
  NO SIGNIFICANT WEATHER WAS OBSERVED.


RELATIVE HUMIDITY (PERCENT)
 HIGHEST    52           100 AM
 LOWEST     11           400 PM

..........................................................


THE MONTAGUE CA CLIMATE NORMALS FOR TODAY
                         NORMAL    RECORD    YEAR
 MAXIMUM TEMPERATURE (F)   83       105      1992
 MINIMUM TEMPERATURE (F)   50        35      1993


SUNRISE AND SUNSET
JUNE 23 2017..........SUNRISE   536 AM PDT   SUNSET   849 PM PDT
JUNE 24 2017..........SUNRISE   536 AM PDT   SUNSET   849 PM PDT


-  INDICATES NEGATIVE NUMBERS.
R  INDICATES RECORD WAS SET OR TIED.
MM INDICATES DATA IS MISSING.
T  INDICATES TRACE AMOUNT.




$$
