000
CDUS46 KMFR 280837
CLISIY


CLIMATE REPORT
NATIONAL WEATHER SERVICE MEDFORD, OR
137 AM PDT FRI AUG 28 2015


...................................

...THE MONTAGUE CA CLIMATE SUMMARY FOR AUGUST 27 2015...

CLIMATE NORMAL PERIOD 1981 TO 2010
CLIMATE RECORD PERIOD 1948 TO 2015


WEATHER ITEM   OBSERVED TIME   RECORD YEAR NORMAL DEPARTURE LAST
                VALUE   (LST)  VALUE       VALUE  FROM      YEAR
                                                  NORMAL
..................................................................
TEMPERATURE (F)
 YESTERDAY
  MAXIMUM         93    415 PM  99    1971  87      6       97
  MINIMUM         54    547 AM  40    1960  49      5       55
  AVERAGE         74                        68      6       76

PRECIPITATION (IN)
  YESTERDAY        T             0.48 1954   0.00   0.00     0.00
  MONTH TO DATE    0.01                      0.32  -0.31      T
  SINCE OCT 1     13.13                     17.81  -4.68     6.81
  SINCE JAN 1      7.22                     10.98  -3.76     6.17

SNOWFALL (IN)
  YESTERDAY       MM                        MM     MM       MM
  MONTH TO DATE   MM                        MM     MM       MM
  SINCE JUL 1     MM                        MM     MM       MM
  SNOW DEPTH      MM

DEGREE DAYS
 HEATING
  YESTERDAY        0                         1     -1        0
  MONTH TO DATE    0                         5     -5        0
  SINCE JUN 1     17                       102    -85       46
  SINCE JUL 1      0                         9     -9        0

 COOLING
  YESTERDAY        9                         4      5       11
  MONTH TO DATE  247                       175     72      261
  SINCE JUN 1    805                       475    330      775
  SINCE JAN 1    820                       488    332      782
..................................................................


WIND (MPH)
  HIGHEST WIND SPEED    16   HIGHEST WIND DIRECTION     W (290)
  HIGHEST GUST SPEED    20   HIGHEST GUST DIRECTION    NW (320)
  AVERAGE WIND SPEED     6.2


SKY COVER
  POSSIBLE SUNSHINE  MM
  AVERAGE SKY COVER 0.1


WEATHER CONDITIONS
 THE FOLLOWING WEATHER WAS RECORDED YESTERDAY.
  HAZE


RELATIVE HUMIDITY (PERCENT)
 HIGHEST    47           700 AM
 LOWEST     15           400 PM

..........................................................


THE MONTAGUE CA CLIMATE NORMALS FOR TODAY
                         NORMAL    RECORD    YEAR
 MAXIMUM TEMPERATURE (F)   87       103      1988
 MINIMUM TEMPERATURE (F)   49        41      1990


SUNRISE AND SUNSET
AUGUST 28 2015........SUNRISE   631 AM PDT   SUNSET   750 PM PDT
AUGUST 29 2015........SUNRISE   632 AM PDT   SUNSET   748 PM PDT


-  INDICATES NEGATIVE NUMBERS.
R  INDICATES RECORD WAS SET OR TIED.
MM INDICATES DATA IS MISSING.
T  INDICATES TRACE AMOUNT.




$$
