000
CDUS46 KMFR 250836
CLISIY


CLIMATE REPORT
NATIONAL WEATHER SERVICE MEDFORD, OR
135 AM PDT THU AUG 25 2016


...................................

...THE MONTAGUE CA CLIMATE SUMMARY FOR AUGUST 24 2016...

CLIMATE NORMAL PERIOD 1981 TO 2010
CLIMATE RECORD PERIOD 1948 TO 2016


WEATHER ITEM   OBSERVED TIME   RECORD YEAR NORMAL DEPARTURE LAST
                VALUE   (LST)  VALUE       VALUE  FROM      YEAR
                                                  NORMAL
..................................................................
TEMPERATURE (F)
 YESTERDAY
  MAXIMUM         93    330 PM 100    1982  88      5       94
  MINIMUM         46    602 AM  37    1989  50     -4       59
  AVERAGE         70                        69      1       77

PRECIPITATION (IN)
  YESTERDAY        0.00          0.32 1965   0.01  -0.01     0.00
  MONTH TO DATE    0.02                      0.31  -0.29     0.01
  SINCE OCT 1     15.14                     17.80  -2.66    13.13
  SINCE JAN 1     10.05                     10.97  -0.92     7.22

SNOWFALL (IN)
  YESTERDAY       MM                        MM     MM       MM
  MONTH TO DATE   MM                        MM     MM       MM
  SINCE JUL 1     MM                        MM     MM       MM
  SNOW DEPTH      MM

DEGREE DAYS
 HEATING
  YESTERDAY        0                         1     -1        0
  MONTH TO DATE    0                         2     -2        0
  SINCE JUN 1     85                        99    -14       17
  SINCE JUL 1     12                         6      6        0

 COOLING
  YESTERDAY        5                         4      1       12
  MONTH TO DATE  229                       163     66      220
  SINCE JUN 1    607                       463    144      778
  SINCE JAN 1    611                       476    135      793
..................................................................


WIND (MPH)
  HIGHEST WIND SPEED    18   HIGHEST WIND DIRECTION     N (360)
  HIGHEST GUST SPEED    22   HIGHEST GUST DIRECTION     N (350)
  AVERAGE WIND SPEED     4.2


SKY COVER
  POSSIBLE SUNSHINE  MM
  AVERAGE SKY COVER 0.0


WEATHER CONDITIONS
 THE FOLLOWING WEATHER WAS RECORDED YESTERDAY.
  NO SIGNIFICANT WEATHER WAS OBSERVED.


RELATIVE HUMIDITY (PERCENT)
 HIGHEST    45           600 AM
 LOWEST      6           500 PM

..........................................................


THE MONTAGUE CA CLIMATE NORMALS FOR TODAY
                         NORMAL    RECORD    YEAR
 MAXIMUM TEMPERATURE (F)   87       101      2010
 MINIMUM TEMPERATURE (F)   50        35      1993


SUNRISE AND SUNSET
AUGUST 25 2016........SUNRISE   629 AM PDT   SUNSET   754 PM PDT
AUGUST 26 2016........SUNRISE   630 AM PDT   SUNSET   752 PM PDT


-  INDICATES NEGATIVE NUMBERS.
R  INDICATES RECORD WAS SET OR TIED.
MM INDICATES DATA IS MISSING.
T  INDICATES TRACE AMOUNT.




$$
