000
CDUS46 KMFR 220843
CLISIY


CLIMATE REPORT
NATIONAL WEATHER SERVICE MEDFORD, OR
1243 AM PST SAT NOV 22 2014


...................................

...THE MONTAGUE CA CLIMATE SUMMARY FOR NOVEMBER 21 2014...

CLIMATE NORMAL PERIOD 1981 TO 2010
CLIMATE RECORD PERIOD 1948 TO 2014


WEATHER ITEM   OBSERVED TIME   RECORD YEAR NORMAL DEPARTURE LAST
                VALUE   (LST)  VALUE       VALUE  FROM      YEAR
                                                  NORMAL
..................................................................
TEMPERATURE (F)
 YESTERDAY
  MAXIMUM         49   1159 PM  61    1971  48      1       51
  MINIMUM         31    619 AM  14    1977  28      3       26
  AVERAGE         40                        38      2       39

PRECIPITATION (IN)
  YESTERDAY        0.21          1.15 1955   0.12   0.09     0.00
  MONTH TO DATE    0.62                      1.97  -1.35     0.47
  SINCE SEP 1      4.03                      3.81   0.22     1.29
  SINCE JAN 1     10.20                     14.81  -4.61     5.62

SNOWFALL (IN)
  YESTERDAY       MM                        MM     MM       MM
  MONTH TO DATE   MM                        MM     MM       MM
  SINCE JUL 1     MM                        MM     MM        0.0
  SNOW DEPTH      MM

DEGREE DAYS
 HEATING
  YESTERDAY       25                        27     -2       26
  MONTH TO DATE  451                       498    -47      433
  SINCE SEP 1    786                      1034   -248     1073
  SINCE JUL 1    786                      1051   -265     1073

 COOLING
  YESTERDAY        0                         0      0        0
  MONTH TO DATE    0                         0      0        0
  SINCE SEP 1    112                        43     69       87
  SINCE JAN 1    913                       544    369      776
..................................................................


WIND (MPH)
  HIGHEST WIND SPEED    30   HIGHEST WIND DIRECTION     S (170)
  HIGHEST GUST SPEED    36   HIGHEST GUST DIRECTION     S (180)
  AVERAGE WIND SPEED     6.3


SKY COVER
  POSSIBLE SUNSHINE  MM
  AVERAGE SKY COVER 0.9


WEATHER CONDITIONS
 THE FOLLOWING WEATHER WAS RECORDED YESTERDAY.
  LIGHT RAIN
  FOG
  FOG W/VISIBILITY <= 1/4 MILE


RELATIVE HUMIDITY (PERCENT)
 HIGHEST   100           200 AM
 LOWEST     71           800 PM

..........................................................


THE MONTAGUE CA CLIMATE NORMALS FOR TODAY
                         NORMAL    RECORD    YEAR
 MAXIMUM TEMPERATURE (F)   47        62      1971
 MINIMUM TEMPERATURE (F)   28        15      1994


SUNRISE AND SUNSET
NOVEMBER 22 2014......SUNRISE   708 AM PST   SUNSET   444 PM PST
NOVEMBER 23 2014......SUNRISE   709 AM PST   SUNSET   443 PM PST


-  INDICATES NEGATIVE NUMBERS.
R  INDICATES RECORD WAS SET OR TIED.
MM INDICATES DATA IS MISSING.
T  INDICATES TRACE AMOUNT.




$$
