000
CDUS46 KMTR 300033
CLISJC


CLIMATE REPORT
NATIONAL WEATHER SERVICE SAN FRANCISCO BAY AREA
533 PM PDT TUE JUL 29 2014


...................................

...THE SAN JOSE CA CLIMATE SUMMARY FOR JULY 29 2014...
VALID TODAY AS OF 0500 PM LOCAL TIME.

CLIMATE NORMAL PERIOD 1981 TO 2010
CLIMATE RECORD PERIOD 1893 TO 2014


WEATHER ITEM   OBSERVED TIME   RECORD YEAR NORMAL DEPARTURE LAST
                VALUE   (LST)  VALUE       VALUE  FROM      YEAR
                                                  NORMAL
..................................................................
TEMPERATURE (F)
 TODAY
  MAXIMUM         83    300 PM  95    1977  83      0       80
  MINIMUM         62    544 AM  47    1893  59      3       56
  AVERAGE         73                        71      2       68

PRECIPITATION (IN)
  TODAY            0.00          T    2013   0.00   0.00      T
  MONTH TO DATE    T                         0.00   0.00      T
  SINCE JUL 1      T                         0.00   0.00      T
  SINCE JAN 1      4.79                      9.89  -5.10     2.24

SNOWFALL (IN)
  TODAY            0.0           0.0  1947
  MONTH TO DATE    0.0
  SINCE JUN 1      0.0
  SINCE JUL 1      0.0

DEGREE DAYS
 HEATING
  TODAY            0                         0      0        0
  MONTH TO DATE    0                         0      0        0
  SINCE JUN 1      9                        15     -6       12
  SINCE JUL 1      0                         0      0        0

 COOLING
  TODAY            8                         6      2        3
  MONTH TO DATE  163                       174    -11      124
  SINCE JUN 1    249                       289    -40      229
  SINCE JAN 1    340                       359    -19      296
..................................................................


WIND (MPH)
  RESULTANT WIND SPEED   6   RESULTANT WIND DIRECTION   W (290)
  HIGHEST WIND SPEED    14   HIGHEST WIND DIRECTION     W (280)
  HIGHEST GUST SPEED    18   HIGHEST GUST DIRECTION     W (290)
  AVERAGE WIND SPEED     5.8


SKY COVER
  POSSIBLE SUNSHINE  MM
  AVERAGE SKY COVER 0.2


WEATHER CONDITIONS
 THE FOLLOWING WEATHER WAS RECORDED TODAY.
  NO SIGNIFICANT WEATHER WAS OBSERVED.


RELATIVE HUMIDITY (PERCENT)
 HIGHEST    90           600 AM
 LOWEST     39           400 PM
 AVERAGE    65

..........................................................


THE SAN JOSE CA CLIMATE NORMALS FOR TOMORROW
                         NORMAL    RECORD    YEAR
 MAXIMUM TEMPERATURE (F)   83       102      1995
 MINIMUM TEMPERATURE (F)   59        40      1895


SUNRISE AND SUNSET
JULY 29 2014..........SUNRISE   610 AM PDT   SUNSET   818 PM PDT
JULY 30 2014..........SUNRISE   611 AM PDT   SUNSET   817 PM PDT


-  INDICATES NEGATIVE NUMBERS.
R  INDICATES RECORD WAS SET OR TIED.
MM INDICATES DATA IS MISSING.
T  INDICATES TRACE AMOUNT.




$$
