564
CDUS46 KMTR 090026
CLISJC


CLIMATE REPORT
NATIONAL WEATHER SERVICE SAN FRANCISCO BAY AREA
426 PM PST MON FEB 8 2016


...................................

...THE SAN JOSE CA CLIMATE SUMMARY FOR FEBRUARY 8 2016...
VALID TODAY AS OF 0400 PM LOCAL TIME.

CLIMATE NORMAL PERIOD 1981 TO 2010
CLIMATE RECORD PERIOD 1893 TO 2016


WEATHER ITEM   OBSERVED TIME   RECORD YEAR NORMAL DEPARTURE LAST
                VALUE   (LST)  VALUE       VALUE  FROM      YEAR
                                                  NORMAL
..................................................................
TEMPERATURE (F)
 TODAY
  MAXIMUM         78R   237 PM  75    1987  63     15       64
  MINIMUM         45    650 AM  28    1896  44      1       57
  AVERAGE         62                        54      8       61

PRECIPITATION (IN)
  TODAY            0.00          0.79 1893   0.11  -0.11     0.39
  MONTH TO DATE    0.05                      0.84  -0.79     1.68
  SINCE OCT 1      8.84                      8.61   0.23    11.63
  SINCE JAN 1      4.14                      3.83   0.31     1.68

SNOWFALL (IN)
  TODAY            0.0           0.0  1947
  MONTH TO DATE    0.0
  SINCE DEC 1      0.0
  SINCE JUL 1      0.0

DEGREE DAYS
 HEATING
  TODAY            3                        12     -9        4
  MONTH TO DATE   93                        97     -4       48
  SINCE DEC 1    887                       941    -54      781
  SINCE JUL 1   1252                      1266    -14     1065

 COOLING
  TODAY            0                         0      0        0
  MONTH TO DATE    0                         0      0        0
  SINCE DEC 1      0                         0      0        0
  SINCE JAN 1      0                         0      0        0
..................................................................


WIND (MPH)
  RESULTANT WIND SPEED   1   RESULTANT WIND DIRECTION  SE (120)
  HIGHEST WIND SPEED     7   HIGHEST WIND DIRECTION    NW (300)
  HIGHEST GUST SPEED     9   HIGHEST GUST DIRECTION     W (290)
  AVERAGE WIND SPEED     2.1


SKY COVER
  POSSIBLE SUNSHINE  MM
  AVERAGE SKY COVER 0.0


WEATHER CONDITIONS
 THE FOLLOWING WEATHER WAS RECORDED TODAY.
  NO SIGNIFICANT WEATHER WAS OBSERVED.


RELATIVE HUMIDITY (PERCENT)
 HIGHEST    83           400 AM
 LOWEST     33           200 PM
 AVERAGE    58

..........................................................


THE SAN JOSE CA CLIMATE NORMALS FOR TOMORROW
                         NORMAL    RECORD    YEAR
 MAXIMUM TEMPERATURE (F)   63        74      2006
 MINIMUM TEMPERATURE (F)   45        30      1896


SUNRISE AND SUNSET
FEBRUARY  8 2016......SUNRISE   705 AM PST   SUNSET   539 PM PST
FEBRUARY  9 2016......SUNRISE   704 AM PST   SUNSET   540 PM PST


-  INDICATES NEGATIVE NUMBERS.
R  INDICATES RECORD WAS SET OR TIED.
MM INDICATES DATA IS MISSING.
T  INDICATES TRACE AMOUNT.




$$
