000
CDUS46 KMTR 250026
CLISJC


CLIMATE REPORT
NATIONAL WEATHER SERVICE SAN FRANCISCO BAY AREA
425 PM PST FRI NOV 24 2017


...................................

...THE SAN JOSE CA CLIMATE SUMMARY FOR NOVEMBER 24 2017...
VALID TODAY AS OF 0400 PM LOCAL TIME.

CLIMATE NORMAL PERIOD 1981 TO 2010
CLIMATE RECORD PERIOD 1893 TO 2017


WEATHER ITEM   OBSERVED TIME   RECORD YEAR NORMAL DEPARTURE LAST
                VALUE   (LST)  VALUE       VALUE  FROM      YEAR
                                                  NORMAL
..................................................................
TEMPERATURE (F)
 TODAY
  MAXIMUM         74    257 PM  75    1959  62     12       62
  MINIMUM         58    701 AM  25    1895  44     14       40
  AVERAGE         66                        53     13       51

PRECIPITATION (IN)
  TODAY            0.00          1.00 1896   0.06  -0.06     0.00
  MONTH TO DATE    1.10                      1.27  -0.17     0.46
  SINCE OCT 1      1.32                      2.07  -0.75     2.02
  SINCE JAN 1     15.40                     12.80   2.60    12.23

SNOWFALL (IN)
  TODAY            0.0           0.0  1947
  MONTH TO DATE    0.0
  SINCE SEP 1      0.0
  SINCE JUL 1      0.0

DEGREE DAYS
 HEATING
  TODAY            0                        12    -12       14
  MONTH TO DATE  126                       219    -93      113
  SINCE SEP 1    174                       323   -149      149
  SINCE JUL 1    174                       329   -155      149

 COOLING
  TODAY            1                         0      1        0
  MONTH TO DATE    1                         0      1        7
  SINCE SEP 1    346                       153    193      185
  SINCE JAN 1    991                       636    355      706
..................................................................


WIND (MPH)
  RESULTANT WIND SPEED   2   RESULTANT WIND DIRECTION  NW (300)
  HIGHEST WIND SPEED    10   HIGHEST WIND DIRECTION    NW (310)
  HIGHEST GUST SPEED    13   HIGHEST GUST DIRECTION    NW (310)
  AVERAGE WIND SPEED     2.7


SKY COVER
  POSSIBLE SUNSHINE  MM
  AVERAGE SKY COVER 0.6


WEATHER CONDITIONS
 THE FOLLOWING WEATHER WAS RECORDED TODAY.
  FOG
  HAZE


RELATIVE HUMIDITY (PERCENT)
 HIGHEST   100           700 AM
 LOWEST     57           300 PM
 AVERAGE    79

..........................................................


THE SAN JOSE CA CLIMATE NORMALS FOR TOMORROW
                         NORMAL    RECORD    YEAR
 MAXIMUM TEMPERATURE (F)   61        76      1959
 MINIMUM TEMPERATURE (F)   44        26      1895


SUNRISE AND SUNSET
NOVEMBER 24 2017......SUNRISE   657 AM PST   SUNSET   452 PM PST
NOVEMBER 25 2017......SUNRISE   658 AM PST   SUNSET   452 PM PST


-  INDICATES NEGATIVE NUMBERS.
R  INDICATES RECORD WAS SET OR TIED.
MM INDICATES DATA IS MISSING.
T  INDICATES TRACE AMOUNT.




$$
