000
CDUS46 KMTR 040040
CLISJC


CLIMATE REPORT
NATIONAL WEATHER SERVICE SAN FRANCISCO BAY AREA
440 PM PST TUE MAR 3 2015


...................................

...THE SAN JOSE CA CLIMATE SUMMARY FOR MARCH 3 2015...
VALID TODAY AS OF 0400 PM LOCAL TIME.

CLIMATE NORMAL PERIOD 1981 TO 2010
CLIMATE RECORD PERIOD 1893 TO 2015


WEATHER ITEM   OBSERVED TIME   RECORD YEAR NORMAL DEPARTURE LAST
                VALUE   (LST)  VALUE       VALUE  FROM      YEAR
                                                  NORMAL
..................................................................
TEMPERATURE (F)
 TODAY
  MAXIMUM         63    100 PM  79    1959  66     -3       63
  MINIMUM         39        MM  28    1894  47     -8       48
  AVERAGE         51                        57     -6       56

PRECIPITATION (IN)
  TODAY            0.00          1.00 2009   0.09  -0.09     0.17
  MONTH TO DATE    0.05                      0.30  -0.25     0.40
  SINCE OCT 1     11.74                     11.39   0.35     4.07
  SINCE JAN 1      1.79                      6.61  -4.82     3.17

SNOWFALL (IN)
  TODAY            0.0           0.0  1947
  MONTH TO DATE    0.0
  SINCE MAR 1      0.0
  SINCE JUL 1      0.0

DEGREE DAYS
 HEATING
  TODAY           14                         9      5        9
  MONTH TO DATE   40                        27     13       23
  SINCE MAR 1     40                        27     13       23
  SINCE JUL 1   1260                      1490   -230     1564

 COOLING
  TODAY            0                         0      0        0
  MONTH TO DATE    0                         0      0        0
  SINCE MAR 1      0                         0      0        0
  SINCE JAN 1      0                         0      0        0
..................................................................


WIND (MPH)
  RESULTANT WIND SPEED   1   RESULTANT WIND DIRECTION   E (110)
  HIGHEST WIND SPEED     6   HIGHEST WIND DIRECTION    NW (300)
  HIGHEST GUST SPEED    MM   HIGHEST GUST DIRECTION    MM
  AVERAGE WIND SPEED     2.8


SKY COVER
  POSSIBLE SUNSHINE  MM
  AVERAGE SKY COVER 0.1


WEATHER CONDITIONS
 THE FOLLOWING WEATHER WAS RECORDED TODAY.
  NO SIGNIFICANT WEATHER WAS OBSERVED.


RELATIVE HUMIDITY (PERCENT)
 HIGHEST    89           100 AM
 LOWEST     48           100 PM
 AVERAGE    69

..........................................................


THE SAN JOSE CA CLIMATE NORMALS FOR TOMORROW
                         NORMAL    RECORD    YEAR
 MAXIMUM TEMPERATURE (F)   66        81      1937
 MINIMUM TEMPERATURE (F)   47        26      1894


SUNRISE AND SUNSET
MARCH  3 2015.........SUNRISE   636 AM PST   SUNSET   603 PM PST
MARCH  4 2015.........SUNRISE   635 AM PST   SUNSET   604 PM PST


-  INDICATES NEGATIVE NUMBERS.
R  INDICATES RECORD WAS SET OR TIED.
MM INDICATES DATA IS MISSING.
T  INDICATES TRACE AMOUNT.




$$
