000
CDUS44 KSJT 030655
CLISJT


CLIMATE REPORT
NATIONAL WEATHER SERVICE SAN ANGELO TX
154 AM CDT WED JUN 3 2015


...................................

...THE SAN ANGELO CLIMATE SUMMARY FOR JUNE 2 2015...

CLIMATE NORMAL PERIOD 1981 TO 2010
CLIMATE RECORD PERIOD 1907 TO 2015


WEATHER ITEM   OBSERVED TIME   RECORD YEAR NORMAL DEPARTURE LAST
                VALUE   (LST)  VALUE       VALUE  FROM      YEAR
                                                  NORMAL
..................................................................
TEMPERATURE (F)
 YESTERDAY
  MAXIMUM         88    442 PM 105    1993  90     -2       95
  MINIMUM         66    606 AM  46    1919  67     -1       73
  AVERAGE         77                        78     -1       84

PRECIPITATION (IN)
  YESTERDAY        0.00          1.30 1951   0.10  -0.10     0.00
  MONTH TO DATE    0.00                      0.21  -0.21     0.00
  SINCE JUN 1      0.00                      0.21  -0.21     0.00
  SINCE JAN 1     14.86                      8.23   6.63     8.27

DEGREE DAYS
 HEATING
  YESTERDAY        0                         0      0        0
  MONTH TO DATE    0                         0      0        0
  SINCE JUN 1      0                         0      0        0
  SINCE JUL 1   2185                      2316   -131     2497

 COOLING
  YESTERDAY       12                        13     -1       19
  MONTH TO DATE   22                        26     -4       37
  SINCE JUN 1     22                        26     -4       37
  SINCE JAN 1    489                       486      3      639
..................................................................


WIND (MPH)
  HIGHEST WIND SPEED    20   HIGHEST WIND DIRECTION     S (180)
  HIGHEST GUST SPEED    26   HIGHEST GUST DIRECTION     S (170)
  AVERAGE WIND SPEED     9.2


SKY COVER
  POSSIBLE SUNSHINE  MM
  AVERAGE SKY COVER 0.0


WEATHER CONDITIONS
 THE FOLLOWING WEATHER WAS RECORDED YESTERDAY.
  NO SIGNIFICANT WEATHER WAS OBSERVED.


RELATIVE HUMIDITY (PERCENT)
 HIGHEST    87           200 AM
 LOWEST     43           500 PM
 AVERAGE    65

..........................................................


THE SAN ANGELO CLIMATE NORMALS FOR TODAY
                         NORMAL    RECORD    YEAR
 MAXIMUM TEMPERATURE (F)   90       106      1927
 MINIMUM TEMPERATURE (F)   67        43      1919


SUNRISE AND SUNSET
JUNE  3 2015..........SUNRISE   638 AM CDT   SUNSET   843 PM CDT
JUNE  4 2015..........SUNRISE   638 AM CDT   SUNSET   843 PM CDT


-  INDICATES NEGATIVE NUMBERS.
R  INDICATES RECORD WAS SET OR TIED.
MM INDICATES DATA IS MISSING.
T  INDICATES TRACE AMOUNT.




$$
