000
CDUS44 KSJT 310806
CLISJT


CLIMATE REPORT
NATIONAL WEATHER SERVICE SAN ANGELO TX
205 AM CST SAT JAN 31 2015


...................................

...THE SAN ANGELO CLIMATE SUMMARY FOR JANUARY 30 2015...

CLIMATE NORMAL PERIOD 1981 TO 2010
CLIMATE RECORD PERIOD 1907 TO 2015


WEATHER ITEM   OBSERVED TIME   RECORD YEAR NORMAL DEPARTURE LAST
                VALUE   (LST)  VALUE       VALUE  FROM      YEAR
                                                  NORMAL
..................................................................
TEMPERATURE (F)
 YESTERDAY
  MAXIMUM         55    319 PM  84    1971  61     -6       68
                                      1911
  MINIMUM         44    841 AM   8    1949  34     10       36
  AVERAGE         50                        48      2       52

PRECIPITATION (IN)
  YESTERDAY        0.00          0.75 1964   0.03  -0.03     0.00
  MONTH TO DATE    1.51                      0.90   0.61      T
  SINCE DEC 1      1.87                      1.75   0.12     1.15
  SINCE JAN 1      1.51                      0.90   0.61      T

SNOWFALL (IN)
  YESTERDAY        0.0           2.1  1949   0.0    0.0      0.0
  MONTH TO DATE    T                         1.2   -1.2       T
  SINCE NOV 1      T                         1.8   -1.8      1.5
  SINCE JUL 1      T                         1.8   -1.8      1.5
  SNOW DEPTH       0

DEGREE DAYS
 HEATING
  YESTERDAY       15                        18     -3       13
  MONTH TO DATE  618                       559     59      586
  SINCE DEC 1   1009                      1126   -117     1209
  SINCE JUL 1   1379                      1526   -147     1685

 COOLING
  YESTERDAY        0                         0      0        0
  MONTH TO DATE    0                         0      0        0
  SINCE DEC 1      1                         1      0        3
  SINCE JAN 1      0                         0      0        0
..................................................................


WIND (MPH)
  HIGHEST WIND SPEED    16   HIGHEST WIND DIRECTION     E (80)
  HIGHEST GUST SPEED    20   HIGHEST GUST DIRECTION     E (70)
  AVERAGE WIND SPEED    10.8


SKY COVER
  POSSIBLE SUNSHINE  MM
  AVERAGE SKY COVER 0.5


WEATHER CONDITIONS
 THE FOLLOWING WEATHER WAS RECORDED YESTERDAY.
  NO SIGNIFICANT WEATHER WAS OBSERVED.


RELATIVE HUMIDITY (PERCENT)
 HIGHEST    65           700 AM
 LOWEST     46           300 PM
 AVERAGE    56

..........................................................


THE SAN ANGELO CLIMATE NORMALS FOR TODAY
                         NORMAL    RECORD    YEAR
 MAXIMUM TEMPERATURE (F)   61        91      1911
 MINIMUM TEMPERATURE (F)   34         7      1949


SUNRISE AND SUNSET
JANUARY 31 2015.......SUNRISE   735 AM CST   SUNSET   616 PM CST
FEBRUARY  1 2015......SUNRISE   735 AM CST   SUNSET   617 PM CST


-  INDICATES NEGATIVE NUMBERS.
R  INDICATES RECORD WAS SET OR TIED.
MM INDICATES DATA IS MISSING.
T  INDICATES TRACE AMOUNT.




$$
