000
CDUS44 KSJT 240656
CLISJT


CLIMATE REPORT
NATIONAL WEATHER SERVICE SAN ANGELO TX
155 AM CDT WED AUG 24 2016


...................................

...THE SAN ANGELO CLIMATE SUMMARY FOR AUGUST 23 2016...

CLIMATE NORMAL PERIOD 1981 TO 2010
CLIMATE RECORD PERIOD 1907 TO 2016


WEATHER ITEM   OBSERVED TIME   RECORD YEAR NORMAL DEPARTURE LAST
                VALUE   (LST)  VALUE       VALUE  FROM      YEAR
                                                  NORMAL
..................................................................
TEMPERATURE (F)
 YESTERDAY
  MAXIMUM         95    442 PM 107    2010  94      1      102
  MINIMUM         77    646 AM  60    1961  70      7       77
  AVERAGE         86                        82      4       90

PRECIPITATION (IN)
  YESTERDAY        0.00          1.35 1942   0.08  -0.08     0.53
  MONTH TO DATE    2.87                      1.51   1.36     0.53
  SINCE JUN 1      9.89                      5.30   4.59     4.63
  SINCE JAN 1     25.52                     13.32  12.20    19.49

DEGREE DAYS
 HEATING
  YESTERDAY        0                         0      0        0
  MONTH TO DATE    0                         0      0        0
  SINCE JUN 1      0                         0      0        0
  SINCE JUL 1      0                         0      0        0

 COOLING
  YESTERDAY       21                        17      4       25
  MONTH TO DATE  469                       421     48      528
  SINCE JUN 1   1616                      1448    168     1602
  SINCE JAN 1   2027                      1908    119     2069
..................................................................


WIND (MPH)
  HIGHEST WIND SPEED    23   HIGHEST WIND DIRECTION     S (180)
  HIGHEST GUST SPEED    31   HIGHEST GUST DIRECTION     S (170)
  AVERAGE WIND SPEED    13.7


SKY COVER
  POSSIBLE SUNSHINE  MM
  AVERAGE SKY COVER 0.3


WEATHER CONDITIONS
 THE FOLLOWING WEATHER WAS RECORDED YESTERDAY.
  NO SIGNIFICANT WEATHER WAS OBSERVED.


RELATIVE HUMIDITY (PERCENT)
 HIGHEST    82           300 AM
 LOWEST     28           400 PM
 AVERAGE    55

..........................................................


THE SAN ANGELO CLIMATE NORMALS FOR TODAY
                         NORMAL    RECORD    YEAR
 MAXIMUM TEMPERATURE (F)   94       105      1918
 MINIMUM TEMPERATURE (F)   70        55      1961


SUNRISE AND SUNSET
AUGUST 24 2016........SUNRISE   713 AM CDT   SUNSET   814 PM CDT
AUGUST 25 2016........SUNRISE   714 AM CDT   SUNSET   813 PM CDT


-  INDICATES NEGATIVE NUMBERS.
R  INDICATES RECORD WAS SET OR TIED.
MM INDICATES DATA IS MISSING.
T  INDICATES TRACE AMOUNT.




$$
