000
CDUS44 KSJT 210655
CLISJT


CLIMATE REPORT
NATIONAL WEATHER SERVICE SAN ANGELO TX
155 AM CDT TUE OCT 21 2014


...................................

...THE SAN ANGELO CLIMATE SUMMARY FOR OCTOBER 20 2014...

CLIMATE NORMAL PERIOD 1981 TO 2010
CLIMATE RECORD PERIOD 1907 TO 2014


WEATHER ITEM   OBSERVED TIME   RECORD YEAR NORMAL DEPARTURE LAST
                VALUE   (LST)  VALUE       VALUE  FROM      YEAR
                                                  NORMAL
..................................................................
TEMPERATURE (F)
 YESTERDAY
  MAXIMUM         83    225 PM  93    1940  78      5       76
  MINIMUM         54    645 AM  31    1916  53      1       41
  AVERAGE         69                        65      4       59

PRECIPITATION (IN)
  YESTERDAY        0.00          1.79 1983   0.10  -0.10     0.00
  MONTH TO DATE    0.41                      1.85  -1.44     1.39
  SINCE SEP 1      1.30                      4.31  -3.01     6.01
  SINCE JAN 1     13.28                     18.38  -5.10    17.77

SNOWFALL (IN)
  YESTERDAY        0.0           0.0  2002   0.0    0.0      0.0
  MONTH TO DATE    0.0                       0.0    0.0      0.0
  SINCE NOV 1      1.6                       2.2   -0.6      2.8
  SINCE JUL 1      0.0                       0.0    0.0      0.0
  SNOW DEPTH       0

DEGREE DAYS
 HEATING
  YESTERDAY        0                         3     -3        6
  MONTH TO DATE   10                        35    -25       52
  SINCE SEP 1     15                        44    -29       52
  SINCE JUL 1     15                        44    -29       52

 COOLING
  YESTERDAY        4                         3      1        0
  MONTH TO DATE  157                        93     64      112
  SINCE SEP 1    551                       422    129      500
  SINCE JAN 1   2809                      2458    351     2826
..................................................................


WIND (MPH)
  HIGHEST WIND SPEED    15   HIGHEST WIND DIRECTION     E (80)
  HIGHEST GUST SPEED    20   HIGHEST GUST DIRECTION     E (80)
  AVERAGE WIND SPEED     4.9


SKY COVER
  POSSIBLE SUNSHINE  MM
  AVERAGE SKY COVER 0.1


WEATHER CONDITIONS
 THE FOLLOWING WEATHER WAS RECORDED YESTERDAY.
  FOG


RELATIVE HUMIDITY (PERCENT)
 HIGHEST    93           500 AM
 LOWEST     36           300 PM
 AVERAGE    65

..........................................................


THE SAN ANGELO CLIMATE NORMALS FOR TODAY
                         NORMAL    RECORD    YEAR
 MAXIMUM TEMPERATURE (F)   77        95      1914
 MINIMUM TEMPERATURE (F)   52        30      1911


SUNRISE AND SUNSET
OCTOBER 21 2014.......SUNRISE   749 AM CDT   SUNSET   704 PM CDT
OCTOBER 22 2014.......SUNRISE   750 AM CDT   SUNSET   702 PM CDT


-  INDICATES NEGATIVE NUMBERS.
R  INDICATES RECORD WAS SET OR TIED.
MM INDICATES DATA IS MISSING.
T  INDICATES TRACE AMOUNT.




$$
