000
CDUS44 KSJT 260727
CLISJT


CLIMATE REPORT
NATIONAL WEATHER SERVICE SAN ANGELO TX
227 AM CDT MON SEP 26 2016


...................................

...THE SAN ANGELO CLIMATE SUMMARY FOR SEPTEMBER 25 2016...

CLIMATE NORMAL PERIOD 1981 TO 2010
CLIMATE RECORD PERIOD 1907 TO 2016


WEATHER ITEM   OBSERVED TIME   RECORD YEAR NORMAL DEPARTURE LAST
                VALUE   (LST)  VALUE       VALUE  FROM      YEAR
                                                  NORMAL
..................................................................
TEMPERATURE (F)
 YESTERDAY
  MAXIMUM         71   1203 AM 107    2005  85    -14       93
  MINIMUM         64    949 PM  37    1989  60      4       66
  AVERAGE         68                        73     -5       80

PRECIPITATION (IN)
  YESTERDAY        2.66          3.20 1937   0.08   2.58      T
  MONTH TO DATE    5.22                      2.09   3.13     0.45
  SINCE SEP 1      5.22                      2.09   3.13     0.45
  SINCE JAN 1     30.74                     16.16  14.58    20.69

DEGREE DAYS
 HEATING
  YESTERDAY        0                         1     -1        0
  MONTH TO DATE    0                         3     -3        0
  SINCE SEP 1      0                         3     -3        0
  SINCE JUL 1      0                         3     -3        0

 COOLING
  YESTERDAY        3                         8     -5       15
  MONTH TO DATE  383                       292     91      435
  SINCE SEP 1    383                       292     91      435
  SINCE JAN 1   2543                      2328    215     2650
..................................................................


WIND (MPH)
  HIGHEST WIND SPEED    23   HIGHEST WIND DIRECTION     N (20)
  HIGHEST GUST SPEED    29   HIGHEST GUST DIRECTION    NE (30)
  AVERAGE WIND SPEED     8.7


SKY COVER
  POSSIBLE SUNSHINE  MM
  AVERAGE SKY COVER 0.8


WEATHER CONDITIONS
 THE FOLLOWING WEATHER WAS RECORDED YESTERDAY.
  THUNDERSTORM
  HEAVY RAIN
  RAIN
  LIGHT RAIN
  FOG


RELATIVE HUMIDITY (PERCENT)
 HIGHEST    93           600 AM
 LOWEST     87           700 AM
 AVERAGE    90

..........................................................


THE SAN ANGELO CLIMATE NORMALS FOR TODAY
                         NORMAL    RECORD    YEAR
 MAXIMUM TEMPERATURE (F)   85       106      1977
 MINIMUM TEMPERATURE (F)   60        38      2000


SUNRISE AND SUNSET
SEPTEMBER 26 2016.....SUNRISE   733 AM CDT   SUNSET   733 PM CDT
SEPTEMBER 27 2016.....SUNRISE   734 AM CDT   SUNSET   731 PM CDT


-  INDICATES NEGATIVE NUMBERS.
R  INDICATES RECORD WAS SET OR TIED.
MM INDICATES DATA IS MISSING.
T  INDICATES TRACE AMOUNT.




$$
