000
CDUS44 KSJT 152229
CLISJT


CLIMATE REPORT
NATIONAL WEATHER SERVICE SAN ANGELO TX
529 PM CDT TUE APR 15 2014


...................................

...THE SAN ANGELO CLIMATE SUMMARY FOR APRIL 15 2014...
VALID TODAY AS OF 0500 PM LOCAL TIME.

CLIMATE NORMAL PERIOD 1981 TO 2010
CLIMATE RECORD PERIOD 1907 TO 2014


WEATHER ITEM   OBSERVED TIME   RECORD YEAR NORMAL DEPARTURE LAST
                VALUE   (LST)  VALUE       VALUE  FROM      YEAR
                                                  NORMAL
..................................................................
TEMPERATURE (F)
 TODAY
  MAXIMUM         68    427 PM  98    2006  80    -12       94
  MINIMUM         29    613 AM  28    1928  52    -23       70
  AVERAGE         49                        66    -17       82

PRECIPITATION (IN)
  TODAY            0.00          1.59 1977   0.05  -0.05     0.00
  MONTH TO DATE    0.26                      0.64  -0.38     0.71
  SINCE MAR 1      0.31                      2.14  -1.83     0.72
  SINCE JAN 1      0.37                      4.42  -4.05     2.54

SNOWFALL (IN)
  TODAY            0.0           0.0  2002   0.0    0.0      0.0
  MONTH TO DATE    0.0                       0.0    0.0       T
  SINCE NOV 1      1.6                       2.2   -0.6      2.8
  SINCE JUL 1      1.6                       2.2   -0.6      2.8

DEGREE DAYS
 HEATING
  TODAY           16                         3     13        0
  MONTH TO DATE   59                        60     -1       59
  SINCE MAR 1    341                       317     24      246
  SINCE JUL 1   2461                      2278    183     1848

 COOLING
  TODAY            0                         4     -4       17
  MONTH TO DATE   95                        43     52       78
  SINCE MAR 1    150                        76     74      141
  SINCE JAN 1    153                        81     72      153
..................................................................


WIND (MPH)
  HIGHEST WIND SPEED    15   HIGHEST WIND DIRECTION     S (190)
  HIGHEST GUST SPEED    22   HIGHEST GUST DIRECTION     S (170)
  AVERAGE WIND SPEED     5.2


SKY COVER
  POSSIBLE SUNSHINE  MM
  AVERAGE SKY COVER 0.0


WEATHER CONDITIONS
 THE FOLLOWING WEATHER WAS RECORDED TODAY.
  NO SIGNIFICANT WEATHER WAS OBSERVED.


RELATIVE HUMIDITY (PERCENT)
 HIGHEST    58           600 AM
 LOWEST     11           300 PM
 AVERAGE    35

..........................................................


THE SAN ANGELO CLIMATE NORMALS FOR TOMORROW
                         NORMAL    RECORD    YEAR
 MAXIMUM TEMPERATURE (F)   80        97      2006
 MINIMUM TEMPERATURE (F)   52        31      1999


SUNRISE AND SUNSET
APRIL 15 2014.........SUNRISE   714 AM CDT   SUNSET   811 PM CDT
APRIL 16 2014.........SUNRISE   713 AM CDT   SUNSET   811 PM CDT


-  INDICATES NEGATIVE NUMBERS.
R  INDICATES RECORD WAS SET OR TIED.
MM INDICATES DATA IS MISSING.
T  INDICATES TRACE AMOUNT.




$$
