000
CDUS44 KSJT 270650
CLISJT


CLIMATE REPORT
NATIONAL WEATHER SERVICE SAN ANGELO TX
150 AM CDT WED JUL 27 2016


...................................

...THE SAN ANGELO CLIMATE SUMMARY FOR JULY 26 2016...

CLIMATE NORMAL PERIOD 1981 TO 2010
CLIMATE RECORD PERIOD 1907 TO 2016


WEATHER ITEM   OBSERVED TIME   RECORD YEAR NORMAL DEPARTURE LAST
                VALUE   (LST)  VALUE       VALUE  FROM      YEAR
                                                  NORMAL
..................................................................
TEMPERATURE (F)
 YESTERDAY
  MAXIMUM         99    312 PM 106    1944  96      3      105
  MINIMUM         70    609 AM  61    1987  72     -2       78
  AVERAGE         85                        84      1       92

PRECIPITATION (IN)
  YESTERDAY        0.00          0.96 2004   0.04  -0.04     0.00
  MONTH TO DATE    0.00                      1.01  -1.01     0.55
  SINCE JUN 1      7.02                      3.60   3.42     4.10
  SINCE JAN 1     22.65                     11.62  11.03    18.96

DEGREE DAYS
 HEATING
  YESTERDAY        0                         0      0        0
  MONTH TO DATE    0                         0      0        0
  SINCE JUN 1      0                         0      0        0
  SINCE JUL 1      0                         0      0        0

 COOLING
  YESTERDAY       20                        19      1       27
  MONTH TO DATE  595                       469    126      513
  SINCE JUN 1   1041                       933    108      957
  SINCE JAN 1   1452                      1393     59     1424
..................................................................


WIND (MPH)
  HIGHEST WIND SPEED    17   HIGHEST WIND DIRECTION     E (90)
  HIGHEST GUST SPEED    22   HIGHEST GUST DIRECTION     S (190)
  AVERAGE WIND SPEED     6.5


SKY COVER
  POSSIBLE SUNSHINE  MM
  AVERAGE SKY COVER 0.0


WEATHER CONDITIONS
 THE FOLLOWING WEATHER WAS RECORDED YESTERDAY.
  NO SIGNIFICANT WEATHER WAS OBSERVED.


RELATIVE HUMIDITY (PERCENT)
 HIGHEST    84           600 AM
 LOWEST     30           600 PM
 AVERAGE    57

..........................................................


THE SAN ANGELO CLIMATE NORMALS FOR TODAY
                         NORMAL    RECORD    YEAR
 MAXIMUM TEMPERATURE (F)   96       111      1944
 MINIMUM TEMPERATURE (F)   72        60      1913


SUNRISE AND SUNSET
JULY 27 2016..........SUNRISE   656 AM CDT   SUNSET   841 PM CDT
JULY 28 2016..........SUNRISE   656 AM CDT   SUNSET   840 PM CDT


-  INDICATES NEGATIVE NUMBERS.
R  INDICATES RECORD WAS SET OR TIED.
MM INDICATES DATA IS MISSING.
T  INDICATES TRACE AMOUNT.




$$
