000
CDCA42 TJSJ 050452
CLISJU


CLIMATE REPORT
NATIONAL WEATHER SERVICE SAN JUAN, PR
1252 AM AST WED AUG 5 2015


...................................

...THE SAN JUAN AREA/PR CLIMATE SUMMARY FOR AUGUST 4 2015...

CLIMATE NORMAL PERIOD 1981 TO 2010
CLIMATE RECORD PERIOD 1898 TO 2015


WEATHER ITEM   OBSERVED TIME   RECORD YEAR NORMAL DEPARTURE LAST
                VALUE   (LST)  VALUE       VALUE  FROM      YEAR
                                                  NORMAL
..................................................................
TEMPERATURE (F)
 YESTERDAY
  MAXIMUM         90   1224 PM  93    2005  89      1       87
  MINIMUM         79    356 AM  71    1909  78      1       78
  AVERAGE         85                        84      1       83

PRECIPITATION (IN)
  YESTERDAY        T             2.71 1945   0.15  -0.15     0.12
  MONTH TO DATE    0.43                      0.60  -0.17     1.50
  SINCE JUN 1      4.15                     10.08  -5.93     5.84
  SINCE JAN 1     17.54                     28.76 -11.22    24.43

SNOWFALL (IN)
  YESTERDAY        0.0                       0.0    0.0      0.0
  MONTH TO DATE    0.0                       0.0    0.0      0.0
  SINCE JUN 1      0.0                       0.0    0.0      0.0
  SINCE JUL 1      0.0                       0.0    0.0      0.0

DEGREE DAYS
 HEATING
  YESTERDAY        0                         0      0        0
  MONTH TO DATE    0                         0      0        0
  SINCE JUN 1      0                         0      0        0
  SINCE JUL 1      0                         0      0        0

 COOLING
  YESTERDAY       20                        19      1       18
  MONTH TO DATE   77                        76      1       71
  SINCE JUN 1   1240                      1195     45     1308
  SINCE JAN 1   3581                      3360    221     3714
..................................................................


WIND (MPH)
  HIGHEST WIND SPEED    23   HIGHEST WIND DIRECTION     E (70)
  HIGHEST GUST SPEED    28   HIGHEST GUST DIRECTION     E (80)
  AVERAGE WIND SPEED    12.5


SKY COVER
  AVERAGE SKY COVER 0.3


WEATHER CONDITIONS
 THE FOLLOWING WEATHER WAS RECORDED YESTERDAY.
  NO SIGNIFICANT WEATHER WAS OBSERVED.


RELATIVE HUMIDITY (PERCENT)
 HIGHEST    91
 LOWEST     68
 AVERAGE    80

..........................................................


THE SAN JUAN AREA/PR CLIMATE NORMALS FOR TODAY
                         NORMAL    RECORD    YEAR
 MAXIMUM TEMPERATURE (F)   89        94      2010
 MINIMUM TEMPERATURE (F)   78        71      1959


SUNRISE AND SUNSET
AUGUST  5 2015........SUNRISE   603 AM AST   SUNSET   657 PM AST
AUGUST  6 2015........SUNRISE   603 AM AST   SUNSET   656 PM AST


-  INDICATES NEGATIVE NUMBERS.
R  INDICATES RECORD WAS SET OR TIED.
MM INDICATES DATA IS MISSING.
T  INDICATES TRACE AMOUNT.




$$
