000
CDCA42 TJSJ 292129
CLISJU


CLIMATE REPORT
NATIONAL WEATHER SERVICE SAN JUAN, PR
529 PM AST THU JAN 29 2015


...................................

...THE SAN JUAN AREA/PR CLIMATE SUMMARY FOR JANUARY 29 2015...
VALID TODAY AS OF 0500 PM LOCAL TIME.

CLIMATE NORMAL PERIOD 1981 TO 2010
CLIMATE RECORD PERIOD 1898 TO 2015


WEATHER ITEM   OBSERVED TIME   RECORD YEAR NORMAL DEPARTURE LAST
                VALUE   (LST)  VALUE       VALUE  FROM      YEAR
                                                  NORMAL
..................................................................
TEMPERATURE (F)
 TODAY
  MAXIMUM         85    218 PM  90    1978  83      2       86
  MINIMUM         74    415 AM  64    1964  72      2       75
  AVERAGE         80                        78      2       81

PRECIPITATION (IN)
  TODAY            0.00          1.21 1956   0.09  -0.09     0.09
  MONTH TO DATE    4.73                      3.58   1.15     2.06
  SINCE DEC 1     10.24                      8.60   1.64     9.68
  SINCE JAN 1      4.73                      3.58   1.15     2.06

SNOWFALL (IN)
  TODAY            0.0                       0.0    0.0      0.0
  MONTH TO DATE    0.0                       0.0    0.0      0.0
  SINCE DEC 1      0.0                       0.0    0.0      0.0
  SINCE JUL 1      0.0                       0.0    0.0      0.0

DEGREE DAYS
 HEATING
  TODAY            0                         0      0        0
  MONTH TO DATE    0                         0      0        0
  SINCE DEC 1      0                         0      0        0
  SINCE JUL 1      0                         0      0        0

 COOLING
  TODAY           15                        12      3       16
  MONTH TO DATE  411                       366     45      450
  SINCE DEC 1    862                       789     73      930
  SINCE JAN 1    411                       366     45      450
..................................................................


WIND (MPH)
  HIGHEST WIND SPEED    14   HIGHEST WIND DIRECTION    NE (40)
  HIGHEST GUST SPEED    21   HIGHEST GUST DIRECTION    NE (30)
  AVERAGE WIND SPEED     6.1


SKY COVER
  AVERAGE SKY COVER 0.5


WEATHER CONDITIONS
 THE FOLLOWING WEATHER WAS RECORDED TODAY.
  NO SIGNIFICANT WEATHER WAS OBSERVED.


RELATIVE HUMIDITY (PERCENT)
 HIGHEST    87
 LOWEST     59
 AVERAGE    73

..........................................................


THE SAN JUAN AREA/PR CLIMATE NORMALS FOR TOMORROW
                         NORMAL    RECORD    YEAR
 MAXIMUM TEMPERATURE (F)   83        89      1998
 MINIMUM TEMPERATURE (F)   72        63      1965


SUNRISE AND SUNSET
JANUARY 29 2015.......SUNRISE   658 AM AST   SUNSET   616 PM AST
JANUARY 30 2015.......SUNRISE   658 AM AST   SUNSET   617 PM AST


-  INDICATES NEGATIVE NUMBERS.
R  INDICATES RECORD WAS SET OR TIED.
MM INDICATES DATA IS MISSING.
T  INDICATES TRACE AMOUNT.




$$
