000
CDCA42 TJSJ 290515
CLISJU


CLIMATE REPORT
NATIONAL WEATHER SERVICE SAN JUAN, PR
115 AM AST SUN MAR 29 2015


...................................

...THE SAN JUAN AREA/PR CLIMATE SUMMARY FOR MARCH 28 2015...

CLIMATE NORMAL PERIOD 1981 TO 2010
CLIMATE RECORD PERIOD 1898 TO 2015


WEATHER ITEM   OBSERVED TIME   RECORD YEAR NORMAL DEPARTURE LAST
                VALUE   (LST)  VALUE       VALUE  FROM      YEAR
                                                  NORMAL
..................................................................
TEMPERATURE (F)
 YESTERDAY
  MAXIMUM         89   1238 PM  93    1984  86      3       85
  MINIMUM         74    705 AM  65    1916  73      1       76
  AVERAGE         82                        79      3       81

PRECIPITATION (IN)
  YESTERDAY        T             1.91 1938   0.07  -0.07      T
  MONTH TO DATE    1.50                      1.73  -0.23     0.45
  SINCE MAR 1      1.50                      1.73  -0.23     0.45
  SINCE JAN 1      9.73                      7.88   1.85     6.49

SNOWFALL (IN)
  YESTERDAY       MM                         0.0   MM        0.0
  MONTH TO DATE    0.0                       0.0    0.0      0.0
  SINCE MAR 1      0.0                       0.0    0.0      0.0
  SINCE JUL 1      0.0                       0.0    0.0      0.0

DEGREE DAYS
 HEATING
  YESTERDAY        0                         0      0        0
  MONTH TO DATE    0                         0      0        0
  SINCE MAR 1      0                         0      0        0
  SINCE JUL 1      0                         0      0        0

 COOLING
  YESTERDAY       17                        14      3       16
  MONTH TO DATE  388                       386      2      429
  SINCE MAR 1    388                       386      2      429
  SINCE JAN 1   1228                      1137     91     1317
..................................................................


WIND (MPH)
  HIGHEST WIND SPEED    22   HIGHEST WIND DIRECTION    NE (60)
  HIGHEST GUST SPEED    28   HIGHEST GUST DIRECTION     E (80)
  AVERAGE WIND SPEED     7.8


SKY COVER
  AVERAGE SKY COVER 0.3


WEATHER CONDITIONS
 THE FOLLOWING WEATHER WAS RECORDED YESTERDAY.
  LIGHT RAIN


RELATIVE HUMIDITY (PERCENT)
 HIGHEST    93
 LOWEST     46
 AVERAGE    70

..........................................................


THE SAN JUAN AREA/PR CLIMATE NORMALS FOR TODAY
                         NORMAL    RECORD    YEAR
 MAXIMUM TEMPERATURE (F)   86        93      1984
 MINIMUM TEMPERATURE (F)   73        64      1961


SUNRISE AND SUNSET
MARCH 29 2015.........SUNRISE   621 AM AST   SUNSET   637 PM AST
MARCH 30 2015.........SUNRISE   620 AM AST   SUNSET   637 PM AST


-  INDICATES NEGATIVE NUMBERS.
R  INDICATES RECORD WAS SET OR TIED.
MM INDICATES DATA IS MISSING.
T  INDICATES TRACE AMOUNT.




$$
