000
CDCA42 TJSJ 260440
CLISJU


CLIMATE REPORT
NATIONAL WEATHER SERVICE SAN JUAN, PR
1239 AM AST THU MAY 26 2016


...................................

...THE SAN JUAN AREA/PR CLIMATE SUMMARY FOR MAY 25 2016...

CLIMATE NORMAL PERIOD 1981 TO 2010
CLIMATE RECORD PERIOD 1898 TO 2016


WEATHER ITEM   OBSERVED TIME   RECORD YEAR NORMAL DEPARTURE LAST
                VALUE   (LST)  VALUE       VALUE  FROM      YEAR
                                                  NORMAL
..................................................................
TEMPERATURE (F)
 YESTERDAY
  MAXIMUM         88    206 PM  94    1980  88      0       88
  MINIMUM         77    638 AM  70    1964  77      0       77
  AVERAGE         83                        82      1       83

PRECIPITATION (IN)
  YESTERDAY        0.02          4.97 1936   0.20  -0.18     0.02
  MONTH TO DATE    3.18                      4.83  -1.65     1.30
  SINCE MAR 1     15.42                     11.46   3.96     4.18
  SINCE JAN 1     20.90                     17.61   3.29    12.41

SNOWFALL (IN)
  YESTERDAY        0.0                       0.0    0.0      0.0
  MONTH TO DATE    0.0                       0.0    0.0      0.0
  SINCE MAR 1      0.0                       0.0    0.0      0.0
  SINCE JUL 1      0.0                       0.0    0.0      0.0

DEGREE DAYS
 HEATING
  YESTERDAY        0                         0      0        0
  MONTH TO DATE    0                         0      0        0
  SINCE MAR 1      0                         0      0        0
  SINCE JUL 1      0                         0      0        0

 COOLING
  YESTERDAY       18                        17      1       18
  MONTH TO DATE  431                       416     15      463
  SINCE MAR 1   1334                      1306     28     1396
  SINCE JAN 1   2177                      2057    120     2236
..................................................................


WIND (MPH)
  HIGHEST WIND SPEED    23   HIGHEST WIND DIRECTION     E (70)
  HIGHEST GUST SPEED    26   HIGHEST GUST DIRECTION     E (80)
  AVERAGE WIND SPEED    10.2


SKY COVER
  AVERAGE SKY COVER 0.4


WEATHER CONDITIONS
 THE FOLLOWING WEATHER WAS RECORDED YESTERDAY.
  FOG


RELATIVE HUMIDITY (PERCENT)
 HIGHEST    91
 LOWEST     57
 AVERAGE    74

..........................................................


THE SAN JUAN AREA/PR CLIMATE NORMALS FOR TODAY
                         NORMAL    RECORD    YEAR
 MAXIMUM TEMPERATURE (F)   88        94      2005
 MINIMUM TEMPERATURE (F)   77        70      1911


SUNRISE AND SUNSET
MAY 26 2016...........SUNRISE   548 AM AST   SUNSET   655 PM AST
MAY 27 2016...........SUNRISE   547 AM AST   SUNSET   655 PM AST


-  INDICATES NEGATIVE NUMBERS.
R  INDICATES RECORD WAS SET OR TIED.
MM INDICATES DATA IS MISSING.
T  INDICATES TRACE AMOUNT.




$$
