000
CDCA42 TJSJ 280446
CLISJU


CLIMATE REPORT
NATIONAL WEATHER SERVICE SAN JUAN, PR
1246 AM AST WED JUN 28 2017


...................................

...THE SAN JUAN AREA/PR CLIMATE SUMMARY FOR JUNE 27 2017...

CLIMATE NORMAL PERIOD 1981 TO 2010
CLIMATE RECORD PERIOD 1898 TO 2017


WEATHER ITEM   OBSERVED TIME   RECORD YEAR NORMAL DEPARTURE LAST
                VALUE   (LST)  VALUE       VALUE  FROM      YEAR
                                                  NORMAL
..................................................................
TEMPERATURE (F)
 YESTERDAY
  MAXIMUM         89    200 PM  96    1988  89      0       88
  MINIMUM         80    650 AM  71    1949  78      2       78
  AVERAGE         85                        84      1       83

PRECIPITATION (IN)
  YESTERDAY        T             1.76 1932   0.14  -0.14     0.00
  MONTH TO DATE    3.81                      4.00  -0.19     2.73
  SINCE JUN 1      3.81                      4.00  -0.19     2.73
  SINCE JAN 1     24.22                     22.68   1.54    27.61

SNOWFALL (IN)
  YESTERDAY        0.0                       0.0    0.0      0.0
  MONTH TO DATE    0.0                       0.0    0.0      0.0
  SINCE JUN 1      0.0                       0.0    0.0      0.0
  SINCE JUL 1      0.0                       0.0    0.0      0.0

DEGREE DAYS
 HEATING
  YESTERDAY        0                         0      0        0
  MONTH TO DATE    0                         0      0        0
  SINCE JUN 1      0                         0      0        0
  SINCE JUL 1      0                         0      0        0

 COOLING
  YESTERDAY       20                        18      2       18
  MONTH TO DATE  496                       486     10      513
  SINCE JUN 1    496                       486     10      513
  SINCE JAN 1   2759                      2651    108     2789
..................................................................


WIND (MPH)
  HIGHEST WIND SPEED    21   HIGHEST WIND DIRECTION     E (80)
  HIGHEST GUST SPEED    26   HIGHEST GUST DIRECTION     E (70)
  AVERAGE WIND SPEED    10.4


SKY COVER
  AVERAGE SKY COVER 0.4


WEATHER CONDITIONS
 THE FOLLOWING WEATHER WAS RECORDED YESTERDAY.
  LIGHT RAIN


RELATIVE HUMIDITY (PERCENT)
 HIGHEST    85
 LOWEST     68
 AVERAGE    77

..........................................................


THE SAN JUAN AREA/PR CLIMATE NORMALS FOR TODAY
                         NORMAL    RECORD    YEAR
 MAXIMUM TEMPERATURE (F)   89        93      1995
 MINIMUM TEMPERATURE (F)   78        70      1963


SUNRISE AND SUNSET
JUNE 28 2017..........SUNRISE   550 AM AST   SUNSET   704 PM AST
JUNE 29 2017..........SUNRISE   551 AM AST   SUNSET   704 PM AST


-  INDICATES NEGATIVE NUMBERS.
R  INDICATES RECORD WAS SET OR TIED.
MM INDICATES DATA IS MISSING.
T  INDICATES TRACE AMOUNT.




$$
