000
CDUS45 KSLC 200049
CLISLC


CLIMATE REPORT
NATIONAL WEATHER SERVICE SALT LAKE CITY UT
649 PM MDT SAT APR 19 2014


...................................

...THE SALT LAKE CITY UT CLIMATE SUMMARY FOR APRIL 19 2014...
VALID TODAY AS OF 0500 PM LOCAL TIME.

CLIMATE NORMAL PERIOD 1981 TO 2010
CLIMATE RECORD PERIOD 1874 TO 2014


WEATHER ITEM   OBSERVED TIME   RECORD YEAR NORMAL DEPARTURE LAST
                VALUE   (LST)  VALUE       VALUE  FROM      YEAR
                                                  NORMAL
..................................................................
TEMPERATURE (F)
 TODAY
  MAXIMUM         72    206 PM  85    1962  62     10       56
  MINIMUM         46    617 AM  24    1982  40      6       37
  AVERAGE         59                        51      8       47

PRECIPITATION (IN)
  TODAY            0.00          0.95 1984   0.07  -0.07     0.05
  MONTH TO DATE    0.25                      1.25  -1.00     1.75
  SINCE OCT 1      7.14                      9.92  -2.78     9.23
  SINCE JAN 1      4.13                      5.54  -1.41     4.66

SNOWFALL (IN)
  TODAY            0.0           2.1  1987   0.1   -0.1      0.0
  MONTH TO DATE    T                         3.1   -3.1      0.1
  SINCE OCT 1     35.5                      55.0  -19.5     69.9
  SINCE JUL 1     35.5                      55.0  -19.5     69.9
  SNOW DEPTH       0

DEGREE DAYS
 HEATING
  TODAY            6                        14     -8       18
  MONTH TO DATE  226                       303    -77      331
  SINCE MAR 1    713                       965   -252      957
  SINCE JUL 1   4700                      5221   -521     5189

 COOLING
  TODAY            0                         0      0        0
  MONTH TO DATE    0                         0      0        0
  SINCE MAR 1      0                         0      0        0
  SINCE JAN 1      0                         0      0        0
..................................................................


WIND (MPH)
  RESULTANT WIND SPEED   1   RESULTANT WIND DIRECTION  NW (320)
  HIGHEST WIND SPEED    15   HIGHEST WIND DIRECTION    NE (30)
  HIGHEST GUST SPEED    20   HIGHEST GUST DIRECTION     N (360)
  AVERAGE WIND SPEED     3.2


SKY COVER
  POSSIBLE SUNSHINE  MM
  AVERAGE SKY COVER 0.4


WEATHER CONDITIONS
 THE FOLLOWING WEATHER WAS RECORDED TODAY.
  NO SIGNIFICANT WEATHER WAS OBSERVED.


RELATIVE HUMIDITY (PERCENT)
 HIGHEST   100           100 AM
 LOWEST     27           400 PM
 AVERAGE    64

..........................................................


THE SALT LAKE CITY UT CLIMATE NORMALS FOR TOMORROW
                         NORMAL    RECORD    YEAR
 MAXIMUM TEMPERATURE (F)   63        85      1989
                                             1980
 MINIMUM TEMPERATURE (F)   40        24      1982


SUNRISE AND SUNSET
APRIL 19 2014.........SUNRISE   643 AM MDT   SUNSET   812 PM MDT
APRIL 20 2014.........SUNRISE   641 AM MDT   SUNSET   813 PM MDT


-  INDICATES NEGATIVE NUMBERS.
R  INDICATES RECORD WAS SET OR TIED.
MM INDICATES DATA IS MISSING.
T  INDICATES TRACE AMOUNT.




$$
