000
CDUS45 KSLC 261229
CLISLC


CLIMATE REPORT
NATIONAL WEATHER SERVICE SALT LAKE CITY UT
628 AM MDT TUE JUL 26 2016


...................................

...THE SALT LAKE CITY UT CLIMATE SUMMARY FOR JULY 25 2016...

CLIMATE NORMAL PERIOD 1981 TO 2010
CLIMATE RECORD PERIOD 1874 TO 2016


WEATHER ITEM   OBSERVED TIME   RECORD YEAR NORMAL DEPARTURE LAST
                VALUE   (LST)  VALUE       VALUE  FROM      YEAR
                                                  NORMAL
..................................................................
TEMPERATURE (F)
 YESTERDAY
  MAXIMUM        101    503 PM 103    1933  94      7       90
  MINIMUM         72    311 AM  51    1964  66      6       66
  AVERAGE         87                        80      7       78

PRECIPITATION (IN)
  YESTERDAY        0.00          0.91 1998   0.02  -0.02     0.00
  MONTH TO DATE    T                         0.48  -0.48     1.22
  SINCE OCT 1     11.42                     14.07  -2.65    12.27
  SINCE JAN 1      8.17                      9.69  -1.52    10.26

SNOWFALL (IN)
  YESTERDAY        0.0          MM      MM   0.0    0.0      0.0
  MONTH TO DATE    0.0                       0.0    0.0      0.0
  SINCE OCT 1     34.3                      56.2  -21.9     15.4
  SINCE JUL 1      0.0                       0.0    0.0      0.0
  SNOW DEPTH       0

DEGREE DAYS
 HEATING
  YESTERDAY        0                         0      0        0
  MONTH TO DATE    1                         0      1        0
  SINCE JUN 1      1                        46    -45        0
  SINCE JUL 1      1                         0      1        0

 COOLING
  YESTERDAY       22                        15      7       13
  MONTH TO DATE  432                       336     96      335
  SINCE JUN 1    812                       523    289      715
  SINCE JAN 1    859                       573    286      746
..................................................................


WIND (MPH)
  RESULTANT WIND SPEED   2   RESULTANT WIND DIRECTION   E (80)
  HIGHEST WIND SPEED    17   HIGHEST WIND DIRECTION     N (340)
  HIGHEST GUST SPEED    22   HIGHEST GUST DIRECTION    NW (330)
  AVERAGE WIND SPEED     7.7


SKY COVER
  POSSIBLE SUNSHINE  MM
  AVERAGE SKY COVER 0.2


WEATHER CONDITIONS
 THE FOLLOWING WEATHER WAS RECORDED YESTERDAY.
  NO SIGNIFICANT WEATHER WAS OBSERVED.


RELATIVE HUMIDITY (PERCENT)
 HIGHEST    33           600 AM
 LOWEST      9           500 PM
 AVERAGE    21

..........................................................


THE SALT LAKE CITY UT CLIMATE NORMALS FOR TODAY
                         NORMAL    RECORD    YEAR
 MAXIMUM TEMPERATURE (F)   94       107      1960
 MINIMUM TEMPERATURE (F)   66        54      1993
                                             1932
                                             1887


SUNRISE AND SUNSET
JULY 26 2016..........SUNRISE   619 AM MDT   SUNSET   849 PM MDT
JULY 27 2016..........SUNRISE   620 AM MDT   SUNSET   848 PM MDT


-  INDICATES NEGATIVE NUMBERS.
R  INDICATES RECORD WAS SET OR TIED.
MM INDICATES DATA IS MISSING.
T  INDICATES TRACE AMOUNT.




$$
