000
CDUS45 KSLC 031225
CLISLC


CLIMATE REPORT
NATIONAL WEATHER SERVICE SALT LAKE CITY UT
625 AM MDT MON AUG 3 2015


...................................

...THE SALT LAKE CITY UT CLIMATE SUMMARY FOR AUGUST 2 2015...

CLIMATE NORMAL PERIOD 1981 TO 2010
CLIMATE RECORD PERIOD 1874 TO 2015


WEATHER ITEM   OBSERVED TIME   RECORD YEAR NORMAL DEPARTURE LAST
                VALUE   (LST)  VALUE       VALUE  FROM      YEAR
                                                  NORMAL
..................................................................
TEMPERATURE (F)
 YESTERDAY
  MAXIMUM         92    209 PM 103    1992  94     -2       94
  MINIMUM         66    511 AM  45    1928  66      0       67
  AVERAGE         79                        80     -1       81

PRECIPITATION (IN)
  YESTERDAY        T             1.72 1930   0.02  -0.02     0.00
  MONTH TO DATE    T                         0.04  -0.04     0.00
  SINCE OCT 1     12.27                     14.24  -1.97    11.18
  SINCE JAN 1     10.26                      9.86   0.40     8.17

SNOWFALL (IN)
  YESTERDAY        0.0          MM      MM   0.0    0.0      0.0
  MONTH TO DATE    0.0                       0.0    0.0      0.0
  SINCE OCT 1     15.4                      56.2  -40.8     35.5
  SINCE JUL 1      0.0                       0.0    0.0      0.0
  SNOW DEPTH       0

DEGREE DAYS
 HEATING
  YESTERDAY        0                         0      0        0
  MONTH TO DATE    0                         0      0        0
  SINCE JUN 1      0                        48    -48       39
  SINCE JUL 1      0                         2     -2        0

 COOLING
  YESTERDAY       14                        15     -1       16
  MONTH TO DATE   29                        30     -1       30
  SINCE JUN 1    802                       642    160      725
  SINCE JAN 1    833                       692    141      787
..................................................................


WIND (MPH)
  RESULTANT WIND SPEED   5   RESULTANT WIND DIRECTION   S (170)
  HIGHEST WIND SPEED    33   HIGHEST WIND DIRECTION    SW (230)
  HIGHEST GUST SPEED    41   HIGHEST GUST DIRECTION    SW (230)
  AVERAGE WIND SPEED     9.5


SKY COVER
  POSSIBLE SUNSHINE  MM
  AVERAGE SKY COVER 0.1


WEATHER CONDITIONS
 THE FOLLOWING WEATHER WAS RECORDED YESTERDAY.
  THUNDERSTORM
  LIGHT RAIN


RELATIVE HUMIDITY (PERCENT)
 HIGHEST    43          1100 PM
 LOWEST     12           200 PM
 AVERAGE    28

..........................................................


THE SALT LAKE CITY UT CLIMATE NORMALS FOR TODAY
                         NORMAL    RECORD    YEAR
 MAXIMUM TEMPERATURE (F)   93       102      1994
                                             1960
 MINIMUM TEMPERATURE (F)   66        47      1928


SUNRISE AND SUNSET
AUGUST  3 2015........SUNRISE   626 AM MDT   SUNSET   841 PM MDT
AUGUST  4 2015........SUNRISE   627 AM MDT   SUNSET   840 PM MDT


-  INDICATES NEGATIVE NUMBERS.
R  INDICATES RECORD WAS SET OR TIED.
MM INDICATES DATA IS MISSING.
T  INDICATES TRACE AMOUNT.




$$
