000
CDUS45 KSLC 261226
CLISLC


CLIMATE REPORT
NATIONAL WEATHER SERVICE SALT LAKE CITY UT
626 AM MDT WED APR 26 2017


...................................

...THE SALT LAKE CITY UT CLIMATE SUMMARY FOR APRIL 25 2017...

CLIMATE NORMAL PERIOD 1981 TO 2010
CLIMATE RECORD PERIOD 1874 TO 2017


WEATHER ITEM   OBSERVED TIME   RECORD YEAR NORMAL DEPARTURE LAST
                VALUE   (LST)  VALUE       VALUE  FROM      YEAR
                                                  NORMAL
..................................................................
TEMPERATURE (F)
 YESTERDAY
  MAXIMUM         53    619 PM  84    1946  64    -11       61
  MINIMUM         35   1114 AM  26    1950  42     -7       47
  AVERAGE         44                        53     -9       54

PRECIPITATION (IN)
  YESTERDAY        0.51          1.62 1976   0.07   0.44      T
  MONTH TO DATE    2.91                      1.64   1.27     1.13
  SINCE OCT 1     14.72                     10.31   4.41     9.06
  SINCE JAN 1     10.08                      5.93   4.15     5.81

SNOWFALL (IN)
  YESTERDAY        0.0           8.5  1975   0.0    0.0      0.0
  MONTH TO DATE    1.0                       3.6   -2.6       T
  SINCE OCT 1     51.3                      55.5   -4.2     34.3
  SINCE JUL 1     51.3                      55.5   -4.2     34.3
  SNOW DEPTH       0

DEGREE DAYS
 HEATING
  YESTERDAY       21                        12      9       11
  MONTH TO DATE  342                       381    -39      234
  SINCE MAR 1    798                      1043   -245      780
  SINCE JUL 1   4551                      5299   -748     4625

 COOLING
  YESTERDAY        0                         0      0        0
  MONTH TO DATE    0                         0      0       10
  SINCE MAR 1      2                         0      2       10
  SINCE JAN 1      2                         0      2       10
..................................................................


WIND (MPH)
  RESULTANT WIND SPEED   3   RESULTANT WIND DIRECTION  NW (320)
  HIGHEST WIND SPEED    20   HIGHEST WIND DIRECTION     W (290)
  HIGHEST GUST SPEED    24   HIGHEST GUST DIRECTION     W (290)
  AVERAGE WIND SPEED     8.7


SKY COVER
  POSSIBLE SUNSHINE  MM
  AVERAGE SKY COVER 0.8


WEATHER CONDITIONS
 THE FOLLOWING WEATHER WAS RECORDED YESTERDAY.
  RAIN
  LIGHT RAIN
  HAIL
  SNOW
  FOG


RELATIVE HUMIDITY (PERCENT)
 HIGHEST    96          1200 AM
 LOWEST     50           700 PM
 AVERAGE    73

..........................................................


THE SALT LAKE CITY UT CLIMATE NORMALS FOR TODAY
                         NORMAL    RECORD    YEAR
 MAXIMUM TEMPERATURE (F)   65        85      1910
 MINIMUM TEMPERATURE (F)   42        27      1975


SUNRISE AND SUNSET
APRIL 26 2017.........SUNRISE   633 AM MDT   SUNSET   819 PM MDT
APRIL 27 2017.........SUNRISE   631 AM MDT   SUNSET   820 PM MDT


-  INDICATES NEGATIVE NUMBERS.
R  INDICATES RECORD WAS SET OR TIED.
MM INDICATES DATA IS MISSING.
T  INDICATES TRACE AMOUNT.




$$
