000
CDUS45 KSLC 180034
CLISLC


CLIMATE REPORT
NATIONAL WEATHER SERVICE SALT LAKE CITY UT
634 PM MDT TUE OCT 17 2017


...................................

...THE SALT LAKE CITY UT CLIMATE SUMMARY FOR OCTOBER 17 2017...
VALID TODAY AS OF 0500 PM LOCAL TIME.

CLIMATE NORMAL PERIOD 1981 TO 2010
CLIMATE RECORD PERIOD 1874 TO 2017


WEATHER ITEM   OBSERVED TIME   RECORD YEAR NORMAL DEPARTURE LAST
                VALUE   (LST)  VALUE       VALUE  FROM      YEAR
                                                  NORMAL
..................................................................
TEMPERATURE (F)
 TODAY
  MAXIMUM         70    359 PM  83    1958  64      6       59
  MINIMUM         39    518 AM  23    1964  41     -2       43
  AVERAGE         55                        53      2       51

PRECIPITATION (IN)
  TODAY            0.00          0.85 1876   0.05  -0.05     0.35
  MONTH TO DATE    0.16                      0.81  -0.65     0.48
  SINCE OCT 1      0.16                      0.81  -0.65     0.48
  SINCE JAN 1     14.03                     12.53   1.50    10.68

SNOWFALL (IN)
  TODAY            0.0           4.8  1984   0.0    0.0      0.0
  MONTH TO DATE    T                         0.4   -0.4      0.0
  SINCE OCT 1      T                         0.4   -0.4      0.0
  SINCE JUL 1      T                         0.4   -0.4      0.0
  SNOW DEPTH       0

DEGREE DAYS
 HEATING
  TODAY           10                        13     -3       14
  MONTH TO DATE  222                       164     58      118
  SINCE SEP 1    353                       248    105      169
  SINCE JUL 1    353                       253    100      170

 COOLING
  TODAY            0                         0      0        0
  MONTH TO DATE    0                         5     -5       12
  SINCE SEP 1    196                       122     74      139
  SINCE JAN 1   1758                      1158    600     1616
..................................................................


WIND (MPH)
  RESULTANT WIND SPEED   2   RESULTANT WIND DIRECTION  SE (140)
  HIGHEST WIND SPEED     8   HIGHEST WIND DIRECTION    NW (300)
  HIGHEST GUST SPEED    11   HIGHEST GUST DIRECTION    NW (310)
  AVERAGE WIND SPEED     4.1


SKY COVER
  POSSIBLE SUNSHINE  MM
  AVERAGE SKY COVER 0.1


WEATHER CONDITIONS
 THE FOLLOWING WEATHER WAS RECORDED TODAY.
  NO SIGNIFICANT WEATHER WAS OBSERVED.


RELATIVE HUMIDITY (PERCENT)
 HIGHEST    70           300 AM
 LOWEST     18           200 PM
 AVERAGE    44

..........................................................


THE SALT LAKE CITY UT CLIMATE NORMALS FOR TOMORROW
                         NORMAL    RECORD    YEAR
 MAXIMUM TEMPERATURE (F)   64        84      1958
 MINIMUM TEMPERATURE (F)   41        23      1964


SUNRISE AND SUNSET
OCTOBER 17 2017.......SUNRISE   742 AM MDT   SUNSET   644 PM MDT
OCTOBER 18 2017.......SUNRISE   743 AM MDT   SUNSET   643 PM MDT


-  INDICATES NEGATIVE NUMBERS.
R  INDICATES RECORD WAS SET OR TIED.
MM INDICATES DATA IS MISSING.
T  INDICATES TRACE AMOUNT.




$$
