000
CDUS45 KSLC 271237
CLISLC


CLIMATE REPORT
NATIONAL WEATHER SERVICE SALT LAKE CITY UT
537 AM MST SAT DEC 27 2014


...................................

...THE SALT LAKE CITY UT CLIMATE SUMMARY FOR DECEMBER 26 2014...

CLIMATE NORMAL PERIOD 1981 TO 2010
CLIMATE RECORD PERIOD 1874 TO 2014


WEATHER ITEM   OBSERVED TIME   RECORD YEAR NORMAL DEPARTURE LAST
                VALUE   (LST)  VALUE       VALUE  FROM      YEAR
                                                  NORMAL
..................................................................
TEMPERATURE (F)
 YESTERDAY
  MAXIMUM         30    319 PM  60    1933  37     -7       32
  MINIMUM         20   1051 PM  -8    1924  22     -2       14
  AVERAGE         25                        29     -4       23

PRECIPITATION (IN)
  YESTERDAY        0.00          0.95 2003   0.04  -0.04     0.00
  MONTH TO DATE    1.27                      1.19   0.08     1.65
  SINCE OCT 1      1.88                      4.16  -2.28     3.01
  SINCE JAN 1     14.33                     15.88  -1.55    11.62

SNOWFALL (IN)
  YESTERDAY        0.0          10.6  2003   0.5   -0.5      0.0
  MONTH TO DATE    2.9                      10.9   -8.0     19.2
  SINCE OCT 1      3.7                      19.9  -16.2     22.7
  SINCE JUL 1      3.7                      19.9  -16.2     22.7
  SNOW DEPTH       0

DEGREE DAYS
 HEATING
  YESTERDAY       40                        36      4       42
  MONTH TO DATE  623                       898   -275     1041
  SINCE DEC 1    623                       898   -275     1041
  SINCE JUL 1   1593                      2116   -523     2088

 COOLING
  YESTERDAY        0                         0      0        0
  MONTH TO DATE    0                         0      0        0
  SINCE DEC 1      0                         0      0        0
  SINCE JAN 1   1244                      1160     84     1768
..................................................................


WIND (MPH)
  RESULTANT WIND SPEED   6   RESULTANT WIND DIRECTION   N (340)
  HIGHEST WIND SPEED    18   HIGHEST WIND DIRECTION     N (340)
  HIGHEST GUST SPEED    23   HIGHEST GUST DIRECTION     N (340)
  AVERAGE WIND SPEED     6.5


SKY COVER
  POSSIBLE SUNSHINE  MM
  AVERAGE SKY COVER 0.7


WEATHER CONDITIONS
 THE FOLLOWING WEATHER WAS RECORDED YESTERDAY.
  NO SIGNIFICANT WEATHER WAS OBSERVED.


RELATIVE HUMIDITY (PERCENT)
 HIGHEST    92          1200 AM
 LOWEST     53           300 PM
 AVERAGE    73

..........................................................


THE SALT LAKE CITY UT CLIMATE NORMALS FOR TODAY
                         NORMAL    RECORD    YEAR
 MAXIMUM TEMPERATURE (F)   37        57      1933
 MINIMUM TEMPERATURE (F)   22        -4      1930


SUNRISE AND SUNSET
DECEMBER 27 2014......SUNRISE   751 AM MST   SUNSET   507 PM MST
DECEMBER 28 2014......SUNRISE   751 AM MST   SUNSET   508 PM MST


-  INDICATES NEGATIVE NUMBERS.
R  INDICATES RECORD WAS SET OR TIED.
MM INDICATES DATA IS MISSING.
T  INDICATES TRACE AMOUNT.




$$
