000
CDUS46 KPQR 051142
CLISLE


CLIMATE REPORT
NATIONAL WEATHER SERVICE PORTLAND OREGON
441 AM PDT THU MAY 5 2016


...................................

...THE SALEM OR CLIMATE SUMMARY FOR MAY 4 2016...

CLIMATE NORMAL PERIOD 1981 TO 2010
CLIMATE RECORD PERIOD 1892 TO 2016


WEATHER ITEM   OBSERVED TIME   RECORD YEAR NORMAL DEPARTURE LAST
                VALUE   (LST)  VALUE       VALUE  FROM      YEAR
                                                  NORMAL
..................................................................
TEMPERATURE (F)
 YESTERDAY
  MAXIMUM         64    349 PM  86    1990  65     -1       65
  MINIMUM         54    659 AM  29    1982  42     12       42
                                      1962
                                      1952
  AVERAGE         59                        54      5       54

PRECIPITATION (IN)
  YESTERDAY        T             0.88 1941   0.07  -0.07     0.00
  MONTH TO DATE    0.05                      0.29  -0.24     0.00
  SINCE OCT 1     42.73                     34.00   8.73    31.42
  SINCE JAN 1     19.18                     17.61   1.57    13.88

DEGREE DAYS
 HEATING
  YESTERDAY        6                        11     -5       11
  MONTH TO DATE    9                        47    -38       31
  SINCE MAR 1    735                      1050   -315      858
  SINCE JUL 1   3391                      4290   -899     3328

 COOLING
  YESTERDAY        0                         0      0        0
  MONTH TO DATE    3                         0      3        0
  SINCE MAR 1     10                         0     10        0
  SINCE JAN 1     10                         0     10        0
..................................................................


WIND (MPH)
  HIGHEST WIND SPEED    15   HIGHEST WIND DIRECTION    NE (50)
  HIGHEST GUST SPEED    19   HIGHEST GUST DIRECTION    NE (50)
  AVERAGE WIND SPEED     8.4


SKY COVER
  POSSIBLE SUNSHINE  MM
  AVERAGE SKY COVER 0.9


WEATHER CONDITIONS
 THE FOLLOWING WEATHER WAS RECORDED YESTERDAY.
  LIGHT RAIN


RELATIVE HUMIDITY (PERCENT)
 HIGHEST    86           200 AM
 LOWEST     67          1000 AM
 AVERAGE    77

..........................................................


THE SALEM OR CLIMATE NORMALS FOR TODAY
                         NORMAL    RECORD    YEAR
 MAXIMUM TEMPERATURE (F)   65        87      2013
                                             1992
                                             1953
 MINIMUM TEMPERATURE (F)   42        32      1985


SUNRISE AND SUNSET
MAY  5 2016...........SUNRISE   555 AM PDT   SUNSET   823 PM PDT
MAY  6 2016...........SUNRISE   554 AM PDT   SUNSET   824 PM PDT


-  INDICATES NEGATIVE NUMBERS.
R  INDICATES RECORD WAS SET OR TIED.
MM INDICATES DATA IS MISSING.
T  INDICATES TRACE AMOUNT.




$$
