000
CDUS46 KPQR 250220
CLISLE


CLIMATE REPORT
NATIONAL WEATHER SERVICE PORTLAND OREGON
720 PM PDT WED MAY 24 2017


...................................

...THE SALEM OR CLIMATE SUMMARY FOR MAY 24 2017...
VALID TODAY AS OF 0700 PM LOCAL TIME.

CLIMATE NORMAL PERIOD 1981 TO 2010
CLIMATE RECORD PERIOD 1892 TO 2017


WEATHER ITEM   OBSERVED TIME   RECORD YEAR NORMAL DEPARTURE LAST
                VALUE   (LST)  VALUE       VALUE  FROM      YEAR
                                                  NORMAL
..................................................................
TEMPERATURE (F)
 TODAY
  MAXIMUM         66    308 PM  93    1928  70     -4       72
  MINIMUM         45    506 AM  34    1955  46     -1       51
  AVERAGE         56                        58     -2       62

PRECIPITATION (IN)
  TODAY            0.00          1.00 1899   0.07  -0.07     0.00
  MONTH TO DATE    1.62                      1.69  -0.07     1.17
  SINCE OCT 1     55.84                     35.40  20.44    43.86
  SINCE JAN 1     32.54                     19.01  13.53    20.31

DEGREE DAYS
 HEATING
  TODAY            9                         7      2        3
  MONTH TO DATE  208                       231    -23      112
  SINCE MAR 1   1159                      1234    -75      838
  SINCE JUL 1   4317                      4474   -157     3494

 COOLING
  TODAY            0                         0      0        0
  MONTH TO DATE   20                         0     20       10
  SINCE MAR 1     20                         0     20       17
  SINCE JAN 1     20                         0     20       17
..................................................................


WIND (MPH)
  HIGHEST WIND SPEED    18   HIGHEST WIND DIRECTION     W (280)
  HIGHEST GUST SPEED    24   HIGHEST GUST DIRECTION    NW (300)
  AVERAGE WIND SPEED     7.0


SKY COVER
  POSSIBLE SUNSHINE  MM
  AVERAGE SKY COVER 0.6


WEATHER CONDITIONS
 THE FOLLOWING WEATHER WAS RECORDED TODAY.
  HAZE


RELATIVE HUMIDITY (PERCENT)
 HIGHEST    83           500 AM
 LOWEST     44           400 PM
 AVERAGE    64

..........................................................


THE SALEM OR CLIMATE NORMALS FOR TOMORROW
                         NORMAL    RECORD    YEAR
 MAXIMUM TEMPERATURE (F)   70        90      1947
 MINIMUM TEMPERATURE (F)   47        31      1920


SUNRISE AND SUNSET
MAY 24 2017...........SUNRISE   534 AM PDT   SUNSET   844 PM PDT
MAY 25 2017...........SUNRISE   533 AM PDT   SUNSET   845 PM PDT


-  INDICATES NEGATIVE NUMBERS.
R  INDICATES RECORD WAS SET OR TIED.
MM INDICATES DATA IS MISSING.
T  INDICATES TRACE AMOUNT.




$$
