000
CDUS46 KPQR 301144
CLISLE


CLIMATE REPORT
NATIONAL WEATHER SERVICE PORTLAND OREGON
443 AM PDT MON MAR 30 2015


...................................

...THE SALEM OR CLIMATE SUMMARY FOR MARCH 29 2015...

CLIMATE NORMAL PERIOD 1981 TO 2010
CLIMATE RECORD PERIOD 1892 TO 2015


WEATHER ITEM   OBSERVED TIME   RECORD YEAR NORMAL DEPARTURE LAST
                VALUE   (LST)  VALUE       VALUE  FROM      YEAR
                                                  NORMAL
..................................................................
TEMPERATURE (F)
 YESTERDAY
  MAXIMUM         69    440 PM  80    1923  58     11       57
  MINIMUM         39    507 AM  26    1936  38      1       46
  AVERAGE         54                        48      6       52

PRECIPITATION (IN)
  YESTERDAY        0.00          2.00 1963   0.12  -0.12     0.45
  MONTH TO DATE    4.03                      3.75   0.28     7.16
  SINCE OCT 1     29.11                     30.66  -1.55    21.01
  SINCE JAN 1     11.57                     14.27  -2.70    16.43

DEGREE DAYS
 HEATING
  YESTERDAY       11                        17     -6       13
  MONTH TO DATE  385                       530   -145      445
  SINCE MAR 1    385                       530   -145      445
  SINCE JUL 1   2855                      3770   -915     3731

 COOLING
  YESTERDAY        0                         0      0        0
  MONTH TO DATE    0                         0      0        0
  SINCE MAR 1      0                         0      0        0
  SINCE JAN 1      0                         0      0        0
..................................................................


WIND (MPH)
  HIGHEST WIND SPEED     9   HIGHEST WIND DIRECTION    NW (320)
  HIGHEST GUST SPEED    11   HIGHEST GUST DIRECTION    NW (300)
  AVERAGE WIND SPEED     2.6


SKY COVER
  POSSIBLE SUNSHINE  MM
  AVERAGE SKY COVER 0.2


WEATHER CONDITIONS
 THE FOLLOWING WEATHER WAS RECORDED YESTERDAY.
  NO SIGNIFICANT WEATHER WAS OBSERVED.


RELATIVE HUMIDITY (PERCENT)
 HIGHEST   100           700 AM
 LOWEST     30           300 PM
 AVERAGE    65

..........................................................


THE SALEM OR CLIMATE NORMALS FOR TODAY
                         NORMAL    RECORD    YEAR
 MAXIMUM TEMPERATURE (F)   59        77      1911
 MINIMUM TEMPERATURE (F)   39        24      1968


SUNRISE AND SUNSET
MARCH 30 2015.........SUNRISE   657 AM PDT   SUNSET   737 PM PDT
MARCH 31 2015.........SUNRISE   655 AM PDT   SUNSET   738 PM PDT


-  INDICATES NEGATIVE NUMBERS.
R  INDICATES RECORD WAS SET OR TIED.
MM INDICATES DATA IS MISSING.
T  INDICATES TRACE AMOUNT.




$$
