000
CDUS46 KPQR 301141
CLISLE


CLIMATE REPORT
NATIONAL WEATHER SERVICE PORTLAND OREGON
440 AM PDT THU OCT 30 2014


...................................

...THE SALEM OR CLIMATE SUMMARY FOR OCTOBER 29 2014...

CLIMATE NORMAL PERIOD 1981 TO 2010
CLIMATE RECORD PERIOD 1892 TO 2014


WEATHER ITEM   OBSERVED TIME   RECORD YEAR NORMAL DEPARTURE LAST
                VALUE   (LST)  VALUE       VALUE  FROM      YEAR
                                                  NORMAL
..................................................................
TEMPERATURE (F)
 YESTERDAY
  MAXIMUM         63    353 PM  76    1900  58      5       60
  MINIMUM         55    648 AM  23    1971  41     14       30
  AVERAGE         59                        49     10       45

PRECIPITATION (IN)
  YESTERDAY        0.11          1.35 1924   0.15  -0.04     0.00
  MONTH TO DATE    4.58                      2.73   1.85     0.63
  SINCE OCT 1      4.58                      2.73   1.85     0.63
  SINCE JAN 1     28.60                     26.01   2.59    19.63

DEGREE DAYS
 HEATING
  YESTERDAY        6                        16    -10       20
  MONTH TO DATE  157                       335   -178      378
  SINCE SEP 1    185                       444   -259      430
  SINCE JUL 1    189                       500   -311      435

 COOLING
  YESTERDAY        0                         0      0        0
  MONTH TO DATE   14                         0     14        0
  SINCE SEP 1     87                        37     50       75
  SINCE JAN 1    605                       289    316      502
..................................................................


WIND (MPH)
  HIGHEST WIND SPEED    15   HIGHEST WIND DIRECTION     S (180)
  HIGHEST GUST SPEED    19   HIGHEST GUST DIRECTION     S (180)
  AVERAGE WIND SPEED     4.5


SKY COVER
  POSSIBLE SUNSHINE  MM
  AVERAGE SKY COVER 0.9


WEATHER CONDITIONS
 THE FOLLOWING WEATHER WAS RECORDED YESTERDAY.
  LIGHT RAIN
  FOG


RELATIVE HUMIDITY (PERCENT)
 HIGHEST    93           700 AM
 LOWEST     72           100 PM
 AVERAGE    83

..........................................................


THE SALEM OR CLIMATE NORMALS FOR TODAY
                         NORMAL    RECORD    YEAR
 MAXIMUM TEMPERATURE (F)   58        81      1900
 MINIMUM TEMPERATURE (F)   41        22      2002


SUNRISE AND SUNSET
OCTOBER 30 2014.......SUNRISE   748 AM PDT   SUNSET   603 PM PDT
OCTOBER 31 2014.......SUNRISE   749 AM PDT   SUNSET   602 PM PDT


-  INDICATES NEGATIVE NUMBERS.
R  INDICATES RECORD WAS SET OR TIED.
MM INDICATES DATA IS MISSING.
T  INDICATES TRACE AMOUNT.




$$
