982
CDUS46 KPQR 240228
CLISLE


CLIMATE REPORT
NATIONAL WEATHER SERVICE PORTLAND OREGON
728 PM PDT MON MAY 23 2016


...................................

...THE SALEM OR CLIMATE SUMMARY FOR MAY 23 2016...
VALID TODAY AS OF 0700 PM LOCAL TIME.

CLIMATE NORMAL PERIOD 1981 TO 2010
CLIMATE RECORD PERIOD 1892 TO 2016


WEATHER ITEM   OBSERVED TIME   RECORD YEAR NORMAL DEPARTURE LAST
                VALUE   (LST)  VALUE       VALUE  FROM      YEAR
                                                  NORMAL
..................................................................
TEMPERATURE (F)
 TODAY
  MAXIMUM         66    326 PM  93    1947  69     -3       64
  MINIMUM         48    520 AM  32    1935  46      2       53
  AVERAGE         57                        58     -1       59

PRECIPITATION (IN)
  TODAY            T             0.80 1893   0.07  -0.07      T
  MONTH TO DATE    1.16                      1.62  -0.46     0.72
  SINCE OCT 1     43.84                     35.33   8.51    32.14
  SINCE JAN 1     20.29                     18.94   1.35    14.60

DEGREE DAYS
 HEATING
  TODAY            8                         8      0        6
  MONTH TO DATE  109                       224   -115      145
  SINCE MAR 1    835                      1227   -392      972
  SINCE JUL 1   3491                      4467   -976     3442

 COOLING
  TODAY            0                         0      0        0
  MONTH TO DATE   10                         0     10        0
  SINCE MAR 1     17                         0     17        0
  SINCE JAN 1     17                         0     17        0
..................................................................


WIND (MPH)
  HIGHEST WIND SPEED    16   HIGHEST WIND DIRECTION     S (180)
  HIGHEST GUST SPEED    19   HIGHEST GUST DIRECTION     S (200)
  AVERAGE WIND SPEED     7.8


SKY COVER
  POSSIBLE SUNSHINE  MM
  AVERAGE SKY COVER 0.8


WEATHER CONDITIONS
 THE FOLLOWING WEATHER WAS RECORDED TODAY.
  LIGHT RAIN


RELATIVE HUMIDITY (PERCENT)
 HIGHEST    89           600 AM
 LOWEST     56           300 PM
 AVERAGE    73

..........................................................


THE SALEM OR CLIMATE NORMALS FOR TOMORROW
                         NORMAL    RECORD    YEAR
 MAXIMUM TEMPERATURE (F)   70        93      1928
 MINIMUM TEMPERATURE (F)   46        34      1955


SUNRISE AND SUNSET
MAY 23 2016...........SUNRISE   535 AM PDT   SUNSET   843 PM PDT
MAY 24 2016...........SUNRISE   534 AM PDT   SUNSET   844 PM PDT


-  INDICATES NEGATIVE NUMBERS.
R  INDICATES RECORD WAS SET OR TIED.
MM INDICATES DATA IS MISSING.
T  INDICATES TRACE AMOUNT.




$$
