000
CDUS46 KPQR 260221
CLISLE


CLIMATE REPORT
NATIONAL WEATHER SERVICE PORTLAND OREGON
721 PM PDT MON SEP 25 2017


...................................

...THE SALEM OR CLIMATE SUMMARY FOR SEPTEMBER 25 2017...
VALID TODAY AS OF 0700 PM LOCAL TIME.

CLIMATE NORMAL PERIOD 1981 TO 2010
CLIMATE RECORD PERIOD 1892 TO 2017


WEATHER ITEM   OBSERVED TIME   RECORD YEAR NORMAL DEPARTURE LAST
                VALUE   (LST)  VALUE       VALUE  FROM      YEAR
                                                  NORMAL
..................................................................
TEMPERATURE (F)
 TODAY
  MAXIMUM         70    424 PM  94    1991  74     -4       84
  MINIMUM         53    156 AM  26    1934  46      7       47
  AVERAGE         62                        60      2       66

PRECIPITATION (IN)
  TODAY            T             0.55 1901   0.06  -0.06     0.00
  MONTH TO DATE    2.29                      0.99   1.30     1.54
  SINCE OCT 1     59.04                     39.38  19.66    47.26
  SINCE JAN 1     35.74                     22.99  12.75    23.71

DEGREE DAYS
 HEATING
  TODAY            3                         5     -2        0
  MONTH TO DATE   66                        78    -12       71
  SINCE SEP 1     66                        78    -12       71
  SINCE JUL 1     68                       134    -66       86

 COOLING
  TODAY            0                         1     -1        1
  MONTH TO DATE  116                        36     80       12
  SINCE SEP 1    116                        36     80       12
  SINCE JAN 1    636                       288    348      458
..................................................................


WIND (MPH)
  HIGHEST WIND SPEED     8   HIGHEST WIND DIRECTION     S (170)
  HIGHEST GUST SPEED    11   HIGHEST GUST DIRECTION     S (170)
  AVERAGE WIND SPEED     4.1


SKY COVER
  POSSIBLE SUNSHINE  MM
  AVERAGE SKY COVER 0.7


WEATHER CONDITIONS
 THE FOLLOWING WEATHER WAS RECORDED TODAY.
  LIGHT RAIN


RELATIVE HUMIDITY (PERCENT)
 HIGHEST    89          1200 AM
 LOWEST     53           200 PM
 AVERAGE    71

..........................................................


THE SALEM OR CLIMATE NORMALS FOR TOMORROW
                         NORMAL    RECORD    YEAR
 MAXIMUM TEMPERATURE (F)   74        96      1967
 MINIMUM TEMPERATURE (F)   46        29      1934


SUNRISE AND SUNSET
SEPTEMBER 25 2017.....SUNRISE   703 AM PDT   SUNSET   703 PM PDT
SEPTEMBER 26 2017.....SUNRISE   704 AM PDT   SUNSET   701 PM PDT


-  INDICATES NEGATIVE NUMBERS.
R  INDICATES RECORD WAS SET OR TIED.
MM INDICATES DATA IS MISSING.
T  INDICATES TRACE AMOUNT.




$$
