000
CDUS46 KPQR 270338
CLISLE


CLIMATE REPORT
NATIONAL WEATHER SERVICE PORTLAND OREGON
838 PM PDT SUN MAR 26 2017


...................................

...THE SALEM OR CLIMATE SUMMARY FOR MARCH 26 2017...
VALID TODAY AS OF 0800 PM LOCAL TIME.

CLIMATE NORMAL PERIOD 1981 TO 2010
CLIMATE RECORD PERIOD 1892 TO 2017


WEATHER ITEM   OBSERVED TIME   RECORD YEAR NORMAL DEPARTURE LAST
                VALUE   (LST)  VALUE       VALUE  FROM      YEAR
                                                  NORMAL
..................................................................
TEMPERATURE (F)
 TODAY
  MAXIMUM         53    539 PM  74    1994  58     -5       59
  MINIMUM         43    705 AM  25    1996  38      5       37
                                      1899
  AVERAGE         48                        48      0       48

PRECIPITATION (IN)
  TODAY            0.46          1.52 1940   0.12   0.34     0.15
  MONTH TO DATE    7.27                      3.40   3.87     6.26
  SINCE OCT 1     49.38                     30.31  19.07    40.54
  SINCE JAN 1     26.08                     13.92  12.16    16.99

DEGREE DAYS
 HEATING
  TODAY           17                        17      0       17
  MONTH TO DATE  443                       479    -36      409
  SINCE MAR 1    443                       479    -36      409
  SINCE JUL 1   3601                      3719   -118     3065

 COOLING
  TODAY            0                         0      0        0
  MONTH TO DATE    0                         0      0        0
  SINCE MAR 1      0                         0      0        0
  SINCE JAN 1      0                         0      0        0
..................................................................


WIND (MPH)
  HIGHEST WIND SPEED    20   HIGHEST WIND DIRECTION     S (180)
  HIGHEST GUST SPEED    26   HIGHEST GUST DIRECTION     S (190)
  AVERAGE WIND SPEED     8.4


SKY COVER
  POSSIBLE SUNSHINE  MM
  AVERAGE SKY COVER 1.0


WEATHER CONDITIONS
 THE FOLLOWING WEATHER WAS RECORDED TODAY.
  LIGHT RAIN
  FOG


RELATIVE HUMIDITY (PERCENT)
 HIGHEST    89           800 AM
 LOWEST     76          1200 AM
 AVERAGE    83

..........................................................


THE SALEM OR CLIMATE NORMALS FOR TOMORROW
                         NORMAL    RECORD    YEAR
 MAXIMUM TEMPERATURE (F)   58        77      1994
 MINIMUM TEMPERATURE (F)   38        25      1975
                                             1935


SUNRISE AND SUNSET
MARCH 26 2017.........SUNRISE   703 AM PDT   SUNSET   733 PM PDT
MARCH 27 2017.........SUNRISE   701 AM PDT   SUNSET   734 PM PDT


-  INDICATES NEGATIVE NUMBERS.
R  INDICATES RECORD WAS SET OR TIED.
MM INDICATES DATA IS MISSING.
T  INDICATES TRACE AMOUNT.




$$
