000
CDUS46 KPQR 180225
CLISLE


CLIMATE REPORT
NATIONAL WEATHER SERVICE PORTLAND OREGON
625 PM PST WED JAN 17 2018


...................................

...THE SALEM OR CLIMATE SUMMARY FOR JANUARY 17 2018...
VALID TODAY AS OF 0600 PM LOCAL TIME.

CLIMATE NORMAL PERIOD 1981 TO 2010
CLIMATE RECORD PERIOD 1892 TO 2018


WEATHER ITEM   OBSERVED TIME   RECORD YEAR NORMAL DEPARTURE LAST
                VALUE   (LST)  VALUE       VALUE  FROM      YEAR
                                                  NORMAL
..................................................................
TEMPERATURE (F)
 TODAY
  MAXIMUM         63R   358 PM  61    1975  48     15       51
  MINIMUM         41    846 AM  13    1950  35      6       26
                                      1907
  AVERAGE         52                        41     11       39

PRECIPITATION (IN)
  TODAY            0.04          2.22 1997   0.19  -0.15     0.90
  MONTH TO DATE    2.54                      3.45  -0.91     4.06
  SINCE OCT 1     17.64                     19.84  -2.20    27.36
  SINCE JAN 1      2.54                      3.45  -0.91     4.06

DEGREE DAYS
 HEATING
  TODAY           13                        24    -11       26
  MONTH TO DATE  328                       415    -87      566
  SINCE DEC 1   1107                      1187    -80     1432
  SINCE JUL 1   2039                      2304   -265     2236

 COOLING
  TODAY            0                         0      0        0
  MONTH TO DATE    0                         0      0        0
  SINCE DEC 1      0                         0      0        0
  SINCE JAN 1      0                         0      0        0
..................................................................


WIND (MPH)
  HIGHEST WIND SPEED    16   HIGHEST WIND DIRECTION     W (280)
  HIGHEST GUST SPEED    20   HIGHEST GUST DIRECTION     W (280)
  AVERAGE WIND SPEED     2.5


SKY COVER
  POSSIBLE SUNSHINE  MM
  AVERAGE SKY COVER 0.6


WEATHER CONDITIONS
 THE FOLLOWING WEATHER WAS RECORDED TODAY.
  LIGHT RAIN
  FOG


RELATIVE HUMIDITY (PERCENT)
 HIGHEST    96           100 AM
 LOWEST     56           400 PM
 AVERAGE    76

..........................................................


THE SALEM OR CLIMATE NORMALS FOR TOMORROW
                         NORMAL    RECORD    YEAR
 MAXIMUM TEMPERATURE (F)   48        68      1899
 MINIMUM TEMPERATURE (F)   35        10      1943


SUNRISE AND SUNSET
JANUARY 17 2018.......SUNRISE   745 AM PST   SUNSET   500 PM PST
JANUARY 18 2018.......SUNRISE   744 AM PST   SUNSET   501 PM PST


-  INDICATES NEGATIVE NUMBERS.
R  INDICATES RECORD WAS SET OR TIED.
MM INDICATES DATA IS MISSING.
T  INDICATES TRACE AMOUNT.




$$
