000
CDUS46 KPQR 211141
CLISLE


CLIMATE REPORT
NATIONAL WEATHER SERVICE PORTLAND OREGON
440 AM PDT SUN SEP 21 2014


...................................

...THE SALEM OR CLIMATE SUMMARY FOR SEPTEMBER 20 2014...

CLIMATE NORMAL PERIOD 1981 TO 2010
CLIMATE RECORD PERIOD 1892 TO 2014


WEATHER ITEM   OBSERVED TIME   RECORD YEAR NORMAL DEPARTURE LAST
                VALUE   (LST)  VALUE       VALUE  FROM      YEAR
                                                  NORMAL
..................................................................
TEMPERATURE (F)
 YESTERDAY
  MAXIMUM         95    449 PM  98    1974  76     19       74
  MINIMUM         57    544 AM  36    1983  48      9       49
  AVERAGE         76                        62     14       62

PRECIPITATION (IN)
  YESTERDAY        0.00          0.67 1945   0.04  -0.04     0.10
  MONTH TO DATE    0.01                      0.73  -0.72     2.44
  SINCE OCT 1     27.41                     39.12 -11.71    36.66
  SINCE JAN 1     22.83                     22.73   0.10    14.40

DEGREE DAYS
 HEATING
  YESTERDAY        0                         4     -4        3
  MONTH TO DATE    3                        54    -51       10
  SINCE SEP 1      3                        54    -51       10
  SINCE JUL 1      7                       110   -103       15

 COOLING
  YESTERDAY       11                         1     10        0
  MONTH TO DATE   67                        31     36       75
  SINCE SEP 1     67                        31     36       75
  SINCE JAN 1    585                       283    302      502
..................................................................


WIND (MPH)
  HIGHEST WIND SPEED    12   HIGHEST WIND DIRECTION     N (360)
  HIGHEST GUST SPEED    16   HIGHEST GUST DIRECTION    NE (40)
  AVERAGE WIND SPEED     5.5


SKY COVER
  POSSIBLE SUNSHINE  MM
  AVERAGE SKY COVER 0.0


WEATHER CONDITIONS
 THE FOLLOWING WEATHER WAS RECORDED YESTERDAY.
  NO SIGNIFICANT WEATHER WAS OBSERVED.


RELATIVE HUMIDITY (PERCENT)
 HIGHEST    93           600 AM
 LOWEST     24           400 PM
 AVERAGE    59

..........................................................


THE SALEM OR CLIMATE NORMALS FOR TODAY
                         NORMAL    RECORD    YEAR
 MAXIMUM TEMPERATURE (F)   76        97      1974
 MINIMUM TEMPERATURE (F)   47        33      1932


SUNRISE AND SUNSET
SEPTEMBER 21 2014.....SUNRISE   658 AM PDT   SUNSET   711 PM PDT
SEPTEMBER 22 2014.....SUNRISE   659 AM PDT   SUNSET   709 PM PDT


-  INDICATES NEGATIVE NUMBERS.
R  INDICATES RECORD WAS SET OR TIED.
MM INDICATES DATA IS MISSING.
T  INDICATES TRACE AMOUNT.




$$
