000
CDUS46 KPQR 221141
CLISLE


CLIMATE REPORT
NATIONAL WEATHER SERVICE PORTLAND OREGON
441 AM PDT TUE JUL 22 2014


...................................

...THE SALEM OR CLIMATE SUMMARY FOR JULY 21 2014...

CLIMATE NORMAL PERIOD 1981 TO 2010
CLIMATE RECORD PERIOD 1892 TO 2014


WEATHER ITEM   OBSERVED TIME   RECORD YEAR NORMAL DEPARTURE LAST
                VALUE   (LST)  VALUE       VALUE  FROM      YEAR
                                                  NORMAL
..................................................................
TEMPERATURE (F)
 YESTERDAY
  MAXIMUM         81    422 PM 105    1938  83     -2       86
  MINIMUM         57    545 AM  41    1970  54      3       53
                                      1920
  AVERAGE         69                        69      0       70

PRECIPITATION (IN)
  YESTERDAY        0.00          0.43 1940   0.01  -0.01     0.00
  MONTH TO DATE    0.06                      0.36  -0.30     0.00
  SINCE OCT 1     26.65                     37.84 -11.19    33.87
  SINCE JAN 1     22.07                     21.45   0.62    11.61

DEGREE DAYS
 HEATING
  YESTERDAY        0                         1     -1        0
  MONTH TO DATE    0                        26    -26        1
  SINCE JUN 1     66                       156    -90       80
  SINCE JUL 1      0                        26    -26        1

 COOLING
  YESTERDAY        4                         4      0        5
  MONTH TO DATE  177                        65    112      109
  SINCE JUN 1    196                        93    103      162
  SINCE JAN 1    212                       102    110      172
..................................................................


WIND (MPH)
  HIGHEST WIND SPEED    13   HIGHEST WIND DIRECTION     N (20)
  HIGHEST GUST SPEED    15   HIGHEST GUST DIRECTION     N (360)
  AVERAGE WIND SPEED     5.3


SKY COVER
  POSSIBLE SUNSHINE  MM
  AVERAGE SKY COVER 0.3


WEATHER CONDITIONS
 THE FOLLOWING WEATHER WAS RECORDED YESTERDAY.
  NO SIGNIFICANT WEATHER WAS OBSERVED.


RELATIVE HUMIDITY (PERCENT)
 HIGHEST    77           600 AM
 LOWEST     32           300 PM
 AVERAGE    55

..........................................................


THE SALEM OR CLIMATE NORMALS FOR TODAY
                         NORMAL    RECORD    YEAR
 MAXIMUM TEMPERATURE (F)   84       102      1978
                                             1928
 MINIMUM TEMPERATURE (F)   54        39      1920


SUNRISE AND SUNSET
JULY 22 2014..........SUNRISE   547 AM PDT   SUNSET   849 PM PDT
JULY 23 2014..........SUNRISE   548 AM PDT   SUNSET   848 PM PDT


-  INDICATES NEGATIVE NUMBERS.
R  INDICATES RECORD WAS SET OR TIED.
MM INDICATES DATA IS MISSING.
T  INDICATES TRACE AMOUNT.




$$
