669
CDUS41 KBTV 300531
CLISLK


CLIMATE REPORT
NATIONAL WEATHER SERVICE BURLINGTON VT
126 AM EDT SAT APR 30 2016


...................................

...THE SARANAC LAKE NY CLIMATE SUMMARY FOR APRIL 29 2016...

CLIMATE NORMAL PERIOD 1981 TO 2010
CLIMATE RECORD PERIOD 9999 TO 9999


WEATHER ITEM   OBSERVED TIME   NORMAL DEPARTURE LAST
                VALUE   (LST)  VALUE  FROM      YEAR
                                      NORMAL
......................................................
TEMPERATURE (F)
 YESTERDAY
  MAXIMUM         58    313 PM  57      1       64
  MINIMUM         25    340 AM  31     -6       25
  AVERAGE         42            44     -2       45

PRECIPITATION (IN)
  YESTERDAY        0.00          0.11  -0.11     0.00
  MONTH TO DATE    2.88          2.77   0.11     2.46
  SINCE MAR 1      5.70          5.05   0.65     3.33
  SINCE JAN 1      9.58          8.79   0.79     4.20

DEGREE DAYS
 HEATING
  YESTERDAY       23            21      2       20
  MONTH TO DATE  879           789     90      791
  SINCE MAR 1   1910          2046   -136     2199
  SINCE JUL 1   7505          8751  -1246     8982

 COOLING
  YESTERDAY        0             0      0        0
  MONTH TO DATE    0             0      0        0
  SINCE MAR 1      0             0      0        0
  SINCE JAN 1      0             0      0        0
......................................................


WIND (MPH)
  HIGHEST WIND SPEED    16   HIGHEST WIND DIRECTION     E (70)
  HIGHEST GUST SPEED    21   HIGHEST GUST DIRECTION    NE (40)
  AVERAGE WIND SPEED     5.7


SKY COVER
  AVERAGE SKY COVER 0.0


WEATHER CONDITIONS
 THE FOLLOWING WEATHER WAS RECORDED YESTERDAY.
  NO SIGNIFICANT WEATHER WAS OBSERVED.


RELATIVE HUMIDITY (PERCENT)
 HIGHEST    69          1100 PM
 LOWEST     21           200 PM
 AVERAGE    45

..........................................................


THE SARANAC LAKE NY CLIMATE NORMALS FOR TODAY
                         NORMAL    RECORD    YEAR
 MAXIMUM TEMPERATURE (F)   58        79      2004
 MINIMUM TEMPERATURE (F)   31        17      2012


SUNRISE AND SUNSET
APRIL 30 2016.........SUNRISE   548 AM EDT   SUNSET   800 PM EDT
MAY  1 2016...........SUNRISE   547 AM EDT   SUNSET   802 PM EDT


-  INDICATES NEGATIVE NUMBERS.
R  INDICATES RECORD WAS SET OR TIED.
MM INDICATES DATA IS MISSING.
T  INDICATES TRACE AMOUNT.




$$
