000
CDUS41 KBTV 230603
CLISLK


CLIMATE REPORT
NATIONAL WEATHER SERVICE BURLINGTON VT
103 AM EST MON JAN 23 2017


...................................

...THE SARANAC LAKE NY CLIMATE SUMMARY FOR JANUARY 22 2017...

CLIMATE NORMAL PERIOD 1981 TO 2010
CLIMATE RECORD PERIOD 9999 TO 9999


WEATHER ITEM   OBSERVED TIME   NORMAL DEPARTURE LAST
                VALUE   (LST)  VALUE  FROM      YEAR
                                      NORMAL
......................................................
TEMPERATURE (F)
 YESTERDAY
  MAXIMUM         36    350 AM  25     11       21
  MINIMUM         30   1001 PM   1     29      -10
  AVERAGE         33            13     20        6

PRECIPITATION (IN)
  YESTERDAY        0.00          0.07  -0.07      T
  MONTH TO DATE    1.39          1.48  -0.09     0.51
  SINCE DEC 1      3.82          3.77   0.05     4.46
  SINCE JAN 1      1.39          1.48  -0.09     0.51

DEGREE DAYS
 HEATING
  YESTERDAY       32            52    -20       59
  MONTH TO DATE  969          1135   -166      983
  SINCE DEC 1   2327          2559   -232     1934
  SINCE JUL 1   4169          4834   -665     3884

 COOLING
  YESTERDAY        0             0      0        0
  MONTH TO DATE    0             0      0        0
  SINCE DEC 1      0             0      0        0
  SINCE JAN 1      0             0      0        0
......................................................


WIND (MPH)
  HIGHEST WIND SPEED    16   HIGHEST WIND DIRECTION    NE (60)
  HIGHEST GUST SPEED    19   HIGHEST GUST DIRECTION    NE (40)
  AVERAGE WIND SPEED     7.8


SKY COVER
  AVERAGE SKY COVER 1.0


WEATHER CONDITIONS
 THE FOLLOWING WEATHER WAS RECORDED YESTERDAY.
  FOG
  FOG W/VISIBILITY <= 1/4 MILE


RELATIVE HUMIDITY (PERCENT)
 HIGHEST   100           100 AM
 LOWEST     85           400 PM
 AVERAGE    93

..........................................................


THE SARANAC LAKE NY CLIMATE NORMALS FOR TODAY
                         NORMAL    RECORD    YEAR
 MAXIMUM TEMPERATURE (F)   25        52      1999
 MINIMUM TEMPERATURE (F)    1       -31      2011


SUNRISE AND SUNSET
JANUARY 23 2017.......SUNRISE   724 AM EST   SUNSET   454 PM EST
JANUARY 24 2017.......SUNRISE   723 AM EST   SUNSET   455 PM EST


-  INDICATES NEGATIVE NUMBERS.
R  INDICATES RECORD WAS SET OR TIED.
MM INDICATES DATA IS MISSING.
T  INDICATES TRACE AMOUNT.




$$
