000
CDUS41 KBTV 230611
CLISLK


CLIMATE REPORT
NATIONAL WEATHER SERVICE BURLINGTON VT
209 AM EDT TUE SEP 23 2014


...................................

...THE SARANAC LAKE NY CLIMATE SUMMARY FOR SEPTEMBER 22 2014...

CLIMATE NORMAL PERIOD 1981 TO 2010
CLIMATE RECORD PERIOD 9999 TO 9999


WEATHER ITEM   OBSERVED TIME   NORMAL DEPARTURE LAST
                VALUE   (LST)  VALUE  FROM      YEAR
                                      NORMAL
......................................................
TEMPERATURE (F)
 YESTERDAY
  MAXIMUM         60   1228 AM  63     -3       56
  MINIMUM         40   1124 PM  39      1       41
  AVERAGE         50            51     -1       49

PRECIPITATION (IN)
  YESTERDAY        T             0.12  -0.12     0.13
  MONTH TO DATE    2.00          2.50  -0.50     3.57
  SINCE SEP 1      2.00          2.50  -0.50     3.57
  SINCE JAN 1     27.96         27.04   0.92    32.45

DEGREE DAYS
 HEATING
  YESTERDAY       15            14      1       16
  MONTH TO DATE  253           220     33      247
  SINCE SEP 1    253           220     33      247
  SINCE JUL 1    532           460     72      460

 COOLING
  YESTERDAY        0             0      0        0
  MONTH TO DATE   13             7      6       16
  SINCE SEP 1     13             7      6       16
  SINCE JAN 1     81           114    -33      187
......................................................


WIND (MPH)
  HIGHEST WIND SPEED    15   HIGHEST WIND DIRECTION     W (250)
  HIGHEST GUST SPEED    23   HIGHEST GUST DIRECTION    SW (240)
  AVERAGE WIND SPEED     8.1


SKY COVER
  AVERAGE SKY COVER 1.0


WEATHER CONDITIONS
 THE FOLLOWING WEATHER WAS RECORDED YESTERDAY.
  LIGHT RAIN
  FOG


RELATIVE HUMIDITY (PERCENT)
 HIGHEST   100          1200 AM
 LOWEST     76           400 PM
 AVERAGE    88

..........................................................


THE SARANAC LAKE NY CLIMATE NORMALS FOR TODAY
                         NORMAL    RECORD    YEAR
 MAXIMUM TEMPERATURE (F)   63        MM        MM
 MINIMUM TEMPERATURE (F)   39        MM        MM


SUNRISE AND SUNSET
SEPTEMBER 23 2014.....SUNRISE   645 AM EDT   SUNSET   652 PM EDT
SEPTEMBER 24 2014.....SUNRISE   646 AM EDT   SUNSET   651 PM EDT


-  INDICATES NEGATIVE NUMBERS.
R  INDICATES RECORD WAS SET OR TIED.
MM INDICATES DATA IS MISSING.
T  INDICATES TRACE AMOUNT.




$$
