000
CDUS41 KBTV 130552
CLISLK


CLIMATE REPORT
NATIONAL WEATHER SERVICE BURLINGTON VT
1249 AM EST SAT FEB 13 2016


...................................

...THE SARANAC LAKE NY CLIMATE SUMMARY FOR FEBRUARY 12 2016...

CLIMATE NORMAL PERIOD 1981 TO 2010
CLIMATE RECORD PERIOD 9999 TO 9999


WEATHER ITEM   OBSERVED TIME   NORMAL DEPARTURE LAST
                VALUE   (LST)  VALUE  FROM      YEAR
                                      NORMAL
......................................................
TEMPERATURE (F)
 YESTERDAY
  MAXIMUM         18    308 PM  27     -9       23
  MINIMUM        -23    653 AM   1    -24       -6
  AVERAGE         -2            14    -16        9

PRECIPITATION (IN)
  YESTERDAY        T             0.07  -0.07     0.01
  MONTH TO DATE    0.68          0.73  -0.05     0.17
  SINCE DEC 1      5.32          5.15   0.17     2.72
  SINCE JAN 1      1.37          2.86  -1.49     0.78

DEGREE DAYS
 HEATING
  YESTERDAY       67            51     16       56
  MONTH TO DATE  509           618   -109      727
  SINCE DEC 1   2857          3645   -788     3569
  SINCE JUL 1   4807          5920  -1113     5733

 COOLING
  YESTERDAY        0             0      0        0
  MONTH TO DATE    0             0      0        0
  SINCE DEC 1      0             0      0        0
  SINCE JAN 1      0             0      0        0
......................................................


WIND (MPH)
  HIGHEST WIND SPEED    23   HIGHEST WIND DIRECTION    SW (220)
  HIGHEST GUST SPEED    29   HIGHEST GUST DIRECTION    SW (210)
  AVERAGE WIND SPEED     9.2


SKY COVER
  AVERAGE SKY COVER 0.7


WEATHER CONDITIONS
 THE FOLLOWING WEATHER WAS RECORDED YESTERDAY.
  LIGHT SNOW
  FOG
  HAZE


RELATIVE HUMIDITY (PERCENT)
 HIGHEST    87           100 AM
 LOWEST     54           300 PM
 AVERAGE    71

..........................................................


THE SARANAC LAKE NY CLIMATE NORMALS FOR TODAY
                         NORMAL    RECORD    YEAR
 MAXIMUM TEMPERATURE (F)   27        33      2011
 MINIMUM TEMPERATURE (F)    1       -32      2007


SUNRISE AND SUNSET
FEBRUARY 13 2016......SUNRISE   700 AM EST   SUNSET   522 PM EST
FEBRUARY 14 2016......SUNRISE   659 AM EST   SUNSET   524 PM EST


-  INDICATES NEGATIVE NUMBERS.
R  INDICATES RECORD WAS SET OR TIED.
MM INDICATES DATA IS MISSING.
T  INDICATES TRACE AMOUNT.




$$
