000
CDUS41 KBTV 101248
CLISLK


CLIMATE REPORT
NATIONAL WEATHER SERVICE BURLINGTON VT
745 AM EST SUN DEC 10 2017


...................................

...THE SARANAC LAKE NY CLIMATE SUMMARY FOR DECEMBER 9 2017...

CLIMATE NORMAL PERIOD 1981 TO 2010
CLIMATE RECORD PERIOD 9999 TO 9999


WEATHER ITEM   OBSERVED TIME   NORMAL DEPARTURE LAST
                VALUE   (LST)  VALUE  FROM      YEAR
                                      NORMAL
......................................................
TEMPERATURE (F)
 YESTERDAY
  MAXIMUM         29    307 PM  31     -2       23
  MINIMUM         12   1151 PM  12      0       11
  AVERAGE         21            21      0       17

PRECIPITATION (IN)
  YESTERDAY        0.00          0.09  -0.09      T
  MONTH TO DATE    0.59          0.81  -0.22     1.00
  SINCE DEC 1      0.59          0.81  -0.22     1.00
  SINCE JAN 1     42.32         36.04   6.28    31.73

DEGREE DAYS
 HEATING
  YESTERDAY       44            44      0       48
  MONTH TO DATE  321           376    -55      338
  SINCE DEC 1    321           376    -55      338
  SINCE JUL 1   2378          2651   -273     2180

 COOLING
  YESTERDAY        0             0      0        0
  MONTH TO DATE    0             0      0        0
  SINCE DEC 1      0             0      0        0
  SINCE JAN 1     69           114    -45      166
......................................................


WIND (MPH)
  HIGHEST WIND SPEED    12   HIGHEST WIND DIRECTION     S (200)
  HIGHEST GUST SPEED    13   HIGHEST GUST DIRECTION    SW (210)
  AVERAGE WIND SPEED     2.3


SKY COVER
  AVERAGE SKY COVER 0.5


WEATHER CONDITIONS
 THE FOLLOWING WEATHER WAS RECORDED YESTERDAY.
  NO SIGNIFICANT WEATHER WAS OBSERVED.


RELATIVE HUMIDITY (PERCENT)
 HIGHEST   100           800 PM
 LOWEST     69           100 PM
 AVERAGE    85

..........................................................


THE SARANAC LAKE NY CLIMATE NORMALS FOR TODAY
                         NORMAL    RECORD    YEAR
 MAXIMUM TEMPERATURE (F)   31        48      2015
                                             2008
 MINIMUM TEMPERATURE (F)   11       -18      2010


SUNRISE AND SUNSET
DECEMBER 10 2017......SUNRISE   722 AM EST   SUNSET   417 PM EST
DECEMBER 11 2017......SUNRISE   723 AM EST   SUNSET   417 PM EST


-  INDICATES NEGATIVE NUMBERS.
R  INDICATES RECORD WAS SET OR TIED.
MM INDICATES DATA IS MISSING.
T  INDICATES TRACE AMOUNT.




$$
