000
CDUS41 KBTV 260537
CLISLK


CLIMATE REPORT
NATIONAL WEATHER SERVICE BURLINGTON VT
1235 AM EST MON JAN 26 2015


...................................

...THE SARANAC LAKE NY CLIMATE SUMMARY FOR JANUARY 25 2015...

CLIMATE NORMAL PERIOD 1981 TO 2010
CLIMATE RECORD PERIOD 9999 TO 9999


WEATHER ITEM   OBSERVED TIME   NORMAL DEPARTURE LAST
                VALUE   (LST)  VALUE  FROM      YEAR
                                      NORMAL
......................................................
TEMPERATURE (F)
 YESTERDAY
  MAXIMUM         27    247 AM  25      2       17
  MINIMUM        -19   1159 PM   1    -20        6
  AVERAGE          4            13     -9       12

PRECIPITATION (IN)
  YESTERDAY        0.03          0.06  -0.03      T
  MONTH TO DATE    0.60          1.68  -1.08     1.55
  SINCE DEC 1      2.54          3.97  -1.43     3.92
  SINCE JAN 1      0.60          1.68  -1.08     1.55

DEGREE DAYS
 HEATING
  YESTERDAY       61            52      9       53
  MONTH TO DATE 1216          1291    -75     1328
  SINCE DEC 1   2465          2715   -250     2780
  SINCE JUL 1   4629          4990   -361     5166

 COOLING
  YESTERDAY        0             0      0        0
  MONTH TO DATE    0             0      0        0
  SINCE DEC 1      0             0      0        0
  SINCE JAN 1      0             0      0        0
......................................................


WIND (MPH)
  HIGHEST WIND SPEED    15   HIGHEST WIND DIRECTION     W (280)
  HIGHEST GUST SPEED    24   HIGHEST GUST DIRECTION    NW (300)
  AVERAGE WIND SPEED     5.7


SKY COVER
  AVERAGE SKY COVER 0.6


WEATHER CONDITIONS
 THE FOLLOWING WEATHER WAS RECORDED YESTERDAY.
  LIGHT SNOW
  FOG
  HAZE


RELATIVE HUMIDITY (PERCENT)
 HIGHEST    92           100 AM
 LOWEST     68          1100 AM
 AVERAGE    80

..........................................................


THE SARANAC LAKE NY CLIMATE NORMALS FOR TODAY
                         NORMAL    RECORD    YEAR
 MAXIMUM TEMPERATURE (F)   25        MM        MM
 MINIMUM TEMPERATURE (F)    1        MM        MM


SUNRISE AND SUNSET
JANUARY 26 2015.......SUNRISE   722 AM EST   SUNSET   458 PM EST
JANUARY 27 2015.......SUNRISE   721 AM EST   SUNSET   459 PM EST


-  INDICATES NEGATIVE NUMBERS.
R  INDICATES RECORD WAS SET OR TIED.
MM INDICATES DATA IS MISSING.
T  INDICATES TRACE AMOUNT.




$$
