000
CDUS41 KBTV 310535
CLISLK


CLIMATE REPORT
NATIONAL WEATHER SERVICE BURLINGTON VT
135 AM EDT TUE MAY 31 2016


...................................

...THE SARANAC LAKE NY CLIMATE SUMMARY FOR MAY 30 2016...

CLIMATE NORMAL PERIOD 1981 TO 2010
CLIMATE RECORD PERIOD 9999 TO 9999


WEATHER ITEM   OBSERVED TIME   NORMAL DEPARTURE LAST
                VALUE   (LST)  VALUE  FROM      YEAR
                                      NORMAL
......................................................
TEMPERATURE (F)
 YESTERDAY
  MAXIMUM         81    231 PM  68     13       83
  MINIMUM         61   1021 PM  42     19       49
  AVERAGE         71            55     16       66

PRECIPITATION (IN)
  YESTERDAY        0.01          0.13  -0.12     0.86
  MONTH TO DATE    2.93          3.32  -0.39     2.97
  SINCE MAR 1      8.63          8.49   0.14     6.30
  SINCE JAN 1     12.51         12.23   0.28     7.17

DEGREE DAYS
 HEATING
  YESTERDAY        0            10    -10        0
  MONTH TO DATE  418           452    -34      297
  SINCE MAR 1   2350          2518   -168     2518
  SINCE JUL 1   7945          9223  -1278     9301

 COOLING
  YESTERDAY        6             0      6        1
  MONTH TO DATE   18             0     18       16
  SINCE MAR 1     18             0     18       16
  SINCE JAN 1     18             0     18       16
......................................................


WIND (MPH)
  HIGHEST WIND SPEED    21   HIGHEST WIND DIRECTION    SW (230)
  HIGHEST GUST SPEED    29   HIGHEST GUST DIRECTION    SW (230)
  AVERAGE WIND SPEED     9.4


SKY COVER
  AVERAGE SKY COVER 0.4


WEATHER CONDITIONS
 THE FOLLOWING WEATHER WAS RECORDED YESTERDAY.
  LIGHT RAIN
  FOG


RELATIVE HUMIDITY (PERCENT)
 HIGHEST    93          1200 AM
 LOWEST     33           200 PM
 AVERAGE    63

..........................................................


THE SARANAC LAKE NY CLIMATE NORMALS FOR TODAY
                         NORMAL    RECORD    YEAR
 MAXIMUM TEMPERATURE (F)   68        87      2013
 MINIMUM TEMPERATURE (F)   43        28      2004


SUNRISE AND SUNSET
MAY 31 2016...........SUNRISE   516 AM EDT   SUNSET   834 PM EDT
JUNE  1 2016..........SUNRISE   515 AM EDT   SUNSET   835 PM EDT


-  INDICATES NEGATIVE NUMBERS.
R  INDICATES RECORD WAS SET OR TIED.
MM INDICATES DATA IS MISSING.
T  INDICATES TRACE AMOUNT.




$$
