000
CDUS41 KBTV 240537
CLISLK


CLIMATE REPORT
NATIONAL WEATHER SERVICE BURLINGTON VT
136 AM EDT SUN JUL 24 2016


...................................

...THE SARANAC LAKE NY CLIMATE SUMMARY FOR JULY 23 2016...

CLIMATE NORMAL PERIOD 1981 TO 2010
CLIMATE RECORD PERIOD 9999 TO 9999


WEATHER ITEM   OBSERVED TIME   NORMAL DEPARTURE LAST
                VALUE   (LST)  VALUE  FROM      YEAR
                                      NORMAL
......................................................
TEMPERATURE (F)
 YESTERDAY
  MAXIMUM         79    119 PM  76      3       70
  MINIMUM         53   1159 PM  51      2       53
  AVERAGE         66            63      3       62

PRECIPITATION (IN)
  YESTERDAY        0.05          0.14  -0.09      T
  MONTH TO DATE    2.73          3.11  -0.38     2.38
  SINCE JUN 1      5.87          6.96  -1.09    12.15
  SINCE JAN 1     18.38         19.31  -0.93    19.94

DEGREE DAYS
 HEATING
  YESTERDAY        0             3     -3        3
  MONTH TO DATE   60            69     -9       89
  SINCE JUN 1    275           253     22      285
  SINCE JUL 1     60            69     -9       89

 COOLING
  YESTERDAY        1             1      0        0
  MONTH TO DATE   45            38      7       29
  SINCE JUN 1     60            64     -4       35
  SINCE JAN 1     78            67     11       51
......................................................


WIND (MPH)
  HIGHEST WIND SPEED    20   HIGHEST WIND DIRECTION     N (20)
  HIGHEST GUST SPEED    27   HIGHEST GUST DIRECTION     N (10)
  AVERAGE WIND SPEED     3.3


SKY COVER
  AVERAGE SKY COVER 0.3


WEATHER CONDITIONS
 THE FOLLOWING WEATHER WAS RECORDED YESTERDAY.
  THUNDERSTORM
  LIGHT RAIN
  FOG
  FOG W/VISIBILITY <= 1/4 MILE


RELATIVE HUMIDITY (PERCENT)
 HIGHEST   100           400 AM
 LOWEST     47          1200 PM
 AVERAGE    74

..........................................................


THE SARANAC LAKE NY CLIMATE NORMALS FOR TODAY
                         NORMAL    RECORD    YEAR
 MAXIMUM TEMPERATURE (F)   76        82      2010
 MINIMUM TEMPERATURE (F)   51        37      2013


SUNRISE AND SUNSET
JULY 24 2016..........SUNRISE   536 AM EDT   SUNSET   830 PM EDT
JULY 25 2016..........SUNRISE   537 AM EDT   SUNSET   829 PM EDT


-  INDICATES NEGATIVE NUMBERS.
R  INDICATES RECORD WAS SET OR TIED.
MM INDICATES DATA IS MISSING.
T  INDICATES TRACE AMOUNT.




$$
